{"id":38594,"date":"2021-12-15T09:29:16","date_gmt":"2021-12-15T07:29:16","guid":{"rendered":"https:\/\/www.smartsteuer.de\/online\/?page_id=38594"},"modified":"2025-09-05T16:26:51","modified_gmt":"2025-09-05T14:26:51","slug":"funktionsumfang-2020","status":"publish","type":"page","link":"https:\/\/www.smartsteuer.de\/online\/funktionsumfang-2020\/","title":{"rendered":"Funktionsumfang 2020"},"content":{"rendered":"<div class=\"sui-sheet-wrapper\">\n\t<section class=\"lb-section sui-sheet--up-flat sui-sheet-padding-flat sui-theme-bright\">\n\t\t<div class=\"sui-container \">\n\t\t\t<\/p>\n<h1>Funktionsumfang smartsteuer 2021<\/h1>\n<p>Ihr einfacher Weg zur Steuererkl\u00e4rung. Mit weniger Aufwand zur Steuerr\u00fcckerstattung.<\/p>\n<p><a class='sui-button-cta mt-2 sui-button-xlarge' href='https:\/\/profil.smartsteuer.de\/service-redirect.html?myExternal=SST_funktionsumfang_2020' role='button'>\n\tSteuererkl\u00e4rung f\u00fcr 2020\t\n<\/a><\/p>\n<p><small>smartsteuer unterst\u00fctzt Arbeitnehmer, Kapitalanleger, Vermieter, Eigenheimbesitzer, Rentner und Pension\u00e4re, sowie Selbst\u00e4ndige, Gewerbetreibende und Besitzer von Photovoltaikanlagen.<\/small><\/p>\n<p>\n\t\t<\/div>\n\t<\/section>\n<\/div>\n<div class=\"sui-sheet-wrapper\">\n\t<section class=\"lb-section sui-sheet--up-flat sui-sheet-padding-flat sui-theme-bright\">\n\t\t<div class=\"sui-container text-left\">\n\t\t\t<\/p>\n<h4>NEU: smartsteuer 2021 (f\u00fcr das Steuerjahr 2020) \u2013 eine Steuererkl\u00e4rung f\u00fcr alle!<\/h4>\n<p><strong>smartsteuer 2021<\/strong>\u00a0unterst\u00fctzt Arbeitnehmer, Rentner und Pension\u00e4re mit Eink\u00fcnften aus nichtselbst\u00e4ndiger T\u00e4tigkeit, Selbst\u00e4ndige, Freiberufler und Gewerbetreibende, auch mit Einnahmen\u00fcberschussrechnung (E\u00dcR). smartsteuer erstellt automatisch Ihre Umsatz- und (falls erforderlich) Gewerbesteuererkl\u00e4rung. F\u00fcr Besitzer von <a href=\"https:\/\/www.smartsteuer.de\/online\/steuerwissen\/photovoltaikanlage-und-steuern\/\">Photovoltaikanlagen<\/a>\u00a0bieten wir eine besonders optimierte und vereinfachte Eingabe der Daten an.<\/p>\n<p>\n\t\t<\/div>\n\t<\/section>\n<\/div>\n","protected":false},"excerpt":{"rendered":"","protected":false},"author":13,"featured_media":0,"parent":0,"menu_order":0,"comment_status":"closed","ping_status":"closed","template":"pages\/funktionsumfang.php","meta":{"_acf_changed":false,"footnotes":""},"class_list":["post-38594","page","type-page","status-publish","hentry"],"acf":[],"yoast_head":"<!-- This site is optimized with the Yoast SEO Premium plugin v27.1 (Yoast SEO v27.1.1) - https:\/\/yoast.com\/product\/yoast-seo-premium-wordpress\/ -->\n<title>Funktionsumfang f\u00fcr die Steuererkl\u00e4rung 2020 - smartsteuer<\/title>\n<meta name=\"description\" content=\"Funktionsumfang f\u00fcr die Steuererkl\u00e4rung 2020 \u27a8 Alle Funktionen auf einem Blick! \u2665 Jetzt kostenlos mit smartsteuer starten! \u2713\" \/>\n<meta name=\"robots\" content=\"index, follow, max-snippet:-1, max-image-preview:large, max-video-preview:-1\" \/>\n<link rel=\"canonical\" href=\"https:\/\/www.smartsteuer.de\/online\/funktionsumfang-2020\/\" \/>\n<meta property=\"og:locale\" content=\"de_DE\" \/>\n<meta property=\"og:type\" content=\"article\" \/>\n<meta property=\"og:title\" content=\"Funktionsumfang 2020\" \/>\n<meta property=\"og:description\" content=\"Funktionsumfang f\u00fcr die Steuererkl\u00e4rung 2020 \u27a8 Alle Funktionen auf einem Blick! \u2665 Jetzt kostenlos mit smartsteuer starten! \u2713\" \/>\n<meta property=\"og:url\" content=\"https:\/\/www.smartsteuer.de\/online\/funktionsumfang-2020\/\" \/>\n<meta property=\"og:site_name\" content=\"smartsteuer\" \/>\n<meta property=\"article:publisher\" content=\"https:\/\/de-de.facebook.com\/smartsteuer\/\" \/>\n<meta property=\"article:modified_time\" content=\"2025-09-05T14:26:51+00:00\" \/>\n<meta name=\"twitter:card\" content=\"summary_large_image\" \/>\n<meta name=\"twitter:site\" content=\"@smartsteuer\" \/>\n<meta name=\"twitter:label1\" content=\"Gesch\u00e4tzte Lesezeit\" \/>\n\t<meta name=\"twitter:data1\" content=\"1\u00a0Minute\" \/>\n<script type=\"application\/ld+json\" class=\"yoast-schema-graph\">{\"@context\":\"https:\/\/schema.org\",\"@graph\":[{\"@type\":\"WebPage\",\"@id\":\"https:\/\/www.smartsteuer.de\/online\/funktionsumfang-2020\/\",\"url\":\"https:\/\/www.smartsteuer.de\/online\/funktionsumfang-2020\/\",\"name\":\"Funktionsumfang f\u00fcr die Steuererkl\u00e4rung 2020 - smartsteuer\",\"isPartOf\":{\"@id\":\"https:\/\/www.smartsteuer.de\/online\/#website\"},\"datePublished\":\"2021-12-15T07:29:16+00:00\",\"dateModified\":\"2025-09-05T14:26:51+00:00\",\"description\":\"Funktionsumfang f\u00fcr die Steuererkl\u00e4rung 2020 \u27a8 Alle Funktionen auf einem Blick! \u2665 Jetzt kostenlos mit smartsteuer starten! \u2713\",\"breadcrumb\":{\"@id\":\"https:\/\/www.smartsteuer.de\/online\/funktionsumfang-2020\/#breadcrumb\"},\"inLanguage\":\"de\",\"potentialAction\":[{\"@type\":\"ReadAction\",\"target\":[\"https:\/\/www.smartsteuer.de\/online\/funktionsumfang-2020\/\"]}]},{\"@type\":\"BreadcrumbList\",\"@id\":\"https:\/\/www.smartsteuer.de\/online\/funktionsumfang-2020\/#breadcrumb\",\"itemListElement\":[{\"@type\":\"ListItem\",\"position\":1,\"name\":\"Home\",\"item\":\"https:\/\/www.smartsteuer.de\/online\/\"},{\"@type\":\"ListItem\",\"position\":2,\"name\":\"Funktionsumfang 2020\"}]},{\"@type\":\"WebSite\",\"@id\":\"https:\/\/www.smartsteuer.de\/online\/#website\",\"url\":\"https:\/\/www.smartsteuer.de\/online\/\",\"name\":\"smartsteuer\",\"description\":\"Steuererkl\u00e4rung 2024 online machen &amp; Steuern sparen\",\"publisher\":{\"@id\":\"https:\/\/www.smartsteuer.de\/online\/#organization\"},\"potentialAction\":[{\"@type\":\"SearchAction\",\"target\":{\"@type\":\"EntryPoint\",\"urlTemplate\":\"https:\/\/www.smartsteuer.de\/online\/?s={search_term_string}\"},\"query-input\":{\"@type\":\"PropertyValueSpecification\",\"valueRequired\":true,\"valueName\":\"search_term_string\"}}],\"inLanguage\":\"de\"},{\"@type\":\"Organization\",\"@id\":\"https:\/\/www.smartsteuer.de\/online\/#organization\",\"name\":\"smartsteuer GmbH\",\"url\":\"https:\/\/www.smartsteuer.de\/online\/\",\"logo\":{\"@type\":\"ImageObject\",\"inLanguage\":\"de\",\"@id\":\"https:\/\/www.smartsteuer.de\/online\/#\/schema\/logo\/image\/\",\"url\":\"https:\/\/www.smartsteuer.de\/online\/wp-content\/uploads\/2024\/11\/Favicon-smartsteuer.png\",\"contentUrl\":\"https:\/\/www.smartsteuer.de\/online\/wp-content\/uploads\/2024\/11\/Favicon-smartsteuer.png\",\"width\":512,\"height\":512,\"caption\":\"smartsteuer GmbH\"},\"image\":{\"@id\":\"https:\/\/www.smartsteuer.de\/online\/#\/schema\/logo\/image\/\"},\"sameAs\":[\"https:\/\/de-de.facebook.com\/smartsteuer\/\",\"https:\/\/x.com\/smartsteuer\",\"https:\/\/www.youtube.com\/channel\/UCu02GkFNrMRzwysT2SEmNrQ\"]}]}<\/script>\n<!-- \/ Yoast SEO Premium plugin. -->","yoast_head_json":{"title":"Funktionsumfang f\u00fcr die Steuererkl\u00e4rung 2020 - smartsteuer","description":"Funktionsumfang f\u00fcr die Steuererkl\u00e4rung 2020 \u27a8 Alle Funktionen auf einem Blick! \u2665 Jetzt kostenlos mit smartsteuer starten! \u2713","robots":{"index":"index","follow":"follow","max-snippet":"max-snippet:-1","max-image-preview":"max-image-preview:large","max-video-preview":"max-video-preview:-1"},"canonical":"https:\/\/www.smartsteuer.de\/online\/funktionsumfang-2020\/","og_locale":"de_DE","og_type":"article","og_title":"Funktionsumfang 2020","og_description":"Funktionsumfang f\u00fcr die Steuererkl\u00e4rung 2020 \u27a8 Alle Funktionen auf einem Blick! \u2665 Jetzt kostenlos mit smartsteuer starten! \u2713","og_url":"https:\/\/www.smartsteuer.de\/online\/funktionsumfang-2020\/","og_site_name":"smartsteuer","article_publisher":"https:\/\/de-de.facebook.com\/smartsteuer\/","article_modified_time":"2025-09-05T14:26:51+00:00","twitter_card":"summary_large_image","twitter_site":"@smartsteuer","twitter_misc":{"Gesch\u00e4tzte Lesezeit":"1\u00a0Minute"},"schema":{"@context":"https:\/\/schema.org","@graph":[{"@type":"WebPage","@id":"https:\/\/www.smartsteuer.de\/online\/funktionsumfang-2020\/","url":"https:\/\/www.smartsteuer.de\/online\/funktionsumfang-2020\/","name":"Funktionsumfang f\u00fcr die Steuererkl\u00e4rung 2020 - smartsteuer","isPartOf":{"@id":"https:\/\/www.smartsteuer.de\/online\/#website"},"datePublished":"2021-12-15T07:29:16+00:00","dateModified":"2025-09-05T14:26:51+00:00","description":"Funktionsumfang f\u00fcr die Steuererkl\u00e4rung 2020 \u27a8 Alle Funktionen auf einem Blick! \u2665 Jetzt kostenlos mit smartsteuer starten! \u2713","breadcrumb":{"@id":"https:\/\/www.smartsteuer.de\/online\/funktionsumfang-2020\/#breadcrumb"},"inLanguage":"de","potentialAction":[{"@type":"ReadAction","target":["https:\/\/www.smartsteuer.de\/online\/funktionsumfang-2020\/"]}]},{"@type":"BreadcrumbList","@id":"https:\/\/www.smartsteuer.de\/online\/funktionsumfang-2020\/#breadcrumb","itemListElement":[{"@type":"ListItem","position":1,"name":"Home","item":"https:\/\/www.smartsteuer.de\/online\/"},{"@type":"ListItem","position":2,"name":"Funktionsumfang 2020"}]},{"@type":"WebSite","@id":"https:\/\/www.smartsteuer.de\/online\/#website","url":"https:\/\/www.smartsteuer.de\/online\/","name":"smartsteuer","description":"Steuererkl\u00e4rung 2024 online machen &amp; Steuern sparen","publisher":{"@id":"https:\/\/www.smartsteuer.de\/online\/#organization"},"potentialAction":[{"@type":"SearchAction","target":{"@type":"EntryPoint","urlTemplate":"https:\/\/www.smartsteuer.de\/online\/?s={search_term_string}"},"query-input":{"@type":"PropertyValueSpecification","valueRequired":true,"valueName":"search_term_string"}}],"inLanguage":"de"},{"@type":"Organization","@id":"https:\/\/www.smartsteuer.de\/online\/#organization","name":"smartsteuer GmbH","url":"https:\/\/www.smartsteuer.de\/online\/","logo":{"@type":"ImageObject","inLanguage":"de","@id":"https:\/\/www.smartsteuer.de\/online\/#\/schema\/logo\/image\/","url":"https:\/\/www.smartsteuer.de\/online\/wp-content\/uploads\/2024\/11\/Favicon-smartsteuer.png","contentUrl":"https:\/\/www.smartsteuer.de\/online\/wp-content\/uploads\/2024\/11\/Favicon-smartsteuer.png","width":512,"height":512,"caption":"smartsteuer GmbH"},"image":{"@id":"https:\/\/www.smartsteuer.de\/online\/#\/schema\/logo\/image\/"},"sameAs":["https:\/\/de-de.facebook.com\/smartsteuer\/","https:\/\/x.com\/smartsteuer","https:\/\/www.youtube.com\/channel\/UCu02GkFNrMRzwysT2SEmNrQ"]}]}},"_links":{"self":[{"href":"https:\/\/www.smartsteuer.de\/online\/wp-json\/wp\/v2\/pages\/38594","targetHints":{"allow":["GET"]}}],"collection":[{"href":"https:\/\/www.smartsteuer.de\/online\/wp-json\/wp\/v2\/pages"}],"about":[{"href":"https:\/\/www.smartsteuer.de\/online\/wp-json\/wp\/v2\/types\/page"}],"author":[{"embeddable":true,"href":"https:\/\/www.smartsteuer.de\/online\/wp-json\/wp\/v2\/users\/13"}],"replies":[{"embeddable":true,"href":"https:\/\/www.smartsteuer.de\/online\/wp-json\/wp\/v2\/comments?post=38594"}],"version-history":[{"count":16,"href":"https:\/\/www.smartsteuer.de\/online\/wp-json\/wp\/v2\/pages\/38594\/revisions"}],"predecessor-version":[{"id":82850,"href":"https:\/\/www.smartsteuer.de\/online\/wp-json\/wp\/v2\/pages\/38594\/revisions\/82850"}],"wp:attachment":[{"href":"https:\/\/www.smartsteuer.de\/online\/wp-json\/wp\/v2\/media?parent=38594"}],"curies":[{"name":"wp","href":"https:\/\/api.w.org\/{rel}","templated":true}]}}