{"id":39053,"date":"2022-01-20T13:37:15","date_gmt":"2022-01-20T11:37:15","guid":{"rendered":"https:\/\/www.smartsteuer.de\/online\/?page_id=39053"},"modified":"2025-01-27T16:04:54","modified_gmt":"2025-01-27T14:04:54","slug":"azubi-student","status":"publish","type":"page","link":"https:\/\/www.smartsteuer.de\/online\/azubi-student\/","title":{"rendered":"Azubi &#038; Studenten &#8211; Startseite"},"content":{"rendered":"<div class=\"sui-sheet-wrapper\">\n\t<section class=\"lb-section sui-sheet--up-flat sui-sheet-padding-flat sui-theme-bright\">\n\t\t<div class=\"sui-container \">\n\t\t\t<\/p>\n<h2>5 Dinge, die Azubis &amp; Studenten von der Steuer absetzen k\u00f6nnen!<\/h2>\n<p>&nbsp;<\/p>\n<p><div class=\"lb-features-list\"><\/p>\n<p><div class=\"lb-features-item\">\n\t<div class=\"lb-features-icon pb-2 pb-sm-3 pb-md-4\">\n\t<i class=\"fa-solid fa-car\" style=\"color: var(--sui-color-electric-600)\" aria-hidden=\"true\"><\/i>\n<\/div>\n\t<div>\n\t\t<div class=\"h3 lb-features-title\">\n\tFahrten\n<\/div>\n\t\t<div class=\"lb-features-text\">\n\t\t\t<\/p>\n<p>Jeder Student und Azubi kann seine Fahrtkosten zur Uni, zur berufsbildenden Schule oder zum Job von der Steuer absetzen. Entweder mit 30 Cent pro Kilometer f\u00fcr die einfache Fahrt (Entfernungspauschale) oder aber mit 30 Cent f\u00fcr jeden gefahrenen Kilometer hin und zur\u00fcck als Reisekosten.<\/p>\n<p>\n\t\t<\/div>\n\t\t\n\t<\/div>\n<\/div><\/p>\n<p><div class=\"lb-features-item\">\n\t<div class=\"lb-features-icon pb-2 pb-sm-3 pb-md-4\">\n\t<i class=\"fa-solid fa-pen\" style=\"color: var(--sui-color-electric-600)\" aria-hidden=\"true\"><\/i>\n<\/div>\n\t<div>\n\t\t<div class=\"h3 lb-features-title\">\n\tArbeitsmittel\n<\/div>\n\t\t<div class=\"lb-features-text\">\n\t\t\t<\/p>\n<p>Ordner, Taschenrechner und Co. k\u00f6nnen bei Vorlage von Rechnungen komplett oder ohne Belege einfach pauschal mit 110 \u20ac pro Jahr abgesetzt werden, sofern diese nicht der Arbeitgeber stellt.<\/p>\n<p>\n\t\t<\/div>\n\t\t\n\t<\/div>\n<\/div><\/p>\n<p><div class=\"lb-features-item\">\n\t<div class=\"lb-features-icon pb-2 pb-sm-3 pb-md-4\">\n\t<i class=\"fa-solid fa-book\" style=\"color: var(--sui-color-electric-600)\" aria-hidden=\"true\"><\/i>\n<\/div>\n\t<div>\n\t\t<div class=\"h3 lb-features-title\">\n\tFachliteratur\n<\/div>\n\t\t<div class=\"lb-features-text\">\n\t\t\t<\/p>\n<p>Fachb\u00fccher und Literatur f\u00fcr die Uni oder die Berufsschule k\u00f6nnen bei Vorlage von Rechnungen in voller H\u00f6he oder ohne Belege pauschal mit 80 \u20ac abgesetzt werden.<\/p>\n<p>\n\t\t<\/div>\n\t\t\n\t<\/div>\n<\/div><\/p>\n<p><div class=\"lb-features-item\">\n\t<div class=\"lb-features-icon pb-2 pb-sm-3 pb-md-4\">\n\t<i class=\"fa-solid fa-laptop\" style=\"color: var(--sui-color-electric-600)\" aria-hidden=\"true\"><\/i>\n<\/div>\n\t<div>\n\t\t<div class=\"h3 lb-features-title\">\n\tHandy und Computer\n<\/div>\n\t\t<div class=\"lb-features-text\">\n\t\t\t<\/p>\n<p>Telefonkosten sowie die Anschaffung von Laptop, Drucker &amp; Co. k\u00f6nnen steuerlich geltend gemacht werden, wenn entsprechende Ger\u00e4te f\u00fcr die Ausbildung ben\u00f6tigt und nicht gestellt werden.<\/p>\n<p>\n\t\t<\/div>\n\t\t\n\t<\/div>\n<\/div><\/p>\n<p><\/div><\/p>\n<div class=\"lb-inline-video my-sm-0 p-0\" style=\"margin: 0px auto;\"><div class=\"lb-inline-video sui-theme-electric sui-pattern sui-rounded-corners my-4 my-sm-5\"><div class=\"h4 mb-4\">Mehr dazu in unserem Video:<\/div>\n<div data-mode=\"normal\" data-oembed=\"1\" data-provider=\"youtube\" id=\"arve-youtube-orrpwablf6m\" style=\"max-width:900px;\" class=\"arve\">\n\t<div class=\"arve-inner\">\n\t\t<div style=\"aspect-ratio:500\/281\" class=\"arve-embed arve-embed--has-aspect-ratio\">\n\t\t\t<div class=\"arve-ar\" style=\"padding-top:56.200000%\"><\/div>\n\t\t\t<iframe allow=\"accelerometer &apos;none&apos;;autoplay &apos;none&apos;;bluetooth &apos;none&apos;;browsing-topics &apos;none&apos;;camera &apos;none&apos;;clipboard-read &apos;none&apos;;clipboard-write;display-capture &apos;none&apos;;encrypted-media &apos;none&apos;;gamepad &apos;none&apos;;geolocation &apos;none&apos;;gyroscope &apos;none&apos;;hid &apos;none&apos;;identity-credentials-get &apos;none&apos;;idle-detection &apos;none&apos;;keyboard-map &apos;none&apos;;local-fonts;magnetometer &apos;none&apos;;microphone &apos;none&apos;;midi &apos;none&apos;;otp-credentials &apos;none&apos;;payment &apos;none&apos;;picture-in-picture;publickey-credentials-create &apos;none&apos;;publickey-credentials-get &apos;none&apos;;screen-wake-lock &apos;none&apos;;serial &apos;none&apos;;summarizer &apos;none&apos;;sync-xhr;usb &apos;none&apos;;web-share;window-management &apos;none&apos;;xr-spatial-tracking &apos;none&apos;;\" allowfullscreen=\"\" class=\"arve-iframe fitvidsignore\" credentialless data-arve=\"arve-youtube-orrpwablf6m\" data-lenis-prevent=\"\" data-src-no-ap=\"https:\/\/www.youtube-nocookie.com\/embed\/orrPwaBlf6M?feature=oembed&amp;iv_load_policy=3&amp;modestbranding=1&amp;rel=0&amp;autohide=1&amp;playsinline=0&amp;autoplay=0\" frameborder=\"0\" height=\"505.8\" loading=\"lazy\" name=\"\" referrerpolicy=\"strict-origin-when-cross-origin\" sandbox=\"allow-scripts allow-same-origin allow-presentation allow-popups allow-popups-to-escape-sandbox\" scrolling=\"no\" src=\"https:\/\/www.youtube-nocookie.com\/embed\/orrPwaBlf6M?feature=oembed&#038;iv_load_policy=3&#038;modestbranding=1&#038;rel=0&#038;autohide=1&#038;playsinline=0&#038;autoplay=0\" title=\"\" width=\"900\"><\/iframe>\n\t\t\t\n\t\t<\/div>\n\t\t\n\t<\/div>\n\t\n\t\n\t<script type=\"application\/ld+json\">{\"@context\":\"http:\\\/\\\/schema.org\\\/\",\"@id\":\"https:\\\/\\\/www.smartsteuer.de\\\/online\\\/azubi-student\\\/#arve-youtube-orrpwablf6m\",\"type\":\"VideoObject\",\"embedURL\":\"https:\\\/\\\/www.youtube-nocookie.com\\\/embed\\\/orrPwaBlf6M?feature=oembed&iv_load_policy=3&modestbranding=1&rel=0&autohide=1&playsinline=0&autoplay=0\"}<\/script>\n\t\n<\/div><\/div><\/div>\n<p>\n\t\t<\/div>\n\t<\/section>\n<\/div>\n<div class=\"sui-sheet-wrapper\">\n\t<section class=\"lb-section sui-sheet--up-flat sui-sheet-padding-flat sui-theme-bright\">\n\t\t<div class=\"sui-container \">\n\t\t\t<\/p>\n<h2>H\u00e4ufige Fragen:<\/h2>\n<p><div class=\"sui-accordion\" id=\"sui-accordion-169fa01b1b5ade\"><\/p>\n<p><h3 class=\"sui-accordion-title\">M\u00fcssen Azubis und Studenten Steuern zahlen?<\/h3><div class=\"sui-accordion-item \"><\/p>\n<p>Auszubildende und Studenten m\u00fcssen nur Steuern zahlen, wenn das <strong>monatliche Bruttogehalt 946 \u20ac \u00fcbersteigt<\/strong>. In diesem Fall f\u00fchrt der Arbeitgeber automatisch Lohnsteuer, Solidarit\u00e4tszuschlag und ggf. Kirchensteuer an das Finanzamt ab. Ein ersten \u00dcberblick liefert unser <a href=\"https:\/\/www.smartsteuer.de\/online\/lohnrechner\/\">Brutto Netto Rechner<\/a>.<\/p>\n<p><\/div><\/p>\n<p><h3 class=\"sui-accordion-title\">Wann lohnt sich eine Steuererkl\u00e4rung f\u00fcr Azubis und Studenten?<\/h3><div class=\"sui-accordion-item \"><\/p>\n<p>Wenn der Arbeitgeber Lohnsteuer, Solidarit\u00e4tszuschlag und ggf. Kirchensteuer an das Finanzamt abf\u00fchrt, sollte jeder Auszubildende eine Steuererkl\u00e4rung abgeben. Denn im Regelfall werden die <strong>gezahlten Steuern komplett zur\u00fcckerstattet<\/strong>.<\/p>\n<p><\/div><\/p>\n<p><h3 class=\"sui-accordion-title\">Welche Kosten k\u00f6nnen Azubis und Studenten absetzen?<\/h3><div class=\"sui-accordion-item \"><br \/>\nIn der Regel k\u00f6nnen Azubis und Studenten folgende Kosten absetzen: Fahrten, Fachb\u00fccher und Magazine, Weiterbildungen, Arbeitsmittel, Handy und Computer, Bewerbungskosten, Verpflegungskosten, Kontof\u00fchrungsgeb\u00fchren und berufsbedingte Umzugskosten.<\/p>\n<p><\/div><\/p>\n<p><\/div><\/p>\n<p>\n\t\t<\/div>\n\t<\/section>\n<\/div>\n<div class=\"sui-sheet-wrapper\">\n\t<section class=\"lb-section sui-sheet--up-flat sui-sheet-padding-flat sui-theme-electric sui-theme-box-2\">\n\t\t<div class=\"sui-container \">\n\t\t\t<\/p>\n<h2 class=\"c-title\">Ausbildungskosten von der Steuer absetzen<br \/>\nund Geld vom Staat zur\u00fcckholen!<\/h2>\n<p><a class='sui-button-cta mt-2 sui-button-xlarge' href='https:\/\/profil.smartsteuer.de\/service-redirect.html?myExternal=azubi-student' role='button'>\n\tJetzt loslegen\t\n<\/a><\/p>\n<p>\n\t\t<\/div>\n\t<\/section>\n<\/div>\n","protected":false},"excerpt":{"rendered":"","protected":false},"author":13,"featured_media":0,"parent":0,"menu_order":0,"comment_status":"closed","ping_status":"closed","template":"landingpage-template.php","meta":{"_acf_changed":false,"footnotes":""},"class_list":["post-39053","page","type-page","status-publish","hentry"],"acf":[],"yoast_head":"<!-- This site is optimized with the Yoast SEO Premium plugin v27.5 (Yoast SEO v27.5) - https:\/\/yoast.com\/product\/yoast-seo-premium-wordpress\/ -->\n<title>Steuererkl\u00e4rung f\u00fcr Azubis &amp; Studenten - smartsteuer<\/title>\n<meta name=\"description\" content=\"Du bist Student? Mach kostenlos deine Studenten-Steuererkl\u00e4rung mit smartsteuer und nehme deine Verluste als Student mit ins Folgejahr! \u2713\" \/>\n<meta name=\"robots\" content=\"index, follow, max-snippet:-1, max-image-preview:large, max-video-preview:-1\" \/>\n<link rel=\"canonical\" href=\"https:\/\/www.smartsteuer.de\/online\/steuerwissen\/verlustvortrag-als-student\/\" \/>\n<meta property=\"og:locale\" content=\"de_DE\" \/>\n<meta property=\"og:type\" content=\"article\" \/>\n<meta property=\"og:title\" content=\"Azubi &amp; Studenten - Startseite\" \/>\n<meta property=\"og:description\" content=\"Du bist Student? Mach kostenlos deine Studenten-Steuererkl\u00e4rung mit smartsteuer und nehme deine Verluste als Student mit ins Folgejahr! \u2713\" \/>\n<meta property=\"og:url\" content=\"https:\/\/www.smartsteuer.de\/online\/steuerwissen\/verlustvortrag-als-student\/\" \/>\n<meta property=\"og:site_name\" content=\"smartsteuer\" \/>\n<meta property=\"article:publisher\" content=\"https:\/\/de-de.facebook.com\/smartsteuer\/\" \/>\n<meta property=\"article:modified_time\" content=\"2025-01-27T14:04:54+00:00\" \/>\n<meta property=\"og:image\" content=\"https:\/\/www.smartsteuer.de\/online\/wp-content\/uploads\/2025\/01\/sst_vorschaubild_1200x675px_04.webp\" \/>\n\t<meta property=\"og:image:width\" content=\"1200\" \/>\n\t<meta property=\"og:image:height\" content=\"675\" \/>\n\t<meta property=\"og:image:type\" content=\"image\/webp\" \/>\n<meta name=\"twitter:card\" content=\"summary_large_image\" \/>\n<meta name=\"twitter:site\" content=\"@smartsteuer\" \/>\n<meta name=\"twitter:label1\" content=\"Gesch\u00e4tzte Lesezeit\" \/>\n\t<meta name=\"twitter:data1\" content=\"2\u00a0Minuten\" \/>\n<script type=\"application\/ld+json\" class=\"yoast-schema-graph\">{\"@context\":\"https:\\\/\\\/schema.org\",\"@graph\":[{\"@type\":\"WebPage\",\"@id\":\"https:\\\/\\\/www.smartsteuer.de\\\/online\\\/azubi-student\\\/\",\"url\":\"https:\\\/\\\/www.smartsteuer.de\\\/online\\\/steuerwissen\\\/verlustvortrag-als-student\\\/\",\"name\":\"Steuererkl\u00e4rung f\u00fcr Azubis & Studenten - smartsteuer\",\"isPartOf\":{\"@id\":\"https:\\\/\\\/www.smartsteuer.de\\\/online\\\/#website\"},\"datePublished\":\"2022-01-20T11:37:15+00:00\",\"dateModified\":\"2025-01-27T14:04:54+00:00\",\"description\":\"Du bist Student? Mach kostenlos deine Studenten-Steuererkl\u00e4rung mit smartsteuer und nehme deine Verluste als Student mit ins Folgejahr! \u2713\",\"breadcrumb\":{\"@id\":\"https:\\\/\\\/www.smartsteuer.de\\\/online\\\/steuerwissen\\\/verlustvortrag-als-student\\\/#breadcrumb\"},\"inLanguage\":\"de\",\"potentialAction\":[{\"@type\":\"ReadAction\",\"target\":[\"https:\\\/\\\/www.smartsteuer.de\\\/online\\\/steuerwissen\\\/verlustvortrag-als-student\\\/\"]}]},{\"@type\":\"BreadcrumbList\",\"@id\":\"https:\\\/\\\/www.smartsteuer.de\\\/online\\\/steuerwissen\\\/verlustvortrag-als-student\\\/#breadcrumb\",\"itemListElement\":[{\"@type\":\"ListItem\",\"position\":1,\"name\":\"Home\",\"item\":\"https:\\\/\\\/www.smartsteuer.de\\\/online\\\/\"},{\"@type\":\"ListItem\",\"position\":2,\"name\":\"Azubi &#038; Studenten &#8211; Startseite\"}]},{\"@type\":\"WebSite\",\"@id\":\"https:\\\/\\\/www.smartsteuer.de\\\/online\\\/#website\",\"url\":\"https:\\\/\\\/www.smartsteuer.de\\\/online\\\/\",\"name\":\"smartsteuer\",\"description\":\"Steuererkl\u00e4rung 2024 online machen &amp; Steuern sparen\",\"publisher\":{\"@id\":\"https:\\\/\\\/www.smartsteuer.de\\\/online\\\/#organization\"},\"potentialAction\":[{\"@type\":\"SearchAction\",\"target\":{\"@type\":\"EntryPoint\",\"urlTemplate\":\"https:\\\/\\\/www.smartsteuer.de\\\/online\\\/?s={search_term_string}\"},\"query-input\":{\"@type\":\"PropertyValueSpecification\",\"valueRequired\":true,\"valueName\":\"search_term_string\"}}],\"inLanguage\":\"de\"},{\"@type\":\"Organization\",\"@id\":\"https:\\\/\\\/www.smartsteuer.de\\\/online\\\/#organization\",\"name\":\"smartsteuer GmbH\",\"url\":\"https:\\\/\\\/www.smartsteuer.de\\\/online\\\/\",\"logo\":{\"@type\":\"ImageObject\",\"inLanguage\":\"de\",\"@id\":\"https:\\\/\\\/www.smartsteuer.de\\\/online\\\/#\\\/schema\\\/logo\\\/image\\\/\",\"url\":\"https:\\\/\\\/www.smartsteuer.de\\\/online\\\/wp-content\\\/uploads\\\/2024\\\/11\\\/Favicon-smartsteuer.png\",\"contentUrl\":\"https:\\\/\\\/www.smartsteuer.de\\\/online\\\/wp-content\\\/uploads\\\/2024\\\/11\\\/Favicon-smartsteuer.png\",\"width\":512,\"height\":512,\"caption\":\"smartsteuer GmbH\"},\"image\":{\"@id\":\"https:\\\/\\\/www.smartsteuer.de\\\/online\\\/#\\\/schema\\\/logo\\\/image\\\/\"},\"sameAs\":[\"https:\\\/\\\/de-de.facebook.com\\\/smartsteuer\\\/\",\"https:\\\/\\\/x.com\\\/smartsteuer\",\"https:\\\/\\\/www.youtube.com\\\/channel\\\/UCu02GkFNrMRzwysT2SEmNrQ\"]}]}<\/script>\n<!-- \/ Yoast SEO Premium plugin. -->","yoast_head_json":{"title":"Steuererkl\u00e4rung f\u00fcr Azubis & Studenten - smartsteuer","description":"Du bist Student? Mach kostenlos deine Studenten-Steuererkl\u00e4rung mit smartsteuer und nehme deine Verluste als Student mit ins Folgejahr! \u2713","robots":{"index":"index","follow":"follow","max-snippet":"max-snippet:-1","max-image-preview":"max-image-preview:large","max-video-preview":"max-video-preview:-1"},"canonical":"https:\/\/www.smartsteuer.de\/online\/steuerwissen\/verlustvortrag-als-student\/","og_locale":"de_DE","og_type":"article","og_title":"Azubi & Studenten - Startseite","og_description":"Du bist Student? Mach kostenlos deine Studenten-Steuererkl\u00e4rung mit smartsteuer und nehme deine Verluste als Student mit ins Folgejahr! \u2713","og_url":"https:\/\/www.smartsteuer.de\/online\/steuerwissen\/verlustvortrag-als-student\/","og_site_name":"smartsteuer","article_publisher":"https:\/\/de-de.facebook.com\/smartsteuer\/","article_modified_time":"2025-01-27T14:04:54+00:00","og_image":[{"width":1200,"height":675,"url":"https:\/\/www.smartsteuer.de\/online\/wp-content\/uploads\/2025\/01\/sst_vorschaubild_1200x675px_04.webp","type":"image\/webp"}],"twitter_card":"summary_large_image","twitter_site":"@smartsteuer","twitter_misc":{"Gesch\u00e4tzte Lesezeit":"2\u00a0Minuten"},"schema":{"@context":"https:\/\/schema.org","@graph":[{"@type":"WebPage","@id":"https:\/\/www.smartsteuer.de\/online\/azubi-student\/","url":"https:\/\/www.smartsteuer.de\/online\/steuerwissen\/verlustvortrag-als-student\/","name":"Steuererkl\u00e4rung f\u00fcr Azubis & Studenten - smartsteuer","isPartOf":{"@id":"https:\/\/www.smartsteuer.de\/online\/#website"},"datePublished":"2022-01-20T11:37:15+00:00","dateModified":"2025-01-27T14:04:54+00:00","description":"Du bist Student? Mach kostenlos deine Studenten-Steuererkl\u00e4rung mit smartsteuer und nehme deine Verluste als Student mit ins Folgejahr! \u2713","breadcrumb":{"@id":"https:\/\/www.smartsteuer.de\/online\/steuerwissen\/verlustvortrag-als-student\/#breadcrumb"},"inLanguage":"de","potentialAction":[{"@type":"ReadAction","target":["https:\/\/www.smartsteuer.de\/online\/steuerwissen\/verlustvortrag-als-student\/"]}]},{"@type":"BreadcrumbList","@id":"https:\/\/www.smartsteuer.de\/online\/steuerwissen\/verlustvortrag-als-student\/#breadcrumb","itemListElement":[{"@type":"ListItem","position":1,"name":"Home","item":"https:\/\/www.smartsteuer.de\/online\/"},{"@type":"ListItem","position":2,"name":"Azubi &#038; Studenten &#8211; Startseite"}]},{"@type":"WebSite","@id":"https:\/\/www.smartsteuer.de\/online\/#website","url":"https:\/\/www.smartsteuer.de\/online\/","name":"smartsteuer","description":"Steuererkl\u00e4rung 2024 online machen &amp; Steuern sparen","publisher":{"@id":"https:\/\/www.smartsteuer.de\/online\/#organization"},"potentialAction":[{"@type":"SearchAction","target":{"@type":"EntryPoint","urlTemplate":"https:\/\/www.smartsteuer.de\/online\/?s={search_term_string}"},"query-input":{"@type":"PropertyValueSpecification","valueRequired":true,"valueName":"search_term_string"}}],"inLanguage":"de"},{"@type":"Organization","@id":"https:\/\/www.smartsteuer.de\/online\/#organization","name":"smartsteuer GmbH","url":"https:\/\/www.smartsteuer.de\/online\/","logo":{"@type":"ImageObject","inLanguage":"de","@id":"https:\/\/www.smartsteuer.de\/online\/#\/schema\/logo\/image\/","url":"https:\/\/www.smartsteuer.de\/online\/wp-content\/uploads\/2024\/11\/Favicon-smartsteuer.png","contentUrl":"https:\/\/www.smartsteuer.de\/online\/wp-content\/uploads\/2024\/11\/Favicon-smartsteuer.png","width":512,"height":512,"caption":"smartsteuer GmbH"},"image":{"@id":"https:\/\/www.smartsteuer.de\/online\/#\/schema\/logo\/image\/"},"sameAs":["https:\/\/de-de.facebook.com\/smartsteuer\/","https:\/\/x.com\/smartsteuer","https:\/\/www.youtube.com\/channel\/UCu02GkFNrMRzwysT2SEmNrQ"]}]}},"_links":{"self":[{"href":"https:\/\/www.smartsteuer.de\/online\/wp-json\/wp\/v2\/pages\/39053","targetHints":{"allow":["GET"]}}],"collection":[{"href":"https:\/\/www.smartsteuer.de\/online\/wp-json\/wp\/v2\/pages"}],"about":[{"href":"https:\/\/www.smartsteuer.de\/online\/wp-json\/wp\/v2\/types\/page"}],"author":[{"embeddable":true,"href":"https:\/\/www.smartsteuer.de\/online\/wp-json\/wp\/v2\/users\/13"}],"replies":[{"embeddable":true,"href":"https:\/\/www.smartsteuer.de\/online\/wp-json\/wp\/v2\/comments?post=39053"}],"version-history":[{"count":73,"href":"https:\/\/www.smartsteuer.de\/online\/wp-json\/wp\/v2\/pages\/39053\/revisions"}],"predecessor-version":[{"id":48364,"href":"https:\/\/www.smartsteuer.de\/online\/wp-json\/wp\/v2\/pages\/39053\/revisions\/48364"}],"wp:attachment":[{"href":"https:\/\/www.smartsteuer.de\/online\/wp-json\/wp\/v2\/media?parent=39053"}],"curies":[{"name":"wp","href":"https:\/\/api.w.org\/{rel}","templated":true}]}}