{"id":68771,"date":"2024-11-13T11:58:16","date_gmt":"2024-11-13T09:58:16","guid":{"rendered":"https:\/\/www.smartsteuer.de\/online\/?page_id=68771"},"modified":"2025-08-29T14:05:31","modified_gmt":"2025-08-29T12:05:31","slug":"finanzoase","status":"publish","type":"page","link":"https:\/\/www.smartsteuer.de\/online\/finanzoase\/","title":{"rendered":"Finanzoase"},"content":{"rendered":"<div class=\"sui-sheet-wrapper\">\n\t<section class=\"lb-section sui-sheet--up-flat sui-sheet-padding-flat sui-theme-bright\">\n\t\t<div class=\"sui-container \">\n\t\t\t<\/p>\n<h1>Finanzoase Hannover \u2013 the new place to be!<\/h1>\n<p><div class=\"lb-features\"><div class=\"sui-grid\" style=\"padding:0 !important;\"><div class=\"sui-row\"><div class=\"sui-col-third\"><div class=\"lb-features-item\">\n\t\n\t<div>\n\t\t<div class=\"h3 lb-features-title\">\n\tMarktplatz\n<\/div>\n\t\t<div class=\"lb-features-text\">\n\t\t\t<\/p>\n<p><img loading=\"lazy\" decoding=\"async\" class=\"sui-rounded-corners mb-3 alignnone wp-image-68813 size-medium\" src=\"https:\/\/www.smartsteuer.de\/online\/wp-content\/uploads\/2024\/11\/marktplatz-300x200.png\" alt=\"Finanzoase Marktplatz\" width=\"300\" height=\"200\" srcset=\"https:\/\/www.smartsteuer.de\/online\/wp-content\/uploads\/2024\/11\/marktplatz-300x200.png 300w, https:\/\/www.smartsteuer.de\/online\/wp-content\/uploads\/2024\/11\/marktplatz.png 604w\" sizes=\"auto, (max-width: 300px) 100vw, 300px\" \/><\/p>\n<p style=\"text-align: left;\">Der Marktplatz ist das Herzst\u00fcck der Finanzoase. Er bietet dir und deinen Kolleg:innen eine gro\u00dfe Eventfl\u00e4che. Er eignet sich ideal f\u00fcr Konferenzen, Fortbildung oder Firmenfeiern.<\/p>\n<p>\n\t\t<\/div>\n\t\t\n\t<\/div>\n<\/div><\/div><div class=\"sui-col-third\"><div class=\"lb-features-item\">\n\t\n\t<div>\n\t\t<div class=\"h3 lb-features-title\">\n\tWasserstelle\n<\/div>\n\t\t<div class=\"lb-features-text\">\n\t\t\t<\/p>\n<p><img loading=\"lazy\" decoding=\"async\" class=\"sui-rounded-corners mb-3 alignnone wp-image-68816 size-medium\" src=\"https:\/\/www.smartsteuer.de\/online\/wp-content\/uploads\/2024\/11\/wasserstelle-300x200.png\" alt=\"Finanzoase Wasserstelle\" width=\"300\" height=\"200\" srcset=\"https:\/\/www.smartsteuer.de\/online\/wp-content\/uploads\/2024\/11\/wasserstelle-300x200.png 300w, https:\/\/www.smartsteuer.de\/online\/wp-content\/uploads\/2024\/11\/wasserstelle.png 604w\" sizes=\"auto, (max-width: 300px) 100vw, 300px\" \/><\/p>\n<p style=\"text-align: left;\">Du brauchst Platz zum kreativen Arbeiten? Dann ist die Wasserstelle der ideale Raum f\u00fcr dich. Mit Platz f\u00fcr bis zu 15 Kolleg:innen hebst du deinen Workshop auf die n\u00e4chste Stufe.<\/p>\n<p>\n\t\t<\/div>\n\t\t\n\t<\/div>\n<\/div><\/div><div class=\"sui-col-third\"><div class=\"lb-features-item\">\n\t\n\t<div>\n\t\t<div class=\"h3 lb-features-title\">\n\tFeuerstelle\n<\/div>\n\t\t<div class=\"lb-features-text\">\n\t\t\t<\/p>\n<p><img loading=\"lazy\" decoding=\"async\" class=\"sui-rounded-corners mb-3 alignnone wp-image-68819 size-medium\" src=\"https:\/\/www.smartsteuer.de\/online\/wp-content\/uploads\/2024\/11\/feuerstelle-300x200.png\" alt=\"Finanzoase Feuerstelle\" width=\"300\" height=\"200\" srcset=\"https:\/\/www.smartsteuer.de\/online\/wp-content\/uploads\/2024\/11\/feuerstelle-300x200.png 300w, https:\/\/www.smartsteuer.de\/online\/wp-content\/uploads\/2024\/11\/feuerstelle.png 604w\" sizes=\"auto, (max-width: 300px) 100vw, 300px\" \/><\/p>\n<p style=\"text-align: left;\">Die Finanzoase ist auch f\u00fcr kleinere Meetings bestens ausgestattet. Die Feuerstelle bietet Meetingr\u00e4ume f\u00fcr Break-out-Sessions mit bis zu 6 Teilnehmer:innen.<\/p>\n<p>\n\t\t<\/div>\n\t\t\n\t<\/div>\n<\/div><\/div><\/div><\/div><\/div><\/p>\n<p>\n\t\t<\/div>\n\t<\/section>\n<\/div>\n<div class=\"sui-sheet-wrapper\">\n\t<section class=\"lb-section sui-sheet--up-flat sui-sheet-padding-flat sui-theme-night sui-pattern\">\n\t\t<div class=\"sui-container \">\n\t\t\t<\/p>\n<h2>Buche die Finanzoase f\u00fcr dein Event!<\/h2>\n<p><a class='sui-button-secondary sui-button-xlarge mt-2 mt-lg-3' href='#contact' role='button'>\n\tJetzt Kontakt aufnehmen\n<\/a><\/p>\n<p>\n\t\t<\/div>\n\t<\/section>\n<\/div>\n<div class=\"sui-sheet-wrapper\">\n\t<section class=\"lb-section sui-sheet--up-flat sui-sheet-padding-flat sui-theme-bright\">\n\t\t<div class=\"sui-container \">\n\t\t\t<\/p>\n<h2>Das sind unsere R\u00e4ume im Detail<\/h2>\n<p><div class=\"sui-accordion\" id=\"sui-accordion-169d1f6447acd5\"><\/p>\n<p><h3 class=\"sui-accordion-title\">Marktplatz<\/h3><div class=\"sui-accordion-item \"><\/p>\n<h4>Inklusive<\/h4>\n<ul>\n<li>B\u00fchne 3&#215;2 m\u00b2 (optional)<\/li>\n<li>3 Mikrofone kabellos<\/li>\n<li>Catchbox mit Mikro<\/li>\n<li>Profi-Lautsprechersystem MAUI<\/li>\n<li>Motorleinwand 3,75 m breit<\/li>\n<li>Full-HD-Beamer Sony VPL PHZ 10<\/li>\n<li>Digitales 50\u2033-Whiteboard<\/li>\n<li>4 Podeste als Sitzfl\u00e4che f\u00fcr 32 Personen<\/li>\n<li>50 gepolsterte Tagungsst\u00fchle<\/li>\n<li>4 Konferenztische 160&#215;80 cm<\/li>\n<li>Tischtennisplatte<\/li>\n<li>Kickertisch<\/li>\n<li>Dartscheibe<\/li>\n<li>K\u00fcche mit 2 Induktionskochfeldern<\/li>\n<li>Getr\u00e4nkek\u00fchlschrank<\/li>\n<li>Automat f\u00fcr Kaffeespezialit\u00e4ten<\/li>\n<li>Bar<\/li>\n<\/ul>\n<h4>Preise<\/h4>\n<p>Mo.\u2013Fr.: 100 \u20ac netto \/ Std.* (Tagespauschale 750 \u20ac)<\/p>\n<p><\/div><\/p>\n<p><h3 class=\"sui-accordion-title\">Wasserstelle<\/h3><div class=\"sui-accordion-item \"><\/p>\n<h4>Inklusive<\/h4>\n<ul>\n<li>B\u00fchne 3&#215;2 m\u00b2 (optional)<\/li>\n<li>Gro\u00dfer Konferenzraum 8 Personen<\/li>\n<li>2 OLED-Bildschirme 65\u2033 mit Airplay<\/li>\n<li>Konferenztisch f\u00fcr 8 Personen<\/li>\n<li>4 Sitzpoufs f\u00fcr agiles Arbeiten<\/li>\n<\/ul>\n<h4>Preise<\/h4>\n<p>Mo.\u2013Fr.: Gro\u00dfer Konferenzraum: 60 \u20ac \/ Std. Tagespauschale: 450 \u20ac<\/p>\n<p>Die Tagespauschale f\u00fcr die Nutzung der R\u00e4umlichkeiten im 4. OG rechts (ein gro\u00dfer Konferenzraum und zwei kleine Konferenzr\u00e4ume) liegt bei 650 \u20ac.<\/p>\n<p><\/div><\/p>\n<p><h3 class=\"sui-accordion-title\">Feuerstelle<\/h3><div class=\"sui-accordion-item \"><\/p>\n<h4>Preise<\/h4>\n<p>Mo.\u2013Fr.: Kleiner Konferenzraum: 25 \u20ac \/ Std. Tagespauschale: 200 \u20ac<\/p>\n<p>Die Tagespauschale f\u00fcr die Nutzung der R\u00e4umlichkeiten im 4. OG rechts (ein gro\u00dfer Konferenzraum und zwei kleine Konferenzr\u00e4ume) liegt bei 650 \u20ac.<\/p>\n<p><\/div><\/p>\n<p><\/div><\/p>\n<p>&nbsp;<\/p>\n<h2>Buche jetzt Hannovers sch\u00f6nste Aussicht f\u00fcr dein eigenes Event!<\/h2>\n<p><div class=\"sui-swiper\"><\/p>\n<p><div class=\"sui-swiper-slide\"><\/p>\n<p><img loading=\"lazy\" decoding=\"async\" class=\"alignnone wp-image-82691 size-large\" src=\"https:\/\/www.smartsteuer.de\/online\/wp-content\/uploads\/2025\/08\/Finanzoase_Beispielbild-2-1024x683.webp\" alt=\"\" width=\"1024\" height=\"683\" srcset=\"https:\/\/www.smartsteuer.de\/online\/wp-content\/uploads\/2025\/08\/Finanzoase_Beispielbild-2-1024x683.webp 1024w, https:\/\/www.smartsteuer.de\/online\/wp-content\/uploads\/2025\/08\/Finanzoase_Beispielbild-2-300x200.webp 300w, https:\/\/www.smartsteuer.de\/online\/wp-content\/uploads\/2025\/08\/Finanzoase_Beispielbild-2-768x512.webp 768w, https:\/\/www.smartsteuer.de\/online\/wp-content\/uploads\/2025\/08\/Finanzoase_Beispielbild-2-1536x1024.webp 1536w, https:\/\/www.smartsteuer.de\/online\/wp-content\/uploads\/2025\/08\/Finanzoase_Beispielbild-2.webp 1575w\" sizes=\"auto, (max-width: 1024px) 100vw, 1024px\" \/><\/p>\n<p><\/div><\/p>\n<p><div class=\"sui-swiper-slide\"><\/p>\n<p style=\"text-align: left;\"><a href=\"https:\/\/www.smartsteuer.de\/online\/wp-content\/uploads\/2024\/11\/finanzoase-marktplatz-hannover.webp\"><img loading=\"lazy\" decoding=\"async\" class=\"alignnone wp-image-68783 size-large\" src=\"https:\/\/www.smartsteuer.de\/online\/wp-content\/uploads\/2024\/11\/finanzoase-marktplatz-hannover-1024x683.webp\" alt=\"Finanzoase Hannover Eventk\u00fcche\" width=\"1024\" height=\"683\" srcset=\"https:\/\/www.smartsteuer.de\/online\/wp-content\/uploads\/2024\/11\/finanzoase-marktplatz-hannover-1024x683.webp 1024w, https:\/\/www.smartsteuer.de\/online\/wp-content\/uploads\/2024\/11\/finanzoase-marktplatz-hannover-300x200.webp 300w, https:\/\/www.smartsteuer.de\/online\/wp-content\/uploads\/2024\/11\/finanzoase-marktplatz-hannover-768x512.webp 768w, https:\/\/www.smartsteuer.de\/online\/wp-content\/uploads\/2024\/11\/finanzoase-marktplatz-hannover-1536x1025.webp 1536w, https:\/\/www.smartsteuer.de\/online\/wp-content\/uploads\/2024\/11\/finanzoase-marktplatz-hannover.webp 1920w\" sizes=\"auto, (max-width: 1024px) 100vw, 1024px\" \/><\/a><\/p>\n<p><\/div><\/p>\n<p><div class=\"sui-swiper-slide\"><\/p>\n<p style=\"text-align: left;\"><a href=\"https:\/\/www.smartsteuer.de\/online\/wp-content\/uploads\/2024\/11\/kitchen.jpg\"><img loading=\"lazy\" decoding=\"async\" class=\"alignnone wp-image-68864 size-large\" src=\"https:\/\/www.smartsteuer.de\/online\/wp-content\/uploads\/2024\/11\/kitchen-1024x768.jpg\" alt=\"Finanzoase K\u00fcche\" width=\"1024\" height=\"768\" srcset=\"https:\/\/www.smartsteuer.de\/online\/wp-content\/uploads\/2024\/11\/kitchen-1024x768.jpg 1024w, https:\/\/www.smartsteuer.de\/online\/wp-content\/uploads\/2024\/11\/kitchen-300x225.jpg 300w, https:\/\/www.smartsteuer.de\/online\/wp-content\/uploads\/2024\/11\/kitchen-768x576.jpg 768w, https:\/\/www.smartsteuer.de\/online\/wp-content\/uploads\/2024\/11\/kitchen-1536x1152.jpg 1536w, https:\/\/www.smartsteuer.de\/online\/wp-content\/uploads\/2024\/11\/kitchen.jpg 1600w\" sizes=\"auto, (max-width: 1024px) 100vw, 1024px\" \/><\/a><\/p>\n<p><\/div><\/p>\n<p><div class=\"sui-swiper-slide\"><\/p>\n<p><a href=\"https:\/\/www.smartsteuer.de\/online\/wp-content\/uploads\/2024\/11\/meeting.jpg\"><img loading=\"lazy\" decoding=\"async\" class=\"alignnone wp-image-68933 size-large\" src=\"https:\/\/www.smartsteuer.de\/online\/wp-content\/uploads\/2024\/11\/meeting-1024x768.jpg\" alt=\"Meeting in der Finanzoase Hannover\" width=\"1024\" height=\"768\" srcset=\"https:\/\/www.smartsteuer.de\/online\/wp-content\/uploads\/2024\/11\/meeting-1024x768.jpg 1024w, https:\/\/www.smartsteuer.de\/online\/wp-content\/uploads\/2024\/11\/meeting-300x225.jpg 300w, https:\/\/www.smartsteuer.de\/online\/wp-content\/uploads\/2024\/11\/meeting-768x576.jpg 768w, https:\/\/www.smartsteuer.de\/online\/wp-content\/uploads\/2024\/11\/meeting-1536x1152.jpg 1536w, https:\/\/www.smartsteuer.de\/online\/wp-content\/uploads\/2024\/11\/meeting.jpg 1600w\" sizes=\"auto, (max-width: 1024px) 100vw, 1024px\" \/><\/a><\/p>\n<p><\/div><\/p>\n<p><div class=\"sui-swiper-slide\"><\/p>\n<p><a href=\"https:\/\/www.smartsteuer.de\/online\/wp-content\/uploads\/2024\/12\/buffet.jpg\"><img loading=\"lazy\" decoding=\"async\" class=\"alignnone wp-image-70040 size-large\" src=\"https:\/\/www.smartsteuer.de\/online\/wp-content\/uploads\/2024\/12\/buffet-1024x768.jpg\" alt=\"\" width=\"1024\" height=\"768\" srcset=\"https:\/\/www.smartsteuer.de\/online\/wp-content\/uploads\/2024\/12\/buffet-1024x768.jpg 1024w, https:\/\/www.smartsteuer.de\/online\/wp-content\/uploads\/2024\/12\/buffet-300x225.jpg 300w, https:\/\/www.smartsteuer.de\/online\/wp-content\/uploads\/2024\/12\/buffet-768x576.jpg 768w, https:\/\/www.smartsteuer.de\/online\/wp-content\/uploads\/2024\/12\/buffet-1536x1152.jpg 1536w, https:\/\/www.smartsteuer.de\/online\/wp-content\/uploads\/2024\/12\/buffet.jpg 1600w\" sizes=\"auto, (max-width: 1024px) 100vw, 1024px\" \/><\/a><\/p>\n<p><\/div><\/p>\n<p><\/div><\/p>\n<p>\n\t\t<\/div>\n\t<\/section>\n<\/div>\n<div class=\"sui-sheet-wrapper\">\n\t<section class=\"lb-section sui-sheet--up-flat sui-sheet-padding-flat sui-theme-night sui-pattern\">\n\t\t<div class=\"sui-container \">\n\t\t\t<\/p>\n<h2>Hast du noch Fragen oder m\u00f6chtest die Finanzoase direkt buchen?<\/h2>\n<p>Dann schreib uns! Wir beantworten deine Anfrage schnellstm\u00f6glich.<\/p>\n<p><a class='sui-button-secondary sui-button-xlarge mt-2 mt-lg-3' href='#contact' role='button'>\n\tJetzt Kontakt aufnehmen\n<\/a><\/p>\n<p>\n\t\t<\/div>\n\t<\/section>\n<\/div>\n<div class=\"sui-sheet-wrapper\">\n\t<section class=\"lb-section sui-sheet--up-flat sui-sheet-padding-flat sui-theme-bright\">\n\t\t<div class=\"sui-container \">\n\t\t\t<\/p>\n<h2>FAQ<\/h2>\n<p>Das solltest du \u00fcber die Finanzoase wissen:<\/p>\n<p><div class=\"sui-accordion\" id=\"sui-accordion-169d1f6447adef\"><\/p>\n<p><h3 class=\"sui-accordion-title\">Wo finde ich die Finanzoase?<\/h3><div class=\"sui-accordion-item \"><\/p>\n<p>Die Finanzoase befindet sich hier:<\/p>\n<p>Drostestra\u00dfe 16<br \/>\n30161 Hannover<br \/>\n4. OG (Fahrstuhl vorhanden)<\/p>\n<p><\/div><\/p>\n<p><h3 class=\"sui-accordion-title\">Was f\u00fcr Events kann ich in der Finanzoase veranstalten?<\/h3><div class=\"sui-accordion-item \"><\/p>\n<p>Firmenfeiern, Fort- und Weiterbildungen, Workshops und viele mehr\u2026 Private Veranstaltungen nur nach Absprache.<\/p>\n<p><\/div><\/p>\n<p><h3 class=\"sui-accordion-title\">Ist die Finanzoase barrierefrei erreichbar?<\/h3><div class=\"sui-accordion-item \"><\/p>\n<p>Ja, die Finanzoase ist barrierefrei erreichbar. Hinter dem Haus gibt es eine Rollstuhlrampe sowie einen Treppenlift. Damit gelangst du problemlos zum hauseigenen Fahrstuhl.<\/p>\n<p><\/div><\/p>\n<p><h3 class=\"sui-accordion-title\">Sind Parkpl\u00e4tze vorhanden?<\/h3><div class=\"sui-accordion-item \"><\/p>\n<p>Parkpl\u00e4tze zum Be- und Entladen findest du auf der R\u00fcckseite des Geb\u00e4udes. Das n\u00e4chste Parkhaus ist das Parkhaus Lister Meile (Edenstra\u00dfe 32, 30161 Hannover). Es ist nur 3 Gehminuten entfernt.<\/p>\n<p><\/div><\/p>\n<p><h3 class=\"sui-accordion-title\">Gibt es noch weitere Services und Zusatzleistungen?<\/h3><div class=\"sui-accordion-item \"><\/p>\n<p>Na klar! Unsere Empfehlung f\u00fcr Eure Formate:<\/p>\n<p>Anna Brandes als Moderatorin und Dialoggestalterin. Sie schafft R\u00e4ume f\u00fcr konstruktiven und inspirierenden Austausch. Workshops, Ideen-Dinner findest Du <a href=\"https:\/\/waldlichtung.com\" rel=\"nofollow\" >hier<\/a><\/p>\n<p><\/div><\/p>\n<p><\/div><\/p>\n<p>\n\t\t<\/div>\n\t<\/section>\n<\/div>\n<div class=\"sui-sheet-wrapper\">\n\t<section class=\"lb-section sui-sheet--up-flat sui-sheet-padding-flat sui-theme-bright\">\n\t\t<div class=\"sui-container \">\n\t\t\t\n<p><img loading=\"lazy\" decoding=\"async\" id=\"contact\" class=\"alignnone wp-image-68912\" src=\"https:\/\/www.smartsteuer.de\/online\/wp-content\/uploads\/2024\/11\/daniela-wagenfuehr-300x300.webp\" alt=\"Daniela Wagenf\u00fchr\" width=\"200\" height=\"200\" srcset=\"https:\/\/www.smartsteuer.de\/online\/wp-content\/uploads\/2024\/11\/daniela-wagenfuehr-300x300.webp 300w, https:\/\/www.smartsteuer.de\/online\/wp-content\/uploads\/2024\/11\/daniela-wagenfuehr-150x150.webp 150w, https:\/\/www.smartsteuer.de\/online\/wp-content\/uploads\/2024\/11\/daniela-wagenfuehr-768x768.webp 768w, https:\/\/www.smartsteuer.de\/online\/wp-content\/uploads\/2024\/11\/daniela-wagenfuehr-120x120.webp 120w, https:\/\/www.smartsteuer.de\/online\/wp-content\/uploads\/2024\/11\/daniela-wagenfuehr.webp 800w\" sizes=\"auto, (max-width: 200px) 100vw, 200px\" \/><\/p>\n<p>Hi, ich hei\u00dfe Daniela. Schreib mir eine E-Mail, wenn du an unseren R\u00e4umen interessiert bist.<br \/>\nIch freue mich darauf!<\/p>\n<a class=\"lb-link sui-button-ghost\" href=\"mailto:info@finanzoase.de\">info@finanzoase.de<i class=\"fa-solid fa-chevron-right\" aria-hidden=\"true\"><\/i><\/a>\n<p>\n\t\t<\/div>\n\t<\/section>\n<\/div><iframe loading=\"lazy\" style=\"border: 0;\" src=\"https:\/\/www.google.com\/maps\/embed?pb=!1m18!1m12!1m3!1d2435.0980972880443!2d9.745161615802495!3d52.38677197978928!2m3!1f0!2f0!3f0!3m2!1i1024!2i768!4f13.1!3m3!1m2!1s0x47b073c47f68bedd%3A0x3b6e1341fd2495eb!2sFinanzoase!5e0!3m2!1sde!2sde!4v1669621237997!5m2!1sde!2sde\" width=\"100%\" height=\"450\" allowfullscreen=\"allowfullscreen\"><\/iframe><\/p>\n","protected":false},"excerpt":{"rendered":"","protected":false},"author":1,"featured_media":0,"parent":0,"menu_order":0,"comment_status":"closed","ping_status":"closed","template":"landingpage-template.php","meta":{"_acf_changed":false,"footnotes":""},"class_list":["post-68771","page","type-page","status-publish","hentry"],"acf":[],"yoast_head":"<!-- This site is optimized with the Yoast SEO Premium plugin v27.1 (Yoast SEO v27.1.1) - https:\/\/yoast.com\/product\/yoast-seo-premium-wordpress\/ -->\n<title>Finanzoase - Meetingr\u00e4ume buchen<\/title>\n<meta name=\"description\" content=\"Finanzoase - smartsteuer\" \/>\n<meta name=\"robots\" content=\"index, follow, max-snippet:-1, max-image-preview:large, max-video-preview:-1\" \/>\n<link rel=\"canonical\" href=\"https:\/\/www.smartsteuer.de\/online\/finanzoase\/\" \/>\n<meta property=\"og:locale\" content=\"de_DE\" \/>\n<meta property=\"og:type\" content=\"article\" \/>\n<meta property=\"og:title\" content=\"Finanzoase\" \/>\n<meta property=\"og:description\" content=\"Finanzoase - smartsteuer\" \/>\n<meta property=\"og:url\" content=\"https:\/\/www.smartsteuer.de\/online\/finanzoase\/\" \/>\n<meta property=\"og:site_name\" content=\"smartsteuer\" \/>\n<meta property=\"article:publisher\" content=\"https:\/\/de-de.facebook.com\/smartsteuer\/\" \/>\n<meta property=\"article:modified_time\" content=\"2025-08-29T12:05:31+00:00\" \/>\n<meta property=\"og:image\" content=\"https:\/\/www.smartsteuer.de\/online\/wp-content\/uploads\/2024\/11\/marktplatz-300x200.png\" \/>\n<meta name=\"twitter:card\" content=\"summary_large_image\" \/>\n<meta name=\"twitter:site\" content=\"@smartsteuer\" \/>\n<meta name=\"twitter:label1\" content=\"Gesch\u00e4tzte Lesezeit\" \/>\n\t<meta name=\"twitter:data1\" content=\"5\u00a0Minuten\" \/>\n<script type=\"application\/ld+json\" class=\"yoast-schema-graph\">{\"@context\":\"https:\/\/schema.org\",\"@graph\":[{\"@type\":\"WebPage\",\"@id\":\"https:\/\/www.smartsteuer.de\/online\/finanzoase\/\",\"url\":\"https:\/\/www.smartsteuer.de\/online\/finanzoase\/\",\"name\":\"Finanzoase - Meetingr\u00e4ume buchen\",\"isPartOf\":{\"@id\":\"https:\/\/www.smartsteuer.de\/online\/#website\"},\"primaryImageOfPage\":{\"@id\":\"https:\/\/www.smartsteuer.de\/online\/finanzoase\/#primaryimage\"},\"image\":{\"@id\":\"https:\/\/www.smartsteuer.de\/online\/finanzoase\/#primaryimage\"},\"thumbnailUrl\":\"https:\/\/www.smartsteuer.de\/online\/wp-content\/uploads\/2024\/11\/marktplatz-300x200.png\",\"datePublished\":\"2024-11-13T09:58:16+00:00\",\"dateModified\":\"2025-08-29T12:05:31+00:00\",\"description\":\"Finanzoase - smartsteuer\",\"breadcrumb\":{\"@id\":\"https:\/\/www.smartsteuer.de\/online\/finanzoase\/#breadcrumb\"},\"inLanguage\":\"de\",\"potentialAction\":[{\"@type\":\"ReadAction\",\"target\":[\"https:\/\/www.smartsteuer.de\/online\/finanzoase\/\"]}]},{\"@type\":\"ImageObject\",\"inLanguage\":\"de\",\"@id\":\"https:\/\/www.smartsteuer.de\/online\/finanzoase\/#primaryimage\",\"url\":\"https:\/\/www.smartsteuer.de\/online\/wp-content\/uploads\/2024\/11\/marktplatz.png\",\"contentUrl\":\"https:\/\/www.smartsteuer.de\/online\/wp-content\/uploads\/2024\/11\/marktplatz.png\",\"width\":604,\"height\":403,\"caption\":\"Finanzoase Marktplatz\"},{\"@type\":\"BreadcrumbList\",\"@id\":\"https:\/\/www.smartsteuer.de\/online\/finanzoase\/#breadcrumb\",\"itemListElement\":[{\"@type\":\"ListItem\",\"position\":1,\"name\":\"Home\",\"item\":\"https:\/\/www.smartsteuer.de\/online\/\"},{\"@type\":\"ListItem\",\"position\":2,\"name\":\"Finanzoase\"}]},{\"@type\":\"WebSite\",\"@id\":\"https:\/\/www.smartsteuer.de\/online\/#website\",\"url\":\"https:\/\/www.smartsteuer.de\/online\/\",\"name\":\"smartsteuer\",\"description\":\"Steuererkl\u00e4rung 2024 online machen &amp; Steuern sparen\",\"publisher\":{\"@id\":\"https:\/\/www.smartsteuer.de\/online\/#organization\"},\"potentialAction\":[{\"@type\":\"SearchAction\",\"target\":{\"@type\":\"EntryPoint\",\"urlTemplate\":\"https:\/\/www.smartsteuer.de\/online\/?s={search_term_string}\"},\"query-input\":{\"@type\":\"PropertyValueSpecification\",\"valueRequired\":true,\"valueName\":\"search_term_string\"}}],\"inLanguage\":\"de\"},{\"@type\":\"Organization\",\"@id\":\"https:\/\/www.smartsteuer.de\/online\/#organization\",\"name\":\"smartsteuer GmbH\",\"url\":\"https:\/\/www.smartsteuer.de\/online\/\",\"logo\":{\"@type\":\"ImageObject\",\"inLanguage\":\"de\",\"@id\":\"https:\/\/www.smartsteuer.de\/online\/#\/schema\/logo\/image\/\",\"url\":\"https:\/\/www.smartsteuer.de\/online\/wp-content\/uploads\/2024\/11\/Favicon-smartsteuer.png\",\"contentUrl\":\"https:\/\/www.smartsteuer.de\/online\/wp-content\/uploads\/2024\/11\/Favicon-smartsteuer.png\",\"width\":512,\"height\":512,\"caption\":\"smartsteuer GmbH\"},\"image\":{\"@id\":\"https:\/\/www.smartsteuer.de\/online\/#\/schema\/logo\/image\/\"},\"sameAs\":[\"https:\/\/de-de.facebook.com\/smartsteuer\/\",\"https:\/\/x.com\/smartsteuer\",\"https:\/\/www.youtube.com\/channel\/UCu02GkFNrMRzwysT2SEmNrQ\"]}]}<\/script>\n<!-- \/ Yoast SEO Premium plugin. -->","yoast_head_json":{"title":"Finanzoase - Meetingr\u00e4ume buchen","description":"Finanzoase - smartsteuer","robots":{"index":"index","follow":"follow","max-snippet":"max-snippet:-1","max-image-preview":"max-image-preview:large","max-video-preview":"max-video-preview:-1"},"canonical":"https:\/\/www.smartsteuer.de\/online\/finanzoase\/","og_locale":"de_DE","og_type":"article","og_title":"Finanzoase","og_description":"Finanzoase - smartsteuer","og_url":"https:\/\/www.smartsteuer.de\/online\/finanzoase\/","og_site_name":"smartsteuer","article_publisher":"https:\/\/de-de.facebook.com\/smartsteuer\/","article_modified_time":"2025-08-29T12:05:31+00:00","og_image":[{"url":"https:\/\/www.smartsteuer.de\/online\/wp-content\/uploads\/2024\/11\/marktplatz-300x200.png","type":"","width":"","height":""}],"twitter_card":"summary_large_image","twitter_site":"@smartsteuer","twitter_misc":{"Gesch\u00e4tzte Lesezeit":"5\u00a0Minuten"},"schema":{"@context":"https:\/\/schema.org","@graph":[{"@type":"WebPage","@id":"https:\/\/www.smartsteuer.de\/online\/finanzoase\/","url":"https:\/\/www.smartsteuer.de\/online\/finanzoase\/","name":"Finanzoase - Meetingr\u00e4ume buchen","isPartOf":{"@id":"https:\/\/www.smartsteuer.de\/online\/#website"},"primaryImageOfPage":{"@id":"https:\/\/www.smartsteuer.de\/online\/finanzoase\/#primaryimage"},"image":{"@id":"https:\/\/www.smartsteuer.de\/online\/finanzoase\/#primaryimage"},"thumbnailUrl":"https:\/\/www.smartsteuer.de\/online\/wp-content\/uploads\/2024\/11\/marktplatz-300x200.png","datePublished":"2024-11-13T09:58:16+00:00","dateModified":"2025-08-29T12:05:31+00:00","description":"Finanzoase - smartsteuer","breadcrumb":{"@id":"https:\/\/www.smartsteuer.de\/online\/finanzoase\/#breadcrumb"},"inLanguage":"de","potentialAction":[{"@type":"ReadAction","target":["https:\/\/www.smartsteuer.de\/online\/finanzoase\/"]}]},{"@type":"ImageObject","inLanguage":"de","@id":"https:\/\/www.smartsteuer.de\/online\/finanzoase\/#primaryimage","url":"https:\/\/www.smartsteuer.de\/online\/wp-content\/uploads\/2024\/11\/marktplatz.png","contentUrl":"https:\/\/www.smartsteuer.de\/online\/wp-content\/uploads\/2024\/11\/marktplatz.png","width":604,"height":403,"caption":"Finanzoase Marktplatz"},{"@type":"BreadcrumbList","@id":"https:\/\/www.smartsteuer.de\/online\/finanzoase\/#breadcrumb","itemListElement":[{"@type":"ListItem","position":1,"name":"Home","item":"https:\/\/www.smartsteuer.de\/online\/"},{"@type":"ListItem","position":2,"name":"Finanzoase"}]},{"@type":"WebSite","@id":"https:\/\/www.smartsteuer.de\/online\/#website","url":"https:\/\/www.smartsteuer.de\/online\/","name":"smartsteuer","description":"Steuererkl\u00e4rung 2024 online machen &amp; Steuern sparen","publisher":{"@id":"https:\/\/www.smartsteuer.de\/online\/#organization"},"potentialAction":[{"@type":"SearchAction","target":{"@type":"EntryPoint","urlTemplate":"https:\/\/www.smartsteuer.de\/online\/?s={search_term_string}"},"query-input":{"@type":"PropertyValueSpecification","valueRequired":true,"valueName":"search_term_string"}}],"inLanguage":"de"},{"@type":"Organization","@id":"https:\/\/www.smartsteuer.de\/online\/#organization","name":"smartsteuer GmbH","url":"https:\/\/www.smartsteuer.de\/online\/","logo":{"@type":"ImageObject","inLanguage":"de","@id":"https:\/\/www.smartsteuer.de\/online\/#\/schema\/logo\/image\/","url":"https:\/\/www.smartsteuer.de\/online\/wp-content\/uploads\/2024\/11\/Favicon-smartsteuer.png","contentUrl":"https:\/\/www.smartsteuer.de\/online\/wp-content\/uploads\/2024\/11\/Favicon-smartsteuer.png","width":512,"height":512,"caption":"smartsteuer GmbH"},"image":{"@id":"https:\/\/www.smartsteuer.de\/online\/#\/schema\/logo\/image\/"},"sameAs":["https:\/\/de-de.facebook.com\/smartsteuer\/","https:\/\/x.com\/smartsteuer","https:\/\/www.youtube.com\/channel\/UCu02GkFNrMRzwysT2SEmNrQ"]}]}},"_links":{"self":[{"href":"https:\/\/www.smartsteuer.de\/online\/wp-json\/wp\/v2\/pages\/68771","targetHints":{"allow":["GET"]}}],"collection":[{"href":"https:\/\/www.smartsteuer.de\/online\/wp-json\/wp\/v2\/pages"}],"about":[{"href":"https:\/\/www.smartsteuer.de\/online\/wp-json\/wp\/v2\/types\/page"}],"author":[{"embeddable":true,"href":"https:\/\/www.smartsteuer.de\/online\/wp-json\/wp\/v2\/users\/1"}],"replies":[{"embeddable":true,"href":"https:\/\/www.smartsteuer.de\/online\/wp-json\/wp\/v2\/comments?post=68771"}],"version-history":[{"count":46,"href":"https:\/\/www.smartsteuer.de\/online\/wp-json\/wp\/v2\/pages\/68771\/revisions"}],"predecessor-version":[{"id":82697,"href":"https:\/\/www.smartsteuer.de\/online\/wp-json\/wp\/v2\/pages\/68771\/revisions\/82697"}],"wp:attachment":[{"href":"https:\/\/www.smartsteuer.de\/online\/wp-json\/wp\/v2\/media?parent=68771"}],"curies":[{"name":"wp","href":"https:\/\/api.w.org\/{rel}","templated":true}]}}