{"id":69086,"date":"2024-11-13T16:05:05","date_gmt":"2024-11-13T14:05:05","guid":{"rendered":"https:\/\/www.smartsteuer.de\/online\/?page_id=69086"},"modified":"2024-11-14T11:53:25","modified_gmt":"2024-11-14T09:53:25","slug":"wir-haben-ein-neues-design","status":"publish","type":"page","link":"https:\/\/www.smartsteuer.de\/online\/wir-haben-ein-neues-design\/","title":{"rendered":"Wir haben ein neues Design!"},"content":{"rendered":"<div class=\"sui-sheet-wrapper\">\n\t<section class=\"lb-section sui-sheet--up-flat sui-sheet-padding-flat sui-theme-night sui-pattern\">\n\t\t<div class=\"sui-container \">\n\t\t\t<\/p>\n<h1 style=\"text-align: left;\">Wir haben ein neues Design!<\/h1>\n<p style=\"text-align: left;\">Der Wandel startet jetzt! Wir pr\u00e4sentieren Euch smartsteuer in unserem neuen Look.<\/p>\n<p style=\"text-align: left;\">Mit einem modernen, einpr\u00e4gsamen Logo, einer lebendigen, frischen Bildsprache und einer Kommunikation auf Augenh\u00f6he zeigen wir unsere Online-Steuererkl\u00e4rung jetzt auch nach au\u00dfen.<\/p>\n<p style=\"text-align: left;\">Willkommen bei smartsteuer, wie es in Zukunft sein wird: Einfach, klar und perfekt auf Dein Leben zugeschnitten.<\/p>\n<p style=\"text-align: left;\">\n\t\t<\/div>\n\t<\/section>\n<\/div>\n<div class=\"sui-sheet-wrapper\">\n\t<section class=\"lb-section sui-sheet--up-flat sui-sheet-padding-flat sui-theme-bright\">\n\t\t<div class=\"sui-container \">\n\t\t\t<\/p>\n<p style=\"text-align: left;\"><img loading=\"lazy\" decoding=\"async\" class=\"alignnone wp-image-69155 size-large\" src=\"https:\/\/www.smartsteuer.de\/online\/wp-content\/uploads\/2024\/11\/smartsteuer_produktwelten-1024x241.webp\" alt=\"\" width=\"1024\" height=\"241\" srcset=\"https:\/\/www.smartsteuer.de\/online\/wp-content\/uploads\/2024\/11\/smartsteuer_produktwelten-1024x241.webp 1024w, https:\/\/www.smartsteuer.de\/online\/wp-content\/uploads\/2024\/11\/smartsteuer_produktwelten-300x71.webp 300w, https:\/\/www.smartsteuer.de\/online\/wp-content\/uploads\/2024\/11\/smartsteuer_produktwelten-768x181.webp 768w, https:\/\/www.smartsteuer.de\/online\/wp-content\/uploads\/2024\/11\/smartsteuer_produktwelten-1536x362.webp 1536w, https:\/\/www.smartsteuer.de\/online\/wp-content\/uploads\/2024\/11\/smartsteuer_produktwelten-2048x483.webp 2048w\" sizes=\"auto, (max-width: 1024px) 100vw, 1024px\" \/><\/p>\n<p>&nbsp;<\/p>\n<p><div class=\"lb-inline-box p-4 p-lg-5 my-4 my-sm-5 sui-rounded-corners lb-bg-lightblue\"><\/p>\n<p style=\"text-align: left;\">Nat\u00fcrlich haben wir auch unseren <a href=\"https:\/\/www.google.com\/url?sa=t&amp;source=web&amp;rct=j&amp;opi=89978449&amp;url=https:\/\/www.youtube.com\/%40smartsteuerde&amp;ved=2ahUKEwiFjOPlytmJAxWLzgIHHUMNJQUQFnoECBQQAQ&amp;usg=AOvVaw1GfQKmd8UA-0-m1sl7DRXo\">YouTube-Kanal<\/a> aktualisiert. Unsere gewohnt qualitativ hochwertigen Videos erwartet Dich auch hier in neuem Gewandt.<\/p>\n<p><\/div><\/p>\n<p>\n<div data-mode=\"normal\" data-provider=\"html5\" id=\"arve-html5-\" style=\"max-width:3840px;\" class=\"arve\">\n\t<div class=\"arve-inner\">\n\t\t<div class=\"arve-embed\">\n\t\t\t<video class=\"arve-video fitvidsignore\" controls controlslist=\"\" data-arve=\"arve-html5-\" onloadstart=\"this.volume=1\" preload=\"metadata\"><source type=\"video\/mp4\" src=\"https:\/\/www.smartsteuer.de\/online\/wp-content\/uploads\/2024\/11\/YT_Outro_Ani_zentriert.mp4#t=0.1\"><\/video>\n\t\t\t\n\t\t<\/div>\n\t\t\n\t<\/div>\n\t\n\t\n\t<script type=\"application\/ld+json\">{\"@context\":\"http:\\\/\\\/schema.org\\\/\",\"@id\":\"https:\\\/\\\/www.smartsteuer.de\\\/online\\\/wir-haben-ein-neues-design\\\/#arve-html5-\",\"type\":\"VideoObject\",\"contentURL\":\"https:\\\/\\\/www.smartsteuer.de\\\/online\\\/wp-content\\\/uploads\\\/2024\\\/11\\\/YT_Outro_Ani_zentriert.mp4\"}<\/script>\n\t\n<\/div><\/p>\n<p style=\"text-align: center;\">Und auch alte und neue Produkte werden vom neuen Design profitieren. Sei gespannt auf die Zukunft.<\/p>\n<p><img loading=\"lazy\" decoding=\"async\" class=\"size-large wp-image-69152 aligncenter\" src=\"https:\/\/www.smartsteuer.de\/online\/wp-content\/uploads\/2024\/11\/smartsteuer_farbwelten-1024x168.webp\" alt=\"\" width=\"1024\" height=\"168\" srcset=\"https:\/\/www.smartsteuer.de\/online\/wp-content\/uploads\/2024\/11\/smartsteuer_farbwelten-1024x168.webp 1024w, https:\/\/www.smartsteuer.de\/online\/wp-content\/uploads\/2024\/11\/smartsteuer_farbwelten-300x49.webp 300w, https:\/\/www.smartsteuer.de\/online\/wp-content\/uploads\/2024\/11\/smartsteuer_farbwelten-768x126.webp 768w, https:\/\/www.smartsteuer.de\/online\/wp-content\/uploads\/2024\/11\/smartsteuer_farbwelten-1536x252.webp 1536w, https:\/\/www.smartsteuer.de\/online\/wp-content\/uploads\/2024\/11\/smartsteuer_farbwelten-2048x336.webp 2048w\" sizes=\"auto, (max-width: 1024px) 100vw, 1024px\" \/><\/p>\n<p>\n\t\t<\/div>\n\t<\/section>\n<\/div>\n","protected":false},"excerpt":{"rendered":"","protected":false},"author":42,"featured_media":0,"parent":0,"menu_order":0,"comment_status":"closed","ping_status":"closed","template":"landingpage-template.php","meta":{"_acf_changed":false,"footnotes":""},"class_list":["post-69086","page","type-page","status-publish","hentry"],"acf":[],"yoast_head":"<!-- This site is optimized with the Yoast SEO Premium plugin v27.5 (Yoast SEO v27.5) - https:\/\/yoast.com\/product\/yoast-seo-premium-wordpress\/ -->\n<title>Wir haben ein neues Design!<\/title>\n<meta name=\"description\" content=\"Wir haben ein neues Design! - smartsteuer\" \/>\n<meta name=\"robots\" content=\"index, follow, max-snippet:-1, max-image-preview:large, max-video-preview:-1\" \/>\n<link rel=\"canonical\" href=\"https:\/\/www.smartsteuer.de\/online\/wir-haben-ein-neues-design\/\" \/>\n<meta property=\"og:locale\" content=\"de_DE\" \/>\n<meta property=\"og:type\" content=\"article\" \/>\n<meta property=\"og:title\" content=\"Wir haben ein neues Design!\" \/>\n<meta property=\"og:description\" content=\"Wir haben ein neues Design! - smartsteuer\" \/>\n<meta property=\"og:url\" content=\"https:\/\/www.smartsteuer.de\/online\/wir-haben-ein-neues-design\/\" \/>\n<meta property=\"og:site_name\" content=\"smartsteuer\" \/>\n<meta property=\"article:publisher\" content=\"https:\/\/de-de.facebook.com\/smartsteuer\/\" \/>\n<meta property=\"article:modified_time\" content=\"2024-11-14T09:53:25+00:00\" \/>\n<meta property=\"og:image\" content=\"https:\/\/www.smartsteuer.de\/online\/wp-content\/uploads\/2024\/11\/smartsteuer_produktwelten-1024x241.webp\" \/>\n<meta name=\"twitter:card\" content=\"summary_large_image\" \/>\n<meta name=\"twitter:site\" content=\"@smartsteuer\" \/>\n<meta name=\"twitter:label1\" content=\"Gesch\u00e4tzte Lesezeit\" \/>\n\t<meta name=\"twitter:data1\" content=\"1\u00a0Minute\" \/>\n<script type=\"application\/ld+json\" class=\"yoast-schema-graph\">{\"@context\":\"https:\\\/\\\/schema.org\",\"@graph\":[{\"@type\":\"WebPage\",\"@id\":\"https:\\\/\\\/www.smartsteuer.de\\\/online\\\/wir-haben-ein-neues-design\\\/\",\"url\":\"https:\\\/\\\/www.smartsteuer.de\\\/online\\\/wir-haben-ein-neues-design\\\/\",\"name\":\"Wir haben ein neues Design!\",\"isPartOf\":{\"@id\":\"https:\\\/\\\/www.smartsteuer.de\\\/online\\\/#website\"},\"primaryImageOfPage\":{\"@id\":\"https:\\\/\\\/www.smartsteuer.de\\\/online\\\/wir-haben-ein-neues-design\\\/#primaryimage\"},\"image\":{\"@id\":\"https:\\\/\\\/www.smartsteuer.de\\\/online\\\/wir-haben-ein-neues-design\\\/#primaryimage\"},\"thumbnailUrl\":\"https:\\\/\\\/www.smartsteuer.de\\\/online\\\/wp-content\\\/uploads\\\/2024\\\/11\\\/smartsteuer_produktwelten-1024x241.webp\",\"datePublished\":\"2024-11-13T14:05:05+00:00\",\"dateModified\":\"2024-11-14T09:53:25+00:00\",\"description\":\"Wir haben ein neues Design! - smartsteuer\",\"breadcrumb\":{\"@id\":\"https:\\\/\\\/www.smartsteuer.de\\\/online\\\/wir-haben-ein-neues-design\\\/#breadcrumb\"},\"inLanguage\":\"de\",\"potentialAction\":[{\"@type\":\"ReadAction\",\"target\":[\"https:\\\/\\\/www.smartsteuer.de\\\/online\\\/wir-haben-ein-neues-design\\\/\"]}]},{\"@type\":\"ImageObject\",\"inLanguage\":\"de\",\"@id\":\"https:\\\/\\\/www.smartsteuer.de\\\/online\\\/wir-haben-ein-neues-design\\\/#primaryimage\",\"url\":\"https:\\\/\\\/www.smartsteuer.de\\\/online\\\/wp-content\\\/uploads\\\/2024\\\/11\\\/smartsteuer_produktwelten-scaled.webp\",\"contentUrl\":\"https:\\\/\\\/www.smartsteuer.de\\\/online\\\/wp-content\\\/uploads\\\/2024\\\/11\\\/smartsteuer_produktwelten-scaled.webp\",\"width\":2560,\"height\":603},{\"@type\":\"BreadcrumbList\",\"@id\":\"https:\\\/\\\/www.smartsteuer.de\\\/online\\\/wir-haben-ein-neues-design\\\/#breadcrumb\",\"itemListElement\":[{\"@type\":\"ListItem\",\"position\":1,\"name\":\"Home\",\"item\":\"https:\\\/\\\/www.smartsteuer.de\\\/online\\\/\"},{\"@type\":\"ListItem\",\"position\":2,\"name\":\"Wir haben ein neues Design!\"}]},{\"@type\":\"WebSite\",\"@id\":\"https:\\\/\\\/www.smartsteuer.de\\\/online\\\/#website\",\"url\":\"https:\\\/\\\/www.smartsteuer.de\\\/online\\\/\",\"name\":\"smartsteuer\",\"description\":\"Steuererkl\u00e4rung 2024 online machen &amp; Steuern sparen\",\"publisher\":{\"@id\":\"https:\\\/\\\/www.smartsteuer.de\\\/online\\\/#organization\"},\"potentialAction\":[{\"@type\":\"SearchAction\",\"target\":{\"@type\":\"EntryPoint\",\"urlTemplate\":\"https:\\\/\\\/www.smartsteuer.de\\\/online\\\/?s={search_term_string}\"},\"query-input\":{\"@type\":\"PropertyValueSpecification\",\"valueRequired\":true,\"valueName\":\"search_term_string\"}}],\"inLanguage\":\"de\"},{\"@type\":\"Organization\",\"@id\":\"https:\\\/\\\/www.smartsteuer.de\\\/online\\\/#organization\",\"name\":\"smartsteuer GmbH\",\"url\":\"https:\\\/\\\/www.smartsteuer.de\\\/online\\\/\",\"logo\":{\"@type\":\"ImageObject\",\"inLanguage\":\"de\",\"@id\":\"https:\\\/\\\/www.smartsteuer.de\\\/online\\\/#\\\/schema\\\/logo\\\/image\\\/\",\"url\":\"https:\\\/\\\/www.smartsteuer.de\\\/online\\\/wp-content\\\/uploads\\\/2024\\\/11\\\/Favicon-smartsteuer.png\",\"contentUrl\":\"https:\\\/\\\/www.smartsteuer.de\\\/online\\\/wp-content\\\/uploads\\\/2024\\\/11\\\/Favicon-smartsteuer.png\",\"width\":512,\"height\":512,\"caption\":\"smartsteuer GmbH\"},\"image\":{\"@id\":\"https:\\\/\\\/www.smartsteuer.de\\\/online\\\/#\\\/schema\\\/logo\\\/image\\\/\"},\"sameAs\":[\"https:\\\/\\\/de-de.facebook.com\\\/smartsteuer\\\/\",\"https:\\\/\\\/x.com\\\/smartsteuer\",\"https:\\\/\\\/www.youtube.com\\\/channel\\\/UCu02GkFNrMRzwysT2SEmNrQ\"]}]}<\/script>\n<!-- \/ Yoast SEO Premium plugin. -->","yoast_head_json":{"title":"Wir haben ein neues Design!","description":"Wir haben ein neues Design! - smartsteuer","robots":{"index":"index","follow":"follow","max-snippet":"max-snippet:-1","max-image-preview":"max-image-preview:large","max-video-preview":"max-video-preview:-1"},"canonical":"https:\/\/www.smartsteuer.de\/online\/wir-haben-ein-neues-design\/","og_locale":"de_DE","og_type":"article","og_title":"Wir haben ein neues Design!","og_description":"Wir haben ein neues Design! - smartsteuer","og_url":"https:\/\/www.smartsteuer.de\/online\/wir-haben-ein-neues-design\/","og_site_name":"smartsteuer","article_publisher":"https:\/\/de-de.facebook.com\/smartsteuer\/","article_modified_time":"2024-11-14T09:53:25+00:00","og_image":[{"url":"https:\/\/www.smartsteuer.de\/online\/wp-content\/uploads\/2024\/11\/smartsteuer_produktwelten-1024x241.webp","type":"","width":"","height":""}],"twitter_card":"summary_large_image","twitter_site":"@smartsteuer","twitter_misc":{"Gesch\u00e4tzte Lesezeit":"1\u00a0Minute"},"schema":{"@context":"https:\/\/schema.org","@graph":[{"@type":"WebPage","@id":"https:\/\/www.smartsteuer.de\/online\/wir-haben-ein-neues-design\/","url":"https:\/\/www.smartsteuer.de\/online\/wir-haben-ein-neues-design\/","name":"Wir haben ein neues Design!","isPartOf":{"@id":"https:\/\/www.smartsteuer.de\/online\/#website"},"primaryImageOfPage":{"@id":"https:\/\/www.smartsteuer.de\/online\/wir-haben-ein-neues-design\/#primaryimage"},"image":{"@id":"https:\/\/www.smartsteuer.de\/online\/wir-haben-ein-neues-design\/#primaryimage"},"thumbnailUrl":"https:\/\/www.smartsteuer.de\/online\/wp-content\/uploads\/2024\/11\/smartsteuer_produktwelten-1024x241.webp","datePublished":"2024-11-13T14:05:05+00:00","dateModified":"2024-11-14T09:53:25+00:00","description":"Wir haben ein neues Design! - smartsteuer","breadcrumb":{"@id":"https:\/\/www.smartsteuer.de\/online\/wir-haben-ein-neues-design\/#breadcrumb"},"inLanguage":"de","potentialAction":[{"@type":"ReadAction","target":["https:\/\/www.smartsteuer.de\/online\/wir-haben-ein-neues-design\/"]}]},{"@type":"ImageObject","inLanguage":"de","@id":"https:\/\/www.smartsteuer.de\/online\/wir-haben-ein-neues-design\/#primaryimage","url":"https:\/\/www.smartsteuer.de\/online\/wp-content\/uploads\/2024\/11\/smartsteuer_produktwelten-scaled.webp","contentUrl":"https:\/\/www.smartsteuer.de\/online\/wp-content\/uploads\/2024\/11\/smartsteuer_produktwelten-scaled.webp","width":2560,"height":603},{"@type":"BreadcrumbList","@id":"https:\/\/www.smartsteuer.de\/online\/wir-haben-ein-neues-design\/#breadcrumb","itemListElement":[{"@type":"ListItem","position":1,"name":"Home","item":"https:\/\/www.smartsteuer.de\/online\/"},{"@type":"ListItem","position":2,"name":"Wir haben ein neues Design!"}]},{"@type":"WebSite","@id":"https:\/\/www.smartsteuer.de\/online\/#website","url":"https:\/\/www.smartsteuer.de\/online\/","name":"smartsteuer","description":"Steuererkl\u00e4rung 2024 online machen &amp; Steuern sparen","publisher":{"@id":"https:\/\/www.smartsteuer.de\/online\/#organization"},"potentialAction":[{"@type":"SearchAction","target":{"@type":"EntryPoint","urlTemplate":"https:\/\/www.smartsteuer.de\/online\/?s={search_term_string}"},"query-input":{"@type":"PropertyValueSpecification","valueRequired":true,"valueName":"search_term_string"}}],"inLanguage":"de"},{"@type":"Organization","@id":"https:\/\/www.smartsteuer.de\/online\/#organization","name":"smartsteuer GmbH","url":"https:\/\/www.smartsteuer.de\/online\/","logo":{"@type":"ImageObject","inLanguage":"de","@id":"https:\/\/www.smartsteuer.de\/online\/#\/schema\/logo\/image\/","url":"https:\/\/www.smartsteuer.de\/online\/wp-content\/uploads\/2024\/11\/Favicon-smartsteuer.png","contentUrl":"https:\/\/www.smartsteuer.de\/online\/wp-content\/uploads\/2024\/11\/Favicon-smartsteuer.png","width":512,"height":512,"caption":"smartsteuer GmbH"},"image":{"@id":"https:\/\/www.smartsteuer.de\/online\/#\/schema\/logo\/image\/"},"sameAs":["https:\/\/de-de.facebook.com\/smartsteuer\/","https:\/\/x.com\/smartsteuer","https:\/\/www.youtube.com\/channel\/UCu02GkFNrMRzwysT2SEmNrQ"]}]}},"_links":{"self":[{"href":"https:\/\/www.smartsteuer.de\/online\/wp-json\/wp\/v2\/pages\/69086","targetHints":{"allow":["GET"]}}],"collection":[{"href":"https:\/\/www.smartsteuer.de\/online\/wp-json\/wp\/v2\/pages"}],"about":[{"href":"https:\/\/www.smartsteuer.de\/online\/wp-json\/wp\/v2\/types\/page"}],"author":[{"embeddable":true,"href":"https:\/\/www.smartsteuer.de\/online\/wp-json\/wp\/v2\/users\/42"}],"replies":[{"embeddable":true,"href":"https:\/\/www.smartsteuer.de\/online\/wp-json\/wp\/v2\/comments?post=69086"}],"version-history":[{"count":27,"href":"https:\/\/www.smartsteuer.de\/online\/wp-json\/wp\/v2\/pages\/69086\/revisions"}],"predecessor-version":[{"id":69233,"href":"https:\/\/www.smartsteuer.de\/online\/wp-json\/wp\/v2\/pages\/69086\/revisions\/69233"}],"wp:attachment":[{"href":"https:\/\/www.smartsteuer.de\/online\/wp-json\/wp\/v2\/media?parent=69086"}],"curies":[{"name":"wp","href":"https:\/\/api.w.org\/{rel}","templated":true}]}}