{"id":80543,"date":"2025-08-12T11:09:49","date_gmt":"2025-08-12T09:09:49","guid":{"rendered":"https:\/\/www.smartsteuer.de\/online\/?page_id=80543"},"modified":"2026-01-14T15:21:59","modified_gmt":"2026-01-14T13:21:59","slug":"smartsteuer-app","status":"publish","type":"page","link":"https:\/\/www.smartsteuer.de\/online\/online-steuererklaerung\/smartsteuer-app\/","title":{"rendered":"smartsteuer app"},"content":{"rendered":"<div class=\"sui-sheet-wrapper\">\n\t<section class=\"lb-section sui-sheet--up-flat sui-sheet-padding-flat sui-theme-bright\">\n\t\t<div class=\"sui-container \">\n\t\t\t<\/p>\n<h1>smartsteuer App &#8211; Steuererkl\u00e4rung mit dem Smartphone<\/h1>\n<p>Mach mit der smartsteuer App Deine Steuererkl\u00e4rung mit dem Smartphone ganz ohne Download. Hol Dir \u2205 1.328 \u20ac zur\u00fcck.<\/p>\n<p><a class='sui-button-cta mt-2 sui-button-xlarge' href='https:\/\/profil.smartsteuer.de\/service-redirect.html?myExternal=lb_default' role='button'>\n\tJetzt starten\t\n<\/a><\/p>\n<p><div class=\"sui-swiper\"><\/p>\n<p><div class=\"sui-swiper-slide\"><\/p>\n<p><a href=\"https:\/\/www.smartsteuer.de\/online\/wp-content\/uploads\/2025\/07\/Screenshot-2025-07-14-112955.png\"><img loading=\"lazy\" decoding=\"async\" class=\"alignnone wp-image-80900 size-medium\" src=\"https:\/\/www.smartsteuer.de\/online\/wp-content\/uploads\/2025\/07\/Screenshot-2025-07-14-112955-156x300.png\" alt=\"smartsteuer App\" width=\"156\" height=\"300\" srcset=\"https:\/\/www.smartsteuer.de\/online\/wp-content\/uploads\/2025\/07\/Screenshot-2025-07-14-112955-156x300.png 156w, https:\/\/www.smartsteuer.de\/online\/wp-content\/uploads\/2025\/07\/Screenshot-2025-07-14-112955-531x1024.png 531w, https:\/\/www.smartsteuer.de\/online\/wp-content\/uploads\/2025\/07\/Screenshot-2025-07-14-112955.png 616w\" sizes=\"auto, (max-width: 156px) 100vw, 156px\" \/><\/a><\/p>\n<p><\/div><\/p>\n<p><div class=\"sui-swiper-slide\"><\/p>\n<p><a href=\"https:\/\/www.smartsteuer.de\/online\/wp-content\/uploads\/2025\/07\/Screenshot-2025-07-14-113301.png\"><img loading=\"lazy\" decoding=\"async\" class=\"alignnone wp-image-80903 size-medium\" src=\"https:\/\/www.smartsteuer.de\/online\/wp-content\/uploads\/2025\/07\/Screenshot-2025-07-14-113301-145x300.png\" alt=\"Steuer App von smartsteuer\" width=\"145\" height=\"300\" srcset=\"https:\/\/www.smartsteuer.de\/online\/wp-content\/uploads\/2025\/07\/Screenshot-2025-07-14-113301-145x300.png 145w, https:\/\/www.smartsteuer.de\/online\/wp-content\/uploads\/2025\/07\/Screenshot-2025-07-14-113301-495x1024.png 495w, https:\/\/www.smartsteuer.de\/online\/wp-content\/uploads\/2025\/07\/Screenshot-2025-07-14-113301.png 613w\" sizes=\"auto, (max-width: 145px) 100vw, 145px\" \/><\/a><\/p>\n<p><\/div><\/p>\n<p><div class=\"sui-swiper-slide\"><\/p>\n<p><a href=\"https:\/\/www.smartsteuer.de\/online\/wp-content\/uploads\/2025\/07\/Screenshot-2025-07-14-113415.png\"><img loading=\"lazy\" decoding=\"async\" class=\"alignnone wp-image-80906 size-medium\" src=\"https:\/\/www.smartsteuer.de\/online\/wp-content\/uploads\/2025\/07\/Screenshot-2025-07-14-113415-155x300.png\" alt=\"steuererkl\u00e4rung App\" width=\"155\" height=\"300\" srcset=\"https:\/\/www.smartsteuer.de\/online\/wp-content\/uploads\/2025\/07\/Screenshot-2025-07-14-113415-155x300.png 155w, https:\/\/www.smartsteuer.de\/online\/wp-content\/uploads\/2025\/07\/Screenshot-2025-07-14-113415-529x1024.png 529w, https:\/\/www.smartsteuer.de\/online\/wp-content\/uploads\/2025\/07\/Screenshot-2025-07-14-113415.png 611w\" sizes=\"auto, (max-width: 155px) 100vw, 155px\" \/><\/a><\/p>\n<p><\/div><\/p>\n<p><\/div><\/p>\n<p>\n\t\t<\/div>\n\t<\/section>\n<\/div>\n<div class=\"sui-sheet-wrapper\">\n\t<section class=\"lb-section sui-sheet--up-flat sui-sheet-padding-flat sui-theme-bright\">\n\t\t<div class=\"sui-container \">\n\t\t\t<\/p>\n<h2>Was ist eine Steuer App?<\/h2>\n<p>Eine Steuer App ist ein Programm, mit dem Du Deine Steuer machen kannst. Die smartsteuer App kannst Du auf dem Desktop, Tablett oder Smartphone ohne Download direkt im Browser nutzen.<\/p>\n<p>Du kannst mit dem Handy starten und dann am Computer weiterarbeiten, smartsteuer passt sich Dir und Deinem Leben an. Vom <a href=\"https:\/\/www.smartsteuer.de\/online\/online-steuererklaerung\/\">Azubi<\/a> \u00fcber <a href=\"https:\/\/www.smartsteuer.de\/online\/online-steuererklaerung\/#selbststaendige\">Selbstst\u00e4ndigkeit<\/a> bis zur <a href=\"https:\/\/www.smartsteuer.de\/online\/online-steuererklaerung\/#rentner\">Rente ist Deine Steuererkl\u00e4rung<\/a> kein Problem. Egal, auf welchem Endger\u00e4t.<\/p>\n<p>\n\t\t<\/div>\n\t<\/section>\n<\/div>\n<div class=\"sui-sheet-wrapper\">\n\t<section class=\"lb-section sui-sheet--up-flat sui-sheet-padding-flat sui-theme-bright\">\n\t\t<div class=\"sui-container \">\n\t\t\t<\/p>\n<p><div class=\"sui-accordion\" id=\"sui-accordion-169f377e23df7a\"><\/p>\n<p><h3 class=\"sui-accordion-title\">Was ben\u00f6tigst Du, um die Steuererkl\u00e4rung mit smartsteuer zu machen?<\/h3><div class=\"sui-accordion-item \"><\/p>\n<p>Einen Internet-Zugang und ein Smartphone mit dem Browser Deiner Wahl. Du ben\u00f6tigst kein Steuerwissen. Wir f\u00fchren Dich durch die Steuererkl\u00e4rung.<\/p>\n<p><\/div><\/p>\n<p><h3 class=\"sui-accordion-title\">Welches Betriebssystem ben\u00f6tige ich f\u00fcr die Steuer App von smartsteuer?<\/h3><div class=\"sui-accordion-item \"><\/p>\n<p>Du kannst die Smartsteuer App mit allen Betriebssystemen \u00f6ffnen. Du kannst selbst entscheiden, ob Du Deine Steuererkl\u00e4rung mit einem Windows, Android, Linux oder macOS System machen m\u00f6chtest.<\/p>\n<p><\/div><\/p>\n<p><h3 class=\"sui-accordion-title\">Welche Smartphones unterst\u00fctzt die smartsteuer App?<\/h3><div class=\"sui-accordion-item \"><\/p>\n<p>Du kannst mit jeder Smartphone-Marke die <a href=\"https:\/\/www.smartsteuer.de\/online\/online-steuererklaerung\/\">Steuererkl\u00e4rung mit smartsteuer<\/a> machen. Smartsteuer unterst\u00fctzt alle Ger\u00e4te, die einen Browser installiert haben.<\/p>\n<p>Du kannst es einfach kurz ausprobieren, den Du zahlst erst bei Abgabe Deiner Steuererkl\u00e4rung 39,99 \u20ac.<\/p>\n<p><\/div><\/p>\n<p><h3 class=\"sui-accordion-title\">Welchen Browser ben\u00f6tige ich f\u00fcr die Steuer mit der App?<\/h3><div class=\"sui-accordion-item \"><\/p>\n<p>Smartsteuer unterst\u00fctzt alle g\u00e4ngigen Browser.<\/p>\n<p><\/div><\/p>\n<p><h3 class=\"sui-accordion-title\">Sind meine Daten sicher?<\/h3><div class=\"sui-accordion-item \"><\/p>\n<p>Smartsteuer nutzt Datenverschl\u00fcsselung und sichere Orte zum Sichern Deiner Daten. Dadurch sind Deine Daten gesch\u00fctzt. Unsere Systeme werden regelm\u00e4\u00dfig durch das Bundesamt f\u00fcr Sicherheit und Informationstechnik (BSI) \u00fcberpr\u00fcft. Zus\u00e4tzlich f\u00fchren wir st\u00e4ndig eigene Sicherheitstests durch.<\/p>\n<p>Da kein Programm von einem App-Store installiert werden muss, sind zus\u00e4tzliche Sicherheitsl\u00fccken ausgeschlossen. Weitere Infos dazu beim <a href=\"https:\/\/www.bsi.bund.de\/DE\/Themen\/Verbraucherinnen-und-Verbraucher\/Informationen-und-Empfehlungen\/Cyber-Sicherheitsempfehlungen\/Basisschutz-fuer-Computer-Mobilgeraete\/Schutz-fuer-Mobilgeraete\/Sicherheit-bei-Apps\/sicherheit-bei-apps.html\">BSI<\/a>.<\/p>\n<p><\/div><\/p>\n<p><h3 class=\"sui-accordion-title\">F\u00fcr wen ist die smartsteuer App geeignet?<\/h3><div class=\"sui-accordion-item \"><\/p>\n<p>Alle, die eine <a href=\"https:\/\/www.smartsteuer.de\/online\/\">Online Steuererkl\u00e4rung<\/a> in Deutschland beim Finanzamt abgeben m\u00f6chten. Das sind Angestellte, Selbstst\u00e4ndige, Rentner und Studenten. Einmal zahlen und 5 Abgaben inklusive.<\/p>\n<p><\/div><\/p>\n<p><\/div><\/p>\n<p>\n\t\t<\/div>\n\t<\/section>\n<\/div>\n<p>&nbsp;<\/p>\n<div class=\"sui-sheet-wrapper\">\n\t<section class=\"lb-section sui-sheet--up-flat sui-sheet-padding-flat sui-theme-electric sui-theme-box-2\">\n\t\t<div class=\"sui-container \">\n\t\t\t<\/p>\n<h3>Die\u00a0 Steuer App von Smartsteuer\u00a0 testen?<\/h3>\n<p><a class='sui-button-cta mt-2 sui-button-xlarge' href='https:\/\/profil.smartsteuer.de\/service-redirect.html?myExternal=lb_default' role='button'>\n\tJetzt testen\t\n<\/a><\/p>\n<p>\n\t\t<\/div>\n\t<\/section>\n<\/div>\n\n<!-- Desktop -->\n<div class=\"sui-sheet-wrapper\">\n\t<section class=\"lb-section lb-seals sui-sheet--up-flat sui-sheet-padding-flat sui-theme-bright\">\n\n\t\t<div>\n\n\t\t\t<div class=\"sui-container\">\n\t\t\t\t<h2>\n\t\t\t\t\tMehrfach getestet<br>und f\u00fcr \n\t\t\t\t\t<strong style=\"color:var(--sui-color-electric-600); font-weight: inherit\">\u00bbsehr gut\u00ab<\/strong>\n\t\t\t\t\tbefunden.\n\t\t\t\t<\/h2>\n\t\t\t<\/div>\n\n\t\t\t<div class=\"sui-container px-lg-6 d-none d-md-block\">\n\n\t\t\t\t<div class=\"row align-items-center px-6 mt-5\">\n\n\t\t\t\t\t<div class=\"col-sm px-2 px-xl-5\">\n\t\t\t\t\t\t<a href=\"https:\/\/smartsteuer-mrk.objectstorage.fes.cloud.syseleven.net\/zertifikate\/Zertifikat_SHiG_digital_smartsteuer_GmbH.PDF\"\n\t\t\t\t\t\t\ttitle=\"Made (and hosted) in Germany\"\n\t\t\t\t\t\t\ttarget=\"_blank\">\n\t\t\t\t\t\t\t<img decoding=\"async\" src=\"\n\t\t\t\t\t\t\thttps:\/\/www.smartsteuer.de\/online\/wp-content\/plugins\/plugin-landingpagebuilder\/src\/elements\/seals\/\t\t\t\t\t\t\timg\/logo-shig.webp\" style=\"width:90%;\"\n\t\t\t\t\t\t\t\talt=\"Hosted in germany\">\n\t\t\t\t\t\t<\/a>\n\t\t\t\t\t<\/div>\n\n\t\t\t\t\t<div class=\"col-sm px-2 px-xl-4\">\n\t\t\t\t\t\t<a href=\"https:\/\/finanzwissen.de\/erfahrungen\/smartsteuer\/\"\n\t\t\t\t\t\t\ttitle=\"Erfahrungen & Bewertungen zu smartsteuer GmbH anzeigen\" target=\"_blank\"\n\t\t\t\t\t\t\tstyle=\"text-decoration:none;\">\n\t\t\t\t\t\t\t<img decoding=\"async\" src=\"\n\t\t\t\t\t\t\thttps:\/\/www.smartsteuer.de\/online\/wp-content\/plugins\/plugin-landingpagebuilder\/src\/elements\/seals\/\t\t\t\t\t\t\timg\/seal-finanzwissen.webp\"\n\t\t\t\t\t\t\t\talt=\"Finanzwissen\"\/>\n\t\t\t\t\t\t<\/a>\n\t\t\t\t\t<\/div>\n\n\t\t\t\t\t<div class=\"col-sm px-2 px-xl-5\">\n\t\t\t\t\t\t<a href=\"https:\/\/www.tuv-saar.com\/certificates\/46535\" target=\"_blank\">\n\t\t\t\t\t\t\t<img decoding=\"async\" src=\"\n\t\t\t\t\t\t\thttps:\/\/www.smartsteuer.de\/online\/wp-content\/plugins\/plugin-landingpagebuilder\/src\/elements\/seals\/\t\t\t\t\t\t\timg\/tuev-saarland-datenschutz.svg\"\n\t\t\t\t\t\t\t\talt=\"T\u00dcV Saarland Datenschutz\"\/>\n\t\t\t\t\t\t<\/a>\n\t\t\t\t\t<\/div>\n\n\t\t\t\t<\/div>\n\t\t\t<\/div>\n\n\t\t\t<!-- Mobile -->\n\n\t\t\t<div class=\"sui-container px-0 d-block d-md-none\">\n\n\t\t\t\t<div class=\"sui-swiper\">\n\n\t\t\t\t\t<div class=\"sui-swiper-slide\" style=\"height: 200px;\">\n\t\t\t\t\t\t<div class=\"d-flex align-items-center\">\n\t\t\t\t\t\t\t<div class=\"flex-1 px-1 pr-sm-2 pl-sm-4\">\n\t\t\t\t\t\t\t\t<a target=\"_blank\" href=\"https:\/\/www.tuv-saar.com\/certificates\/46535\">\n\t\t\t\t\t\t\t\t\t<img\n\t\t\t\t\t\t\t\t\t\tsrc=\"https:\/\/www.smartsteuer.de\/online\/wp-content\/plugins\/plugin-landingpagebuilder\/src\/elements\/seals\/img\/tuev-saarland-datenschutz.svg\"\n\t\t\t\t\t\t\t\t\t\talt=\"T\u00dcV Saarland Datenschutz\" style=\"width: 100%;\"\/>\n\t\t\t\t\t\t\t\t<\/a>\n\t\t\t\t\t\t\t<\/div>\n\t\t\t\t\t\t\t<div class=\"flex-1 px-1 pr-sm-4 pl-sm-4\">\n\t\t\t\t\t\t\t\t<a href=\"https:\/\/finanzwissen.de\/erfahrungen\/smartsteuer\/\"\n\t\t\t\t\t\t\t\t\ttitle=\"Erfahrungen & Bewertungen zu smartsteuer GmbH anzeigen\" target=\"_blank\"\n\t\t\t\t\t\t\t\t\tstyle=\"text-decoration:none;\">\n\t\t\t\t\t\t\t\t\t<img decoding=\"async\" src=\"\n\t\t\t\t\t\t\t\t\thttps:\/\/www.smartsteuer.de\/online\/wp-content\/plugins\/plugin-landingpagebuilder\/src\/elements\/seals\/\t\t\t\t\t\t\t\t\timg\/seal-finanzwissen.webp\"\n\t\t\t\t\t\t\t\t\t\talt=\"Finanzwissen\"\/>\n\t\t\t\t\t\t\t\t<\/a>\n\t\t\t\t\t\t\t<\/div>\n\t\t\t\t\t\t<\/div>\n\t\t\t\t\t<\/div>\n\n\t\t\t\t\t<div class=\"sui-swiper-slide\" style=\"height: 200px;\">\n\t\t\t\t\t\t<div class=\"d-flex flex-1 justify-content-center px-2 px-sm-5\">\n\t\t\t\t\t\t\t<a target=\"_blank\" href=\"https:\/\/smartsteuer-mrk.objectstorage.fes.cloud.syseleven.net\/zertifikate\/Zertifikat_SHiG_digital_smartsteuer_GmbH.PDF\">\n\t\t\t\t\t\t\t\t<img decoding=\"async\" src=\"\n\t\t\t\t\t\t\t\t\thttps:\/\/www.smartsteuer.de\/online\/wp-content\/plugins\/plugin-landingpagebuilder\/src\/elements\/seals\/\t\t\t\t\t\t\t\t\timg\/logo-shig.webp\"\n\t\t\t\t\t\t\t\t\talt=\"Hosted in Germany\"\n\t\t\t\t\t\t\t\t\tstyle=\"max-height: 200px;\"\/>\n\t\t\t\t\t\t\t<\/a>\n\t\t\t\t\t\t<\/div>\n\t\t\t\t\t<\/div>\n\n\t\t\t\t<\/div>\n\t\t\t<\/div>\n\n\t\t<\/div>\n\n\t<\/section>\n<\/div>\n","protected":false},"excerpt":{"rendered":"<p>&nbsp;<\/p>\n","protected":false},"author":47,"featured_media":0,"parent":78554,"menu_order":0,"comment_status":"closed","ping_status":"closed","template":"landingpage-template.php","meta":{"_acf_changed":false,"footnotes":""},"class_list":["post-80543","page","type-page","status-publish","hentry"],"acf":[],"yoast_head":"<!-- This site is optimized with the Yoast SEO Premium plugin v27.5 (Yoast SEO v27.5) - https:\/\/yoast.com\/product\/yoast-seo-premium-wordpress\/ -->\n<title>smartsteuer App - Steuer mit dem Smartphone<\/title>\n<meta name=\"description\" content=\"smartsteuer App f\u00fcr deine Steuer? \u00b4Die Steuer einfach auf dem Handy machen. Ohne Download. Schnell und bequem.\" \/>\n<meta name=\"robots\" content=\"index, follow, max-snippet:-1, max-image-preview:large, max-video-preview:-1\" \/>\n<link rel=\"canonical\" href=\"https:\/\/www.smartsteuer.de\/online\/online-steuererklaerung\/smartsteuer-app\/\" \/>\n<meta property=\"og:locale\" content=\"de_DE\" \/>\n<meta property=\"og:type\" content=\"article\" \/>\n<meta property=\"og:title\" content=\"smartsteuer app\" \/>\n<meta property=\"og:description\" content=\"smartsteuer App f\u00fcr deine Steuer? \u00b4Die Steuer einfach auf dem Handy machen. Ohne Download. Schnell und bequem.\" \/>\n<meta property=\"og:url\" content=\"https:\/\/www.smartsteuer.de\/online\/online-steuererklaerung\/smartsteuer-app\/\" \/>\n<meta property=\"og:site_name\" content=\"smartsteuer\" \/>\n<meta property=\"article:publisher\" content=\"https:\/\/de-de.facebook.com\/smartsteuer\/\" \/>\n<meta property=\"article:modified_time\" content=\"2026-01-14T13:21:59+00:00\" \/>\n<meta property=\"og:image\" content=\"https:\/\/www.smartsteuer.de\/online\/wp-content\/uploads\/2025\/07\/Screenshot-2025-07-14-112955-156x300.png\" \/>\n<meta name=\"twitter:card\" content=\"summary_large_image\" \/>\n<meta name=\"twitter:site\" content=\"@smartsteuer\" \/>\n<meta name=\"twitter:label1\" content=\"Gesch\u00e4tzte Lesezeit\" \/>\n\t<meta name=\"twitter:data1\" content=\"3\u00a0Minuten\" \/>\n<script type=\"application\/ld+json\" class=\"yoast-schema-graph\">{\"@context\":\"https:\\\/\\\/schema.org\",\"@graph\":[{\"@type\":\"WebPage\",\"@id\":\"https:\\\/\\\/www.smartsteuer.de\\\/online\\\/online-steuererklaerung\\\/smartsteuer-app\\\/\",\"url\":\"https:\\\/\\\/www.smartsteuer.de\\\/online\\\/online-steuererklaerung\\\/smartsteuer-app\\\/\",\"name\":\"smartsteuer App - Steuer mit dem Smartphone\",\"isPartOf\":{\"@id\":\"https:\\\/\\\/www.smartsteuer.de\\\/online\\\/#website\"},\"primaryImageOfPage\":{\"@id\":\"https:\\\/\\\/www.smartsteuer.de\\\/online\\\/online-steuererklaerung\\\/smartsteuer-app\\\/#primaryimage\"},\"image\":{\"@id\":\"https:\\\/\\\/www.smartsteuer.de\\\/online\\\/online-steuererklaerung\\\/smartsteuer-app\\\/#primaryimage\"},\"thumbnailUrl\":\"https:\\\/\\\/www.smartsteuer.de\\\/online\\\/wp-content\\\/uploads\\\/2025\\\/07\\\/Screenshot-2025-07-14-112955-156x300.png\",\"datePublished\":\"2025-08-12T09:09:49+00:00\",\"dateModified\":\"2026-01-14T13:21:59+00:00\",\"description\":\"smartsteuer App f\u00fcr deine Steuer? \u00b4Die Steuer einfach auf dem Handy machen. Ohne Download. Schnell und bequem.\",\"breadcrumb\":{\"@id\":\"https:\\\/\\\/www.smartsteuer.de\\\/online\\\/online-steuererklaerung\\\/smartsteuer-app\\\/#breadcrumb\"},\"inLanguage\":\"de\",\"potentialAction\":[{\"@type\":\"ReadAction\",\"target\":[\"https:\\\/\\\/www.smartsteuer.de\\\/online\\\/online-steuererklaerung\\\/smartsteuer-app\\\/\"]}]},{\"@type\":\"ImageObject\",\"inLanguage\":\"de\",\"@id\":\"https:\\\/\\\/www.smartsteuer.de\\\/online\\\/online-steuererklaerung\\\/smartsteuer-app\\\/#primaryimage\",\"url\":\"https:\\\/\\\/www.smartsteuer.de\\\/online\\\/wp-content\\\/uploads\\\/2025\\\/07\\\/Screenshot-2025-07-14-112955.png\",\"contentUrl\":\"https:\\\/\\\/www.smartsteuer.de\\\/online\\\/wp-content\\\/uploads\\\/2025\\\/07\\\/Screenshot-2025-07-14-112955.png\",\"width\":616,\"height\":1187},{\"@type\":\"BreadcrumbList\",\"@id\":\"https:\\\/\\\/www.smartsteuer.de\\\/online\\\/online-steuererklaerung\\\/smartsteuer-app\\\/#breadcrumb\",\"itemListElement\":[{\"@type\":\"ListItem\",\"position\":1,\"name\":\"Home\",\"item\":\"https:\\\/\\\/www.smartsteuer.de\\\/online\\\/\"},{\"@type\":\"ListItem\",\"position\":2,\"name\":\"Steuererkl\u00e4rung online abgeben \u21d2 schnell &#038; einfach\",\"item\":\"https:\\\/\\\/www.smartsteuer.de\\\/online\\\/online-steuererklaerung\\\/\"},{\"@type\":\"ListItem\",\"position\":3,\"name\":\"smartsteuer app\"}]},{\"@type\":\"WebSite\",\"@id\":\"https:\\\/\\\/www.smartsteuer.de\\\/online\\\/#website\",\"url\":\"https:\\\/\\\/www.smartsteuer.de\\\/online\\\/\",\"name\":\"smartsteuer\",\"description\":\"Steuererkl\u00e4rung 2024 online machen &amp; Steuern sparen\",\"publisher\":{\"@id\":\"https:\\\/\\\/www.smartsteuer.de\\\/online\\\/#organization\"},\"potentialAction\":[{\"@type\":\"SearchAction\",\"target\":{\"@type\":\"EntryPoint\",\"urlTemplate\":\"https:\\\/\\\/www.smartsteuer.de\\\/online\\\/?s={search_term_string}\"},\"query-input\":{\"@type\":\"PropertyValueSpecification\",\"valueRequired\":true,\"valueName\":\"search_term_string\"}}],\"inLanguage\":\"de\"},{\"@type\":\"Organization\",\"@id\":\"https:\\\/\\\/www.smartsteuer.de\\\/online\\\/#organization\",\"name\":\"smartsteuer GmbH\",\"url\":\"https:\\\/\\\/www.smartsteuer.de\\\/online\\\/\",\"logo\":{\"@type\":\"ImageObject\",\"inLanguage\":\"de\",\"@id\":\"https:\\\/\\\/www.smartsteuer.de\\\/online\\\/#\\\/schema\\\/logo\\\/image\\\/\",\"url\":\"https:\\\/\\\/www.smartsteuer.de\\\/online\\\/wp-content\\\/uploads\\\/2024\\\/11\\\/Favicon-smartsteuer.png\",\"contentUrl\":\"https:\\\/\\\/www.smartsteuer.de\\\/online\\\/wp-content\\\/uploads\\\/2024\\\/11\\\/Favicon-smartsteuer.png\",\"width\":512,\"height\":512,\"caption\":\"smartsteuer GmbH\"},\"image\":{\"@id\":\"https:\\\/\\\/www.smartsteuer.de\\\/online\\\/#\\\/schema\\\/logo\\\/image\\\/\"},\"sameAs\":[\"https:\\\/\\\/de-de.facebook.com\\\/smartsteuer\\\/\",\"https:\\\/\\\/x.com\\\/smartsteuer\",\"https:\\\/\\\/www.youtube.com\\\/channel\\\/UCu02GkFNrMRzwysT2SEmNrQ\"]}]}<\/script>\n<!-- \/ Yoast SEO Premium plugin. -->","yoast_head_json":{"title":"smartsteuer App - Steuer mit dem Smartphone","description":"smartsteuer App f\u00fcr deine Steuer? \u00b4Die Steuer einfach auf dem Handy machen. Ohne Download. Schnell und bequem.","robots":{"index":"index","follow":"follow","max-snippet":"max-snippet:-1","max-image-preview":"max-image-preview:large","max-video-preview":"max-video-preview:-1"},"canonical":"https:\/\/www.smartsteuer.de\/online\/online-steuererklaerung\/smartsteuer-app\/","og_locale":"de_DE","og_type":"article","og_title":"smartsteuer app","og_description":"smartsteuer App f\u00fcr deine Steuer? \u00b4Die Steuer einfach auf dem Handy machen. Ohne Download. Schnell und bequem.","og_url":"https:\/\/www.smartsteuer.de\/online\/online-steuererklaerung\/smartsteuer-app\/","og_site_name":"smartsteuer","article_publisher":"https:\/\/de-de.facebook.com\/smartsteuer\/","article_modified_time":"2026-01-14T13:21:59+00:00","og_image":[{"url":"https:\/\/www.smartsteuer.de\/online\/wp-content\/uploads\/2025\/07\/Screenshot-2025-07-14-112955-156x300.png","type":"","width":"","height":""}],"twitter_card":"summary_large_image","twitter_site":"@smartsteuer","twitter_misc":{"Gesch\u00e4tzte Lesezeit":"3\u00a0Minuten"},"schema":{"@context":"https:\/\/schema.org","@graph":[{"@type":"WebPage","@id":"https:\/\/www.smartsteuer.de\/online\/online-steuererklaerung\/smartsteuer-app\/","url":"https:\/\/www.smartsteuer.de\/online\/online-steuererklaerung\/smartsteuer-app\/","name":"smartsteuer App - Steuer mit dem Smartphone","isPartOf":{"@id":"https:\/\/www.smartsteuer.de\/online\/#website"},"primaryImageOfPage":{"@id":"https:\/\/www.smartsteuer.de\/online\/online-steuererklaerung\/smartsteuer-app\/#primaryimage"},"image":{"@id":"https:\/\/www.smartsteuer.de\/online\/online-steuererklaerung\/smartsteuer-app\/#primaryimage"},"thumbnailUrl":"https:\/\/www.smartsteuer.de\/online\/wp-content\/uploads\/2025\/07\/Screenshot-2025-07-14-112955-156x300.png","datePublished":"2025-08-12T09:09:49+00:00","dateModified":"2026-01-14T13:21:59+00:00","description":"smartsteuer App f\u00fcr deine Steuer? \u00b4Die Steuer einfach auf dem Handy machen. Ohne Download. Schnell und bequem.","breadcrumb":{"@id":"https:\/\/www.smartsteuer.de\/online\/online-steuererklaerung\/smartsteuer-app\/#breadcrumb"},"inLanguage":"de","potentialAction":[{"@type":"ReadAction","target":["https:\/\/www.smartsteuer.de\/online\/online-steuererklaerung\/smartsteuer-app\/"]}]},{"@type":"ImageObject","inLanguage":"de","@id":"https:\/\/www.smartsteuer.de\/online\/online-steuererklaerung\/smartsteuer-app\/#primaryimage","url":"https:\/\/www.smartsteuer.de\/online\/wp-content\/uploads\/2025\/07\/Screenshot-2025-07-14-112955.png","contentUrl":"https:\/\/www.smartsteuer.de\/online\/wp-content\/uploads\/2025\/07\/Screenshot-2025-07-14-112955.png","width":616,"height":1187},{"@type":"BreadcrumbList","@id":"https:\/\/www.smartsteuer.de\/online\/online-steuererklaerung\/smartsteuer-app\/#breadcrumb","itemListElement":[{"@type":"ListItem","position":1,"name":"Home","item":"https:\/\/www.smartsteuer.de\/online\/"},{"@type":"ListItem","position":2,"name":"Steuererkl\u00e4rung online abgeben \u21d2 schnell &#038; einfach","item":"https:\/\/www.smartsteuer.de\/online\/online-steuererklaerung\/"},{"@type":"ListItem","position":3,"name":"smartsteuer app"}]},{"@type":"WebSite","@id":"https:\/\/www.smartsteuer.de\/online\/#website","url":"https:\/\/www.smartsteuer.de\/online\/","name":"smartsteuer","description":"Steuererkl\u00e4rung 2024 online machen &amp; Steuern sparen","publisher":{"@id":"https:\/\/www.smartsteuer.de\/online\/#organization"},"potentialAction":[{"@type":"SearchAction","target":{"@type":"EntryPoint","urlTemplate":"https:\/\/www.smartsteuer.de\/online\/?s={search_term_string}"},"query-input":{"@type":"PropertyValueSpecification","valueRequired":true,"valueName":"search_term_string"}}],"inLanguage":"de"},{"@type":"Organization","@id":"https:\/\/www.smartsteuer.de\/online\/#organization","name":"smartsteuer GmbH","url":"https:\/\/www.smartsteuer.de\/online\/","logo":{"@type":"ImageObject","inLanguage":"de","@id":"https:\/\/www.smartsteuer.de\/online\/#\/schema\/logo\/image\/","url":"https:\/\/www.smartsteuer.de\/online\/wp-content\/uploads\/2024\/11\/Favicon-smartsteuer.png","contentUrl":"https:\/\/www.smartsteuer.de\/online\/wp-content\/uploads\/2024\/11\/Favicon-smartsteuer.png","width":512,"height":512,"caption":"smartsteuer GmbH"},"image":{"@id":"https:\/\/www.smartsteuer.de\/online\/#\/schema\/logo\/image\/"},"sameAs":["https:\/\/de-de.facebook.com\/smartsteuer\/","https:\/\/x.com\/smartsteuer","https:\/\/www.youtube.com\/channel\/UCu02GkFNrMRzwysT2SEmNrQ"]}]}},"_links":{"self":[{"href":"https:\/\/www.smartsteuer.de\/online\/wp-json\/wp\/v2\/pages\/80543","targetHints":{"allow":["GET"]}}],"collection":[{"href":"https:\/\/www.smartsteuer.de\/online\/wp-json\/wp\/v2\/pages"}],"about":[{"href":"https:\/\/www.smartsteuer.de\/online\/wp-json\/wp\/v2\/types\/page"}],"author":[{"embeddable":true,"href":"https:\/\/www.smartsteuer.de\/online\/wp-json\/wp\/v2\/users\/47"}],"replies":[{"embeddable":true,"href":"https:\/\/www.smartsteuer.de\/online\/wp-json\/wp\/v2\/comments?post=80543"}],"version-history":[{"count":51,"href":"https:\/\/www.smartsteuer.de\/online\/wp-json\/wp\/v2\/pages\/80543\/revisions"}],"predecessor-version":[{"id":82193,"href":"https:\/\/www.smartsteuer.de\/online\/wp-json\/wp\/v2\/pages\/80543\/revisions\/82193"}],"up":[{"embeddable":true,"href":"https:\/\/www.smartsteuer.de\/online\/wp-json\/wp\/v2\/pages\/78554"}],"wp:attachment":[{"href":"https:\/\/www.smartsteuer.de\/online\/wp-json\/wp\/v2\/media?parent=80543"}],"curies":[{"name":"wp","href":"https:\/\/api.w.org\/{rel}","templated":true}]}}