{"id":81302,"date":"2025-07-15T11:53:22","date_gmt":"2025-07-15T09:53:22","guid":{"rendered":"https:\/\/www.smartsteuer.de\/online\/?page_id=81302"},"modified":"2025-07-15T12:32:09","modified_gmt":"2025-07-15T10:32:09","slug":"datenschutzerklaerung-scocial-media","status":"publish","type":"page","link":"https:\/\/www.smartsteuer.de\/online\/datenschutzerklaerung-scocial-media\/","title":{"rendered":"Datenschutzhinweise f\u00fcr Auftritte in sozialen Medien im EWR"},"content":{"rendered":"<h2>Inhalt<\/h2>\n\n<p>Nachfolgend informieren wir Dich dar\u00fcber, wie wir Deine personenbezogenen Daten im Rahmen unserer Social-Media-Aktivit\u00e4ten verarbeiten und welche Rechte Dir in diesem Zusammenhang zustehen. Bitte beachte erg\u00e4nzend auch die <a href=\"https:\/\/www.smartsteuer.de\/online\/datenschutzbedingungen\/\" target=\"_blank\">allgemeine Datenschutzerkl\u00e4rung von smartsteuer<\/a>.<\/p>\n<p>Diese Social-Media-Aktivit\u00e4ten werden betrieben durch:<\/p>\n<p><strong>smartsteuer GmbH<\/strong><br \/>\n<a href=\"https:\/\/goo.gl\/maps\/BSDVTNoswBiQy7zZ7\"><i class=\"fa fa-map-marker mr-2\" aria-hidden=\"true\"><\/i> \u00a0Drostestra\u00dfe 16, 30161 Hannover<\/a><br \/>\n<a href=\"mailto:hilfe@smartsteuer.de\"><i class=\"fa fa-at mr-2\"><\/i> hilfe@smartsteuer.de<\/a><br \/>\n<a href=\"https:\/\/www.smartsteuer.de\/online\/\"><i class=\"fa fa-globe mr-2\"><\/i> www.smartsteuer.de<\/a><br \/>\n<a href=\"tel:+4908007238222\"><i class=\"fas fa-phone-alt mr-2\"><\/i> 0800 7238222<\/a> (Kein Support \u2013 Hilfsangebote finden Sie unter: <a href=\"https:\/\/www.smartsteuer.de\/online\/hilfe-2\/\">smartsteuer.de\/hilfe<\/a>)<\/p>\n<p>Verantwortlich f\u00fcr die Verarbeitung Deiner personenbezogenen Daten im Rahmen unserer Social-Media-Aktivit\u00e4ten im Sinne der Datenschutz-Grundverordnung (DSGVO) ist die oben genannte Stelle.<\/p>\n<p>Bei datenschutzrechtlichen Fragen kannst Du Dich zudem an unseren Datenschutzbeauftragten Jan Stanetzki wenden:<br \/>\n<a href=\"mailto:datenschutz@smartsteuer.de\"><i class=\"fa fa-at mr-2\"><\/i>datenschutz@smartsteuer.de<\/a><\/p>\n<h2>Allgemeine Hinweise<\/h2>\n<p>Wir betreiben \u00f6ffentlich zug\u00e4ngliche Profile auf unterschiedlichen Social-Media-Plattformen. Bei einem Besuch dieser Seiten werden Deine personenbezogenen Daten nicht nur durch uns, sondern ebenfalls durch den jeweiligen Plattformbetreiber verarbeitet. F\u00fcr die Verarbeitung innerhalb des Netzwerks selbst ist zus\u00e4tzlich der jeweilige Betreiber datenschutzrechtlich verantwortlich. Dies gilt auch, wenn Du \u00fcber kein Benutzerkonto verf\u00fcgst oder nicht eingeloggt bist.<\/p>\n<p>Es besteht keine gesetzliche oder vertragliche Pflicht, uns Deine Daten bereitzustellen. Allerdings kann dies notwendig sein, um s\u00e4mtliche Funktionen der Plattformen und unserer Auftritte nutzen zu k\u00f6nnen.<\/p>\n<p>Einzelheiten zur Datenverarbeitung durch die jeweiligen Netzwerke entnimmst Du bitte deren eigenen Datenschutzerkl\u00e4rungen \u2013 entsprechende Links findest Du im Abschnitt \u201eWeitere Informationen zu den jeweiligen Netzwerken\u201c.<\/p>\n<p>Wir selbst k\u00f6nnen lediglich die Informationen einsehen, die Du durch Deine Privatsph\u00e4re-Einstellungen \u00f6ffentlich gemacht hast. Diese Einstellungen kannst Du direkt im jeweiligen Netzwerk anpassen.<\/p>\n<h2>Zweck der Datenverarbeitung<\/h2>\n<p>Wenn Du \u00fcber unsere Social-Media-Pr\u00e4senzen mit uns in Kontakt trittst (z.B. durch Beitr\u00e4ge, Kommentare oder Nachrichten), verarbeiten wir Deine Angaben, um Dein Anliegen zu bearbeiten und ggf. zu beantworten.<\/p>\n<p>Zudem stellen uns einige Plattformen aggregierte, anonyme Auswertungsdaten (z.B. sogenannte \u201ePage Insights\u201c) zur Verf\u00fcgung. Diese erlauben R\u00fcckschl\u00fcsse auf die Reichweite und Interaktion mit unseren Inhalten \u2013 ohne dass wir direkten Zugriff auf personenbezogene Nutzungsdaten h\u00e4tten. Details zu den eingesetzten Analyseverfahren findest Du unter den spezifischen Netzwerkabschnitten.<\/p>\n<h2>Rechtsgrundlage<\/h2>\n<p>Die Datenverarbeitung erfolgt auf Grundlage von Art. 6 Abs. 1 lit. f DSGVO. Unser berechtigtes Interesse liegt insbesondere darin, mit Nutzer:innen in Kontakt treten zu k\u00f6nnen, auf Anfragen zu reagieren sowie unsere Inhalte m\u00f6glichst zielgruppengerecht zu optimieren.<\/p>\n<h2>L\u00f6schfristen<\/h2>\n<p>Wir speichern Deine Daten au\u00dferhalb der Plattformen (z.B. in internen Nachrichtensystemen) nur so lange, wie dies zur Bearbeitung notwendig oder aufgrund gesetzlicher Vorgaben erforderlich ist.<\/p>\n<h2>Daten\u00fcbertragung in Drittl\u00e4nder<\/h2>\n<p>Bei Nutzung sozialer Medien kann es zu \u00dcbertragungen Deiner personenbezogenen Daten in Staaten au\u00dferhalb des Europ\u00e4ischen Wirtschaftsraums kommen, etwa in die USA. In diesen F\u00e4llen nutzen wir geeignete Garantien (z.B., EU-Standardvertragsklauseln), um ein angemessenes Datenschutzniveau sicherzustellen. Eine aktuelle \u00dcbersicht \u00fcber L\u00e4nder mit einem Angemessenheitsbeschluss der EU-Kommission findest Du hier:<\/p>\n<p><a href=\"https:\/\/commission.europa.eu\/law\/law-topic\/data-protection\/international-dimension-data-protection\/adequacy-decisions_en\" target=\"_blank\">EU-Kommission \u2013 Angemessenheitsbeschl\u00fcsse<\/a><\/p>\n<h2>Weitergabe personenbezogener Daten<\/h2>\n<p>Sofern externe Dienstleister uns bei der Betreuung unserer Profile unterst\u00fctzen, \u00fcbermitteln wir personenbezogene Daten nur dann weiter, wenn dies notwendig ist, rechtlich zul\u00e4ssig ist oder von Deiner Einwilligung gedeckt wird.<\/p>\n<h2>Deine Rechte als betroffene Person<\/h2>\n<p>Du hast gem\u00e4\u00df DSGVO insbesondere folgende Rechte:<\/p>\n<ul>\n<li>Auskunft (Art. 15): Du kannst erfahren, welche Daten wir \u00fcber Dich verarbeiten.<\/li>\n<li>Berichtigung (Art. 16): Unrichtige Daten kannst Du korrigieren lassen.<\/li>\n<li>L\u00f6schung (Art. 17): Unter bestimmten Voraussetzungen hast Du das Recht darauf, dass Deine Daten gel\u00f6scht werden.<\/li>\n<li>Einschr\u00e4nkung der Verarbeitung (Art. 18): Die Verarbeitung kann eingeschr\u00e4nkt werden z.B., wenn eine Pr\u00fcfung l\u00e4uft.<\/li>\n<li>Daten\u00fcbertragbarkeit (Art. 20): Auf Wunsch erh\u00e4ltst Du Deine pers\u00f6nlichen Informationen in einem g\u00e4ngigen Format.<\/li>\n<li>Widerspruch (Art. 21): Der Verarbeitung Deiner pers\u00f6nlichen Informationen kannst du widersprechen \u2013 vor allem bei Direktwerbung!<\/li>\n<\/ul>\n<p>&nbsp;<\/p>\n<p>Um diese Rechte geltend zu machen: Schreib uns einfach eine E-Mail an:<br \/>\n<a href=\"mailto:datenschutz@smartsteuer.de\"><i class=\"fa fa-at mr-2\"><\/i>datenschutz@smartsteuer.de<\/a><\/p>\n<p>Bei Fragen zur Verarbeitung Deiner pers\u00f6nlichen Infos durch soziale Netzwerke wende Dich bitte direkt an deren Supportstellen.<\/p>\n<p>Zus\u00e4tzlich hast du das Recht dazu Beschwerden bei einer Datenschutzbeh\u00f6rde einzureichen, etwa an Deinem Wohnort oder dem Ort des mutma\u00dflichen Versto\u00dfes.<\/p>\n<h2>Weitere Informationen zu einzelnen sozialen Netzwerken<\/h2>\n<h3>Facebook<\/h3>\n<p>Unser Unternehmen betreibt eine sogenannte \u201eFanpage\u201c auf der Plattform Facebook. Diese wird angeboten von:<\/p>\n<p>Meta Platforms Ireland Ltd.<br \/>\n4 Grand Canal Square<br \/>\nGrand Canal Harbour<br \/>\nDublin 2, Irland<\/p>\n<p>Beim Besuch unserer Facebook-Seite werden personenbezogene Daten sowohl durch Meta als Plattformbetreiber als auch durch uns als Seitenbetreiber verarbeitet. Facebook stellt uns dabei sogenannte \u201ePage Insights\u201c zur Verf\u00fcgung \u2013 das sind statistische Daten zur Nutzung unserer Seite (z.\u202fB. Anzahl der Aufrufe, Reichweite, Interaktionen, demografische Angaben wie Alter oder Standort der Besucher). Diese Daten helfen uns, unsere Inhalte und das Nutzererlebnis gezielter auszurichten.<\/p>\n<p>F\u00fcr die Verarbeitung dieser Insights-Daten besteht eine gemeinsame Verantwortlichkeit gem\u00e4\u00df Art. 26 DSGVO, die zwischen uns und Meta vertraglich geregelt wurde. Weitere Informationen dazu und zur allgemeinen Datenverarbeitung durch Meta findest Du unter:<\/p>\n<ul>\n<li>Datenschutzrichtlinie von Facebook: <a target=\"_blank\" href=\"https:\/\/de-de.facebook.com\/privacy\/policy\">https:\/\/de-de.facebook.com\/privacy\/policy<\/a><\/li>\n<li>Informationen zu Page Insights: <a target=\"_blank\" href=\"https:\/\/de-de.facebook.com\/legal\/terms\/information_about_page_insights_data\">https:\/\/de-de.facebook.com\/legal\/terms\/information_about_page_insights_data<\/a><\/li>\n<li>Vereinbarung zur gemeinsamen Verantwortlichkeit: <a target=\"_blank\" href=\"https:\/\/de-de.facebook.com\/legal\/terms\/page_controller_addendum\">https:\/\/de-de.facebook.com\/legal\/terms\/page_controller_addendum.<\/a><\/li>\n<\/ul>\n<h3>Instagram<\/h3>\n<p>Auch auf Instagram, ebenfalls betrieben von Meta, unterhalten wir ein offizielles Profil:<\/p>\n<p>Meta Platforms Ireland Ltd.<br \/>\n4 Grand Canal Square<br \/>\nGrand Canal Harbour<br \/>\nDublin 2, Irland<\/p>\n<p>Instagram erhebt personenbezogene Daten bei der Nutzung der Plattform, etwa beim Besuch von Profilen oder bei Interaktionen (z.\u202fB. Kommentaren, Likes). Uns als Profilbetreiber stellt Meta sogenannte Page Insights-Daten zur Verf\u00fcgung. Dabei handelt es sich um anonymisierte Statistiken zur Performance unseres Profils, auf deren Grundlage wir Inhalte optimieren und strategisch anpassen k\u00f6nnen.<\/p>\n<p>Wie auch bei Facebook besteht hier eine gemeinsame Verantwortlichkeit zwischen uns und Meta im Sinne von Art. 26 DSGVO.<\/p>\n<ul>\n<li>Datenschutzrichtlinie: <a target=\"_blank\" href=\"https:\/\/privacycenter.instagram.com\/policy\">https:\/\/privacycenter.instagram.com\/policy<\/a><\/li>\n<li>Informationen zu Page Insights: <a target=\"_blank\" href=\"https:\/\/de-de.facebook.com\/legal\/terms\/information_about_page_insights_data\">https:\/\/de-de.facebook.com\/legal\/terms\/information_about_page_insights_data<\/a><\/li>\n<li>Vereinbarung zur gemeinsamen Verantwortlichkeit: <a target=\"_blank\" href=\"https:\/\/de-de.facebook.com\/legal\/terms\/page_controller_addendum\">https:\/\/de-de.facebook.com\/legal\/terms\/page_controller_addendum.<\/a><\/li>\n<\/ul>\n<h3>LinkedIn<\/h3>\n<p>Unser LinkedIn-Profil dient insbesondere der beruflichen Vernetzung und Kommunikation mit Fachkr\u00e4ften, Kunden sowie Interessierten. Verantwortlich f\u00fcr den Betrieb von LinkedIn in Europa ist:<\/p>\n<p>LinkedIn Ireland Unlimited Company<br \/>\nWilton Plaza, Wilton Place<br \/>\nDublin 2, Irland    <\/p>\n<p>LinkedIn sammelt bei der Nutzung umfangreiche Daten zur Interaktion mit Unternehmensprofilen. Uns stellt LinkedIn aggregierte Insights-Daten zur Verf\u00fcgung, die keine R\u00fcckschl\u00fcsse auf einzelne Personen erlauben. Diese Statistiken geben Aufschluss \u00fcber Besucherzahlen, Berufsbezeichnungen, Branchen und Interaktionen und dienen der inhaltlichen und strategischen Weiterentwicklung unserer Kommunikation.<\/p>\n<p>Auch hier besteht eine gemeinsame Verantwortlichkeit im Sinne von Art. 26 DSGVO:<\/p>\n<ul>\n<li>Datenschutzrichtlinie: <a href=\"https:\/\/www.linkedin.com\/legal\/privacy-policy\" target=\"_new\">https:\/\/www.linkedin.com\/legal\/privacy-policy<\/a><\/li>\n<li>Infos zu Insights: <a href=\"https:\/\/www.linkedin.com\/help\/linkedin\/answer\/a1338708\" target=\"_new\">https:\/\/www.linkedin.com\/help\/linkedin\/answer\/a1338708<\/a><\/li>\n<li>Vereinbarung \u00fcber gemeinsame Verantwortlichkeit: <a href=\"https:\/\/legal.linkedin.com\/pages-joint-controller-addendum\" target=\"_new\">https:\/\/legal.linkedin.com\/pages-joint-controller-addendum<\/a>.<\/li>\n<\/ul>\n<h3>YouTube<\/h3>\n<p>Auf der Videoplattform YouTube betreiben wir einen eigenen Kanal, um audiovisuelle Inhalte bereitzustellen. YouTube wird betrieben von:  <\/p>\n<p>Google Ireland Limited<br \/>\nGordon House<br \/>\nBarrow Street<br \/>\nDublin 4, Irland<\/p>\n<p>Google verarbeitet personenbezogene Daten beim Besuch unseres Kanals, insbesondere \u00fcber Cookies und andere Tracking-Technologien. Dabei k\u00f6nnen Nutzungsdaten wie betrachtete Videos, Kommentare oder Interaktionen mit \u201eGef\u00e4llt mir\u201c-Angaben verarbeitet werden. Diese Daten werden teilweise auch f\u00fcr personalisierte Werbung genutzt.<\/p>\n<p>Weitere Informationen zur Datenverarbeitung durch Google findest Du unter:<\/p>\n<ul>\n<li>Datenschutzrichtlinie: <a href=\"https:\/\/policies.google.com\/privacy\" target=\"_new\">https:\/\/policies.google.com\/privacy<\/a><\/li>\n<\/ul>\n<p>Bitte beachte, dass Google gegebenenfalls Daten au\u00dferhalb des Europ\u00e4ischen Wirtschaftsraumes verarbeitet.<\/p>\n<h3>TikTok<\/h3>\n<p>Unser TikTok-Profil richtet sich insbesondere an j\u00fcngere Zielgruppen. TikTok wird in der EU betrieben durch:<\/p>\n<p>TikTok Technology Limited<br \/>\n10 Earlsfort Terrace<br \/>\nDublin, D02 T380, Irland<\/p>\n<p>TikTok sammelt bei Nutzung der Plattform Daten \u00fcber Nutzerverhalten, Ger\u00e4teinformationen, Standorte sowie Inhalte von Interaktionen (z.\u202fB. Kommentare oder Likes). Die Plattform nutzt diese Daten f\u00fcr algorithmische Ausspielung und Personalisierung von Inhalten sowie f\u00fcr Werbezwecke.<\/p>\n<p>Weitere Informationen zur Datenverarbeitung findest Du unter:<\/p>\n<ul>\n<li>Datenschutzrichtlinie: <a href=\"https:\/\/ads.tiktok.com\/i18n\/official\/policy\/privacy\" target=\"_new\">https:\/\/ads.tiktok.com\/i18n\/official\/policy\/privacy<\/a><\/li>\n<\/ul>\n<p>Bitte beachte, dass TikTok personenbezogene Daten teilweise auch au\u00dferhalb der EU verarbeitet.<\/p>\n<h3>X (ehemals Twitter)<\/h3>\n<p>Auch auf X (vormals bekannt als Twitter) betreiben wir eine eigene Pr\u00e4senz. Zust\u00e4ndig f\u00fcr den EU-Raum ist:<\/p>\n<p>Twitter International Unlimited Company<br \/>\nOne Cumberland Place<br \/>\nFenian Street<br \/>\nDublin 2, D02 AX07, Irland<\/p>\n<p>Beim Besuch unseres Profils auf X werden personenbezogene Daten durch den Plattformbetreiber erfasst, etwa IP-Adresse, Browserdaten oder Inhalte von Interaktionen. Diese Daten werden ggf. auch zur Anzeige personalisierter Inhalte und Werbung genutzt.<\/p>\n<p>Weitere Informationen zur Datenverarbeitung durch X findest Du unter:<\/p>\n<ul>\n<li>Datenschutzrichtlinie: <a href=\"https:\/\/x.com\/de\/privacy\" target=\"_new\">https:\/\/x.com\/de\/privacy<\/a>.<\/li>\n<\/ul>\n","protected":false},"excerpt":{"rendered":"<p>Inhalt Nachfolgend informieren wir Dich dar\u00fcber, wie wir Deine personenbezogenen Daten im Rahmen unserer Social-Media-Aktivit\u00e4ten verarbeiten und welche Rechte Dir in diesem Zusammenhang zustehen. Bitte beachte erg\u00e4nzend auch die allgemeine Datenschutzerkl\u00e4rung von smartsteuer. Diese Social-Media-Aktivit\u00e4ten werden betrieben durch: smartsteuer GmbH \u00a0Drostestra\u00dfe 16, 30161 Hannover hilfe@smartsteuer.de www.smartsteuer.de 0800 7238222 (Kein Support \u2013 Hilfsangebote finden Sie unter: [&hellip;]<\/p>\n","protected":false},"author":7,"featured_media":0,"parent":0,"menu_order":0,"comment_status":"open","ping_status":"open","template":"legal.php","meta":{"_acf_changed":false,"footnotes":""},"class_list":["post-81302","page","type-page","status-publish","hentry"],"acf":[],"yoast_head":"<!-- This site is optimized with the Yoast SEO Premium plugin v27.5 (Yoast SEO v27.5) - https:\/\/yoast.com\/product\/yoast-seo-premium-wordpress\/ -->\n<title>Datenschutzhinweise f\u00fcr Auftritte in sozialen Medien im EWR<\/title>\n<meta name=\"description\" content=\"Datenschutzhinweise f\u00fcr Auftritte in sozialen Medien im EWR - smartsteuer\" \/>\n<meta name=\"robots\" content=\"index, follow, max-snippet:-1, max-image-preview:large, max-video-preview:-1\" \/>\n<link rel=\"canonical\" href=\"https:\/\/www.smartsteuer.de\/online\/datenschutzerklaerung-scocial-media\/\" \/>\n<meta property=\"og:locale\" content=\"de_DE\" \/>\n<meta property=\"og:type\" content=\"article\" \/>\n<meta property=\"og:title\" content=\"Datenschutzhinweise f\u00fcr Auftritte in sozialen Medien im EWR\" \/>\n<meta property=\"og:description\" content=\"Datenschutzhinweise f\u00fcr Auftritte in sozialen Medien im EWR - smartsteuer\" \/>\n<meta property=\"og:url\" content=\"https:\/\/www.smartsteuer.de\/online\/datenschutzerklaerung-scocial-media\/\" \/>\n<meta property=\"og:site_name\" content=\"smartsteuer\" \/>\n<meta property=\"article:publisher\" content=\"https:\/\/de-de.facebook.com\/smartsteuer\/\" \/>\n<meta property=\"article:modified_time\" content=\"2025-07-15T10:32:09+00:00\" \/>\n<meta name=\"twitter:card\" content=\"summary_large_image\" \/>\n<meta name=\"twitter:site\" content=\"@smartsteuer\" \/>\n<meta name=\"twitter:label1\" content=\"Gesch\u00e4tzte Lesezeit\" \/>\n\t<meta name=\"twitter:data1\" content=\"7\u00a0Minuten\" \/>\n<script type=\"application\/ld+json\" class=\"yoast-schema-graph\">{\"@context\":\"https:\\\/\\\/schema.org\",\"@graph\":[{\"@type\":\"WebPage\",\"@id\":\"https:\\\/\\\/www.smartsteuer.de\\\/online\\\/datenschutzerklaerung-scocial-media\\\/\",\"url\":\"https:\\\/\\\/www.smartsteuer.de\\\/online\\\/datenschutzerklaerung-scocial-media\\\/\",\"name\":\"Datenschutzhinweise f\u00fcr Auftritte in sozialen Medien im EWR\",\"isPartOf\":{\"@id\":\"https:\\\/\\\/www.smartsteuer.de\\\/online\\\/#website\"},\"datePublished\":\"2025-07-15T09:53:22+00:00\",\"dateModified\":\"2025-07-15T10:32:09+00:00\",\"description\":\"Datenschutzhinweise f\u00fcr Auftritte in sozialen Medien im EWR - smartsteuer\",\"breadcrumb\":{\"@id\":\"https:\\\/\\\/www.smartsteuer.de\\\/online\\\/datenschutzerklaerung-scocial-media\\\/#breadcrumb\"},\"inLanguage\":\"de\",\"potentialAction\":[{\"@type\":\"ReadAction\",\"target\":[\"https:\\\/\\\/www.smartsteuer.de\\\/online\\\/datenschutzerklaerung-scocial-media\\\/\"]}]},{\"@type\":\"BreadcrumbList\",\"@id\":\"https:\\\/\\\/www.smartsteuer.de\\\/online\\\/datenschutzerklaerung-scocial-media\\\/#breadcrumb\",\"itemListElement\":[{\"@type\":\"ListItem\",\"position\":1,\"name\":\"Home\",\"item\":\"https:\\\/\\\/www.smartsteuer.de\\\/online\\\/\"},{\"@type\":\"ListItem\",\"position\":2,\"name\":\"Datenschutzhinweise f\u00fcr Auftritte in sozialen Medien im EWR\"}]},{\"@type\":\"WebSite\",\"@id\":\"https:\\\/\\\/www.smartsteuer.de\\\/online\\\/#website\",\"url\":\"https:\\\/\\\/www.smartsteuer.de\\\/online\\\/\",\"name\":\"smartsteuer\",\"description\":\"Steuererkl\u00e4rung 2024 online machen &amp; Steuern sparen\",\"publisher\":{\"@id\":\"https:\\\/\\\/www.smartsteuer.de\\\/online\\\/#organization\"},\"potentialAction\":[{\"@type\":\"SearchAction\",\"target\":{\"@type\":\"EntryPoint\",\"urlTemplate\":\"https:\\\/\\\/www.smartsteuer.de\\\/online\\\/?s={search_term_string}\"},\"query-input\":{\"@type\":\"PropertyValueSpecification\",\"valueRequired\":true,\"valueName\":\"search_term_string\"}}],\"inLanguage\":\"de\"},{\"@type\":\"Organization\",\"@id\":\"https:\\\/\\\/www.smartsteuer.de\\\/online\\\/#organization\",\"name\":\"smartsteuer GmbH\",\"url\":\"https:\\\/\\\/www.smartsteuer.de\\\/online\\\/\",\"logo\":{\"@type\":\"ImageObject\",\"inLanguage\":\"de\",\"@id\":\"https:\\\/\\\/www.smartsteuer.de\\\/online\\\/#\\\/schema\\\/logo\\\/image\\\/\",\"url\":\"https:\\\/\\\/www.smartsteuer.de\\\/online\\\/wp-content\\\/uploads\\\/2024\\\/11\\\/Favicon-smartsteuer.png\",\"contentUrl\":\"https:\\\/\\\/www.smartsteuer.de\\\/online\\\/wp-content\\\/uploads\\\/2024\\\/11\\\/Favicon-smartsteuer.png\",\"width\":512,\"height\":512,\"caption\":\"smartsteuer GmbH\"},\"image\":{\"@id\":\"https:\\\/\\\/www.smartsteuer.de\\\/online\\\/#\\\/schema\\\/logo\\\/image\\\/\"},\"sameAs\":[\"https:\\\/\\\/de-de.facebook.com\\\/smartsteuer\\\/\",\"https:\\\/\\\/x.com\\\/smartsteuer\",\"https:\\\/\\\/www.youtube.com\\\/channel\\\/UCu02GkFNrMRzwysT2SEmNrQ\"]}]}<\/script>\n<!-- \/ Yoast SEO Premium plugin. -->","yoast_head_json":{"title":"Datenschutzhinweise f\u00fcr Auftritte in sozialen Medien im EWR","description":"Datenschutzhinweise f\u00fcr Auftritte in sozialen Medien im EWR - smartsteuer","robots":{"index":"index","follow":"follow","max-snippet":"max-snippet:-1","max-image-preview":"max-image-preview:large","max-video-preview":"max-video-preview:-1"},"canonical":"https:\/\/www.smartsteuer.de\/online\/datenschutzerklaerung-scocial-media\/","og_locale":"de_DE","og_type":"article","og_title":"Datenschutzhinweise f\u00fcr Auftritte in sozialen Medien im EWR","og_description":"Datenschutzhinweise f\u00fcr Auftritte in sozialen Medien im EWR - smartsteuer","og_url":"https:\/\/www.smartsteuer.de\/online\/datenschutzerklaerung-scocial-media\/","og_site_name":"smartsteuer","article_publisher":"https:\/\/de-de.facebook.com\/smartsteuer\/","article_modified_time":"2025-07-15T10:32:09+00:00","twitter_card":"summary_large_image","twitter_site":"@smartsteuer","twitter_misc":{"Gesch\u00e4tzte Lesezeit":"7\u00a0Minuten"},"schema":{"@context":"https:\/\/schema.org","@graph":[{"@type":"WebPage","@id":"https:\/\/www.smartsteuer.de\/online\/datenschutzerklaerung-scocial-media\/","url":"https:\/\/www.smartsteuer.de\/online\/datenschutzerklaerung-scocial-media\/","name":"Datenschutzhinweise f\u00fcr Auftritte in sozialen Medien im EWR","isPartOf":{"@id":"https:\/\/www.smartsteuer.de\/online\/#website"},"datePublished":"2025-07-15T09:53:22+00:00","dateModified":"2025-07-15T10:32:09+00:00","description":"Datenschutzhinweise f\u00fcr Auftritte in sozialen Medien im EWR - smartsteuer","breadcrumb":{"@id":"https:\/\/www.smartsteuer.de\/online\/datenschutzerklaerung-scocial-media\/#breadcrumb"},"inLanguage":"de","potentialAction":[{"@type":"ReadAction","target":["https:\/\/www.smartsteuer.de\/online\/datenschutzerklaerung-scocial-media\/"]}]},{"@type":"BreadcrumbList","@id":"https:\/\/www.smartsteuer.de\/online\/datenschutzerklaerung-scocial-media\/#breadcrumb","itemListElement":[{"@type":"ListItem","position":1,"name":"Home","item":"https:\/\/www.smartsteuer.de\/online\/"},{"@type":"ListItem","position":2,"name":"Datenschutzhinweise f\u00fcr Auftritte in sozialen Medien im EWR"}]},{"@type":"WebSite","@id":"https:\/\/www.smartsteuer.de\/online\/#website","url":"https:\/\/www.smartsteuer.de\/online\/","name":"smartsteuer","description":"Steuererkl\u00e4rung 2024 online machen &amp; Steuern sparen","publisher":{"@id":"https:\/\/www.smartsteuer.de\/online\/#organization"},"potentialAction":[{"@type":"SearchAction","target":{"@type":"EntryPoint","urlTemplate":"https:\/\/www.smartsteuer.de\/online\/?s={search_term_string}"},"query-input":{"@type":"PropertyValueSpecification","valueRequired":true,"valueName":"search_term_string"}}],"inLanguage":"de"},{"@type":"Organization","@id":"https:\/\/www.smartsteuer.de\/online\/#organization","name":"smartsteuer GmbH","url":"https:\/\/www.smartsteuer.de\/online\/","logo":{"@type":"ImageObject","inLanguage":"de","@id":"https:\/\/www.smartsteuer.de\/online\/#\/schema\/logo\/image\/","url":"https:\/\/www.smartsteuer.de\/online\/wp-content\/uploads\/2024\/11\/Favicon-smartsteuer.png","contentUrl":"https:\/\/www.smartsteuer.de\/online\/wp-content\/uploads\/2024\/11\/Favicon-smartsteuer.png","width":512,"height":512,"caption":"smartsteuer GmbH"},"image":{"@id":"https:\/\/www.smartsteuer.de\/online\/#\/schema\/logo\/image\/"},"sameAs":["https:\/\/de-de.facebook.com\/smartsteuer\/","https:\/\/x.com\/smartsteuer","https:\/\/www.youtube.com\/channel\/UCu02GkFNrMRzwysT2SEmNrQ"]}]}},"_links":{"self":[{"href":"https:\/\/www.smartsteuer.de\/online\/wp-json\/wp\/v2\/pages\/81302","targetHints":{"allow":["GET"]}}],"collection":[{"href":"https:\/\/www.smartsteuer.de\/online\/wp-json\/wp\/v2\/pages"}],"about":[{"href":"https:\/\/www.smartsteuer.de\/online\/wp-json\/wp\/v2\/types\/page"}],"author":[{"embeddable":true,"href":"https:\/\/www.smartsteuer.de\/online\/wp-json\/wp\/v2\/users\/7"}],"replies":[{"embeddable":true,"href":"https:\/\/www.smartsteuer.de\/online\/wp-json\/wp\/v2\/comments?post=81302"}],"version-history":[{"count":10,"href":"https:\/\/www.smartsteuer.de\/online\/wp-json\/wp\/v2\/pages\/81302\/revisions"}],"predecessor-version":[{"id":81365,"href":"https:\/\/www.smartsteuer.de\/online\/wp-json\/wp\/v2\/pages\/81302\/revisions\/81365"}],"wp:attachment":[{"href":"https:\/\/www.smartsteuer.de\/online\/wp-json\/wp\/v2\/media?parent=81302"}],"curies":[{"name":"wp","href":"https:\/\/api.w.org\/{rel}","templated":true}]}}