{"id":83413,"date":"2025-10-30T11:20:52","date_gmt":"2025-10-30T09:20:52","guid":{"rendered":"https:\/\/www.smartsteuer.de\/online\/?page_id=83413"},"modified":"2026-04-29T15:30:53","modified_gmt":"2026-04-29T13:30:53","slug":"steuerrechner-aussergewoehnliche-belastung","status":"publish","type":"page","link":"https:\/\/www.smartsteuer.de\/online\/steuerrechner\/steuerrechner-aussergewoehnliche-belastung\/","title":{"rendered":"Au\u00dfergew\u00f6hnliche Belastungen Rechner"},"content":{"rendered":"<p>Mit dem au\u00dfergew\u00f6hnliche Belastungen Rechner berechnest Du, wieviel Steuern Du zus\u00e4tzlich sparen kannst. Wie viel Steuerlast Du Dir dadurch tats\u00e4chlich von der Schulter nimmst, h\u00e4ngt vom Einkommen und der Kinderzahl ab. Deswegen ermittelt wir f\u00fcr Dich, wie viel Du erstattet bekommst.<\/p>\n<div class=\"row\">\n<div class=\"col-lg-6\">\n<p><!-- Begin Au\u00dfergew\u00f6hnliche Belastungen von www.smart-rechner.de --><\/p>\n<div id=\"s_r_de_aussergew_belastung\"><script type=\"text\/javascript\">\n\t\t\t  s_r_de_aussergew_belastung_premium = true;\n\t\t\t  s_r_de_aussergew_belastung_responsive = true;\n\t\t<\/script><br \/>\n<script src=\"https:\/\/www.smart-rechner.de\/widget\/aussergew_belastung.js\" type=\"text\/javascript\" charset=\"utf-8\">\n\t\t   <\/script><\/div>\n<p><!-- End Au\u00dfergew\u00f6hnliche Belastungen von www.smart-rechner.de --><\/p>\n<\/div>\n<\/div>\n<p>&nbsp;<\/p>\n<h3>Au\u00dfergew\u00f6hnliche Belastung berechnen:<\/h3>\n<p>Erfasse au\u00dfergew\u00f6hnliche Belastungen wie zum Beispiel Krankheitskosten oder Bestattungskosten. Der Rechner ermittelt unter Ber\u00fccksichtigung Deines Einkommens und der Anzahl Deiner Kinder in welcher H\u00f6he Du au\u00dfergew\u00f6hnliche Belastungen absetzen kannst.<\/p>\n<p>Falls Du Fragen zu den einzelnen Feldern hast, bewege Sie den Cursor einfach \u00fcber das nebenstehende Fragezeichen, um mehr Informationen zu bekommen.<\/p>\n<h2><b>Was sind au\u00dfergew\u00f6hnliche Belastungen?<\/b><\/h2>\n<div class=\"lb-inline-tipp p-4 my-4 my-sm-5\">\n\t<div class=\"lb-inline-tipp-title\">\n\t\t<i class=\"fa-solid fa-lightbulb\" aria-hidden=\"true\"><\/i>Definition:\n\t<\/div>\n\t<div class=\"lb-inline-tipp-content\">\n\t\t<\/p>\n<p>Au\u00dfergew\u00f6hnliche Belastungen sind unabwendbare Kosten, die Dir\u00a0 entstanden sind. Dazu z\u00e4hlen Krankheitskosten, Kosten f\u00fcr Heimunterbringungen, Pflegekosten oder Beerdigungskosten.<\/p>\n<p>\n\t<\/div>\n<\/div>\t       \n<p>Liegen Umst\u00e4nde vor, die Deine privaten Ausgaben au\u00dfergew\u00f6hnlich erh\u00f6hen, als es sonst der Fall w\u00e4re, k\u00f6nnen diese extra Kosten in der Steuer geltend gemacht werden. Bei den besonderen au\u00dfergew\u00f6hnlichen Belastungen wird der Betrag der<strong> zumutbaren Belastungen<\/strong> \u00fcbrigens nicht abgezogen.<\/p>\n<h3>Zumutbare Belastungen berechnen<\/h3>\n<p>Ob und wie hoch die Anrechnung auf Deine Steuer anf\u00e4llt, h\u00e4ngt im Fall der allgemeinen au\u00dfergew\u00f6hnlichen Belastungen von den <strong>zumutbaren Belastungen<\/strong> ab. Das sind die Kosten, die im Rahmen Deiner pers\u00f6nlichen Umst\u00e4nde, wie Familienstand, Einkommen und Anzahl der Kinder ganz individuell berechnet werden und als zumutbar gelten. Als zumutbar gelten\u00a0 1 bis 7 Prozent von den Eink\u00fcnften je nach Lebenssituation.<\/p>\n<span id=\"tablepress-37-description\" class=\"tablepress-table-description tablepress-table-description-id-37\">Berechnung der zumutbaren Belastungen mit und ohne Kinder:<\/span>\n\n<table id=\"tablepress-37\" class=\"tablepress tablepress-id-37\" aria-describedby=\"tablepress-37-description\">\n<thead>\n<tr class=\"row-1\">\n\t<th class=\"column-1\">Gesamtbetrag Eink\u00fcnfte<\/th><th class=\"column-2\">bis 15.340 \u20ac<\/th><th class=\"column-3\">15.340 \u20ac bis 51.130 \u20ac<\/th><th class=\"column-4\">\u00fcber 51.130 \u20ac<\/th>\n<\/tr>\n<\/thead>\n<tbody class=\"row-striping row-hover\">\n<tr class=\"row-2\">\n\t<td class=\"column-1\">ohne Kinder<\/td><td class=\"column-2\">5 %<\/td><td class=\"column-3\">6 %<\/td><td class=\"column-4\">7 %<\/td>\n<\/tr>\n<tr class=\"row-3\">\n\t<td class=\"column-1\">ohne Kinder (Splitting-Verfahren)<\/td><td class=\"column-2\">4 %<\/td><td class=\"column-3\">5 %<\/td><td class=\"column-4\">6 %<\/td>\n<\/tr>\n<tr class=\"row-4\">\n\t<td class=\"column-1\">mit 1 oder 2 Kindern<\/td><td class=\"column-2\">2 % <\/td><td class=\"column-3\">3 % <\/td><td class=\"column-4\">4 %<\/td>\n<\/tr>\n<tr class=\"row-5\">\n\t<td class=\"column-1\">mit 3 oder mehr Kindern<\/td><td class=\"column-2\">1 % <\/td><td class=\"column-3\">1 % <\/td><td class=\"column-4\">2 %<\/td>\n<\/tr>\n<\/tbody>\n<\/table>\n<!-- #tablepress-37 from cache -->\n<h3>Welche au\u00dfergew\u00f6hnlichen Belastungen sind von der Steuer absetzbar?<\/h3>\n<p>Alles, was diese individuelle Summen \u00fcbersteigt, kann in der Steuererkl\u00e4rung anerkannt werden.<\/p>\n<p>Dazu geh\u00f6ren:<\/p>\n<ul>\n<li aria-level=\"1\">Ausbildungsfreibetrag bis zu 1.200 \u20ac pro Jahr<\/li>\n<li aria-level=\"1\">Behinderte Pauschbetrag je nach Grad der Behinderung\n<ul>\n<li aria-level=\"1\">GdB 20 = 384 \u20ac<\/li>\n<li aria-level=\"1\">GdB 50 = 1.140 \u20ac<\/li>\n<li aria-level=\"1\">GdB 100 = 2.840 \u20ac<\/li>\n<li aria-level=\"1\">Blind\/ Hilflos = 7.400 \u20ac<\/li>\n<\/ul>\n<\/li>\n<li aria-level=\"1\">Hinterbliebene Pauschbetrag 370 \u20ac pro Jahr<\/li>\n<li aria-level=\"1\">Pflegepersonen Pauschbetrag je nach Pflegegrad:\n<ul>\n<li aria-level=\"1\">Pflegegrad 2 = 600 \u20ac<\/li>\n<li aria-level=\"1\">Pflegegrad 3 = 1.100 \u20ac<\/li>\n<li aria-level=\"1\">Pflegegrad 4= 1.800 \u20ac<\/li>\n<\/ul>\n<\/li>\n<\/ul>\n<p>Bei den allgemeinen au\u00dfergew\u00f6hnlichen Belastungen m\u00fcssen dagegen erst die zumutbaren Belastungen \u00fcberschritten werden. Grunds\u00e4tzlich k\u00f6nnen hier jedoch Kosten angegeben werden, f\u00fcr:<\/p>\n<ul>\n<li aria-level=\"1\">Krankheitskosten, wie Medikamente, Heilpraktiker und Akupunktur.<\/li>\n<li aria-level=\"1\">Kurkosten oder z.B. f\u00fcr eine k\u00fcnstliche Befruchtung.<\/li>\n<li aria-level=\"1\">Kosten f\u00fcr eine Beerdigung, wenn das Erbe diese Ausgaben nicht deckt.<\/li>\n<li aria-level=\"1\">Katastrophensch\u00e4den durch Sturm, Flut, Feuer, Erdbeben oder Hagel, die nicht durch Versicherung gedeckt sind.<\/li>\n<\/ul>\n<p>Dies ist im deutschen Einkommensteuergesetzes (EStG) <a href=\"https:\/\/www.gesetze-im-internet.de\/estg\/__33.html\">\u00a7<span class=\"plainlinks-print\">\u00a7\u00a033<\/span> ff<\/a> geregelt.<\/p>\n<h3>Nachweispflichten<\/h3>\n<p>Sammeln Sie alle Belege, die Ihre Ausgaben belegen k\u00f6nnen. Das sind zum Beispiel:<\/p>\n<ul>\n<li>Quittungen<\/li>\n<li>Rechnungen<\/li>\n<li>Zahlungsnachweise<\/li>\n<li>\u00c4rztliche Atteste\u00a0 (wenn erforderlich)<\/li>\n<\/ul>\n<p>Die Belege mu\u00dft Du nur einreichen, wenn das Finanzamt diese anfordert. Dies kannst Du bei smartsteuer bequem mit dem <a href=\"https:\/\/www.smartsteuer.de\/online\/faq\/wie-sende-ich-belege-an-das-finanzamt\/\">Belegservice<\/a> machen.<\/p>\n<p>Bei Krankheitskosten mu\u00dft Du die Notwendigkeit durch eine Verordnung des Arztes nachweisen k\u00f6nnen. Dies gilt auch f\u00fcr Mediakamente ohne Verschreibungspflicht. Frage direkt bei deinem Arzt oder Deiner Krankenkasse nach bevor Du die Behandlung startet, da bei einigen Behandlungen vorab ein amts\u00e4rztliches Gutachten oder die MDL-Bescheinigung n\u00f6tig ist.<\/p>\n<h3>Was bedeutet das konkret f\u00fcr mich?<\/h3>\n<p>In der Steuererkl\u00e4rung lassen sich diese Belastungen in dem Steuerjahr geltend machen, in dem sie entstanden sind. Deshalb kann es g\u00fcnstig sein die Behandlungen auf ein Kalenderjahr zu legen (Wenn es medizinisch zu verantworten ist), um die Grenzen der zumutbaren Belastungen zu \u00fcberschreiten.<\/p>\n<p>Wie hoch Deine zumutbaren Belastungen sind, kannst Du von smartsteuer einfach ausrechnen lassen. Belege und Nachweise f\u00fcr Deine au\u00dfergew\u00f6hnlichen Belastungen solltest Du in jedem Fall aufbewahren, um Deine Ausgaben anrechnen zu lassen.<\/p>\n<p>Mit der Online-Steuererkl\u00e4rung von smartsteuer ist es dann ganz leicht, die Kosten anzugeben. Du erh\u00e4ltst eine Live-Berechnung Deiner voraussichtlichen Erstattung. Mit dem abschlie\u00dfenden smartCheck kann Dir zudem kein Fehler unterlaufen.<\/p>\n<p>Weitere n\u00fctzliche Rechner:<\/p>\n<p><a href=\"https:\/\/www.smartsteuer.de\/online\/lohnrechner\/\">Brutto Netto Rechner<\/a> \/ <a href=\"https:\/\/www.smartsteuer.de\/online\/steuerrechner\/\">Einkommensteuer Rechner<\/a> \/ <a href=\"https:\/\/www.smartsteuer.de\/online\/steuerwissen\/spenden-von-der-steuer-absetzen\/\">Spendenrechner<\/a> \/ <a href=\"https:\/\/www.smartsteuer.de\/online\/steuerwissen\/pendlerpauschale-rechner\/\">Pendlerpauschale Rechner<\/a>\u00a0 \/<a href=\"https:\/\/www.smartsteuer.de\/online\/steuerwissen\/haushaltsnahe-dienstleistungen-absetzen\/\">Haushaltsnahe Dienstleistungen Rechner<\/a><\/p>\n<p>&nbsp;<\/p>\n","protected":false},"excerpt":{"rendered":"<p>Mit dem au\u00dfergew\u00f6hnliche Belastungen Rechner berechnest Du, wieviel Steuern Du zus\u00e4tzlich sparen kannst. Wie viel Steuerlast Du Dir dadurch tats\u00e4chlich von der Schulter nimmst, h\u00e4ngt vom Einkommen und der Kinderzahl ab. Deswegen ermittelt wir f\u00fcr Dich, wie viel Du erstattet bekommst. &nbsp; Au\u00dfergew\u00f6hnliche Belastung berechnen: Erfasse au\u00dfergew\u00f6hnliche Belastungen wie zum Beispiel Krankheitskosten oder Bestattungskosten. Der [&hellip;]<\/p>\n","protected":false},"author":47,"featured_media":0,"parent":14863,"menu_order":0,"comment_status":"closed","ping_status":"closed","template":"","meta":{"_acf_changed":false,"footnotes":""},"class_list":["post-83413","page","type-page","status-publish","hentry"],"acf":[],"yoast_head":"<!-- This site is optimized with the Yoast SEO Premium plugin v27.5 (Yoast SEO v27.5) - https:\/\/yoast.com\/product\/yoast-seo-premium-wordpress\/ -->\n<title>Au\u00dfergew\u00f6hnliche Belastungen Rechner<\/title>\n<meta name=\"description\" content=\"Berechne au\u00dfergew\u00f6hnliche Belastungen mit unserem Rechner. Durch Spenden, Mitgliedsbeitr\u00e4ge oder Krankheitskosten Steuern verringern.\" \/>\n<meta name=\"robots\" content=\"index, follow, max-snippet:-1, max-image-preview:large, max-video-preview:-1\" \/>\n<link rel=\"canonical\" href=\"https:\/\/www.smartsteuer.de\/online\/steuerrechner\/steuerrechner-aussergewoehnliche-belastung\/\" \/>\n<meta property=\"og:locale\" content=\"de_DE\" \/>\n<meta property=\"og:type\" content=\"article\" \/>\n<meta property=\"og:title\" content=\"Au\u00dfergew\u00f6hnliche Belastungen Rechner\" \/>\n<meta property=\"og:description\" content=\"Berechne au\u00dfergew\u00f6hnliche Belastungen mit unserem Rechner. Durch Spenden, Mitgliedsbeitr\u00e4ge oder Krankheitskosten Steuern verringern.\" \/>\n<meta property=\"og:url\" content=\"https:\/\/www.smartsteuer.de\/online\/steuerrechner\/steuerrechner-aussergewoehnliche-belastung\/\" \/>\n<meta property=\"og:site_name\" content=\"smartsteuer\" \/>\n<meta property=\"article:publisher\" content=\"https:\/\/de-de.facebook.com\/smartsteuer\/\" \/>\n<meta property=\"article:modified_time\" content=\"2026-04-29T13:30:53+00:00\" \/>\n<meta name=\"twitter:card\" content=\"summary_large_image\" \/>\n<meta name=\"twitter:site\" content=\"@smartsteuer\" \/>\n<meta name=\"twitter:label1\" content=\"Gesch\u00e4tzte Lesezeit\" \/>\n\t<meta name=\"twitter:data1\" content=\"4\u00a0Minuten\" \/>\n<script type=\"application\/ld+json\" class=\"yoast-schema-graph\">{\"@context\":\"https:\\\/\\\/schema.org\",\"@graph\":[{\"@type\":\"WebPage\",\"@id\":\"https:\\\/\\\/www.smartsteuer.de\\\/online\\\/steuerrechner\\\/steuerrechner-aussergewoehnliche-belastung\\\/\",\"url\":\"https:\\\/\\\/www.smartsteuer.de\\\/online\\\/steuerrechner\\\/steuerrechner-aussergewoehnliche-belastung\\\/\",\"name\":\"Au\u00dfergew\u00f6hnliche Belastungen Rechner\",\"isPartOf\":{\"@id\":\"https:\\\/\\\/www.smartsteuer.de\\\/online\\\/#website\"},\"datePublished\":\"2025-10-30T09:20:52+00:00\",\"dateModified\":\"2026-04-29T13:30:53+00:00\",\"description\":\"Berechne au\u00dfergew\u00f6hnliche Belastungen mit unserem Rechner. Durch Spenden, Mitgliedsbeitr\u00e4ge oder Krankheitskosten Steuern verringern.\",\"breadcrumb\":{\"@id\":\"https:\\\/\\\/www.smartsteuer.de\\\/online\\\/steuerrechner\\\/steuerrechner-aussergewoehnliche-belastung\\\/#breadcrumb\"},\"inLanguage\":\"de\",\"potentialAction\":[{\"@type\":\"ReadAction\",\"target\":[\"https:\\\/\\\/www.smartsteuer.de\\\/online\\\/steuerrechner\\\/steuerrechner-aussergewoehnliche-belastung\\\/\"]}]},{\"@type\":\"BreadcrumbList\",\"@id\":\"https:\\\/\\\/www.smartsteuer.de\\\/online\\\/steuerrechner\\\/steuerrechner-aussergewoehnliche-belastung\\\/#breadcrumb\",\"itemListElement\":[{\"@type\":\"ListItem\",\"position\":1,\"name\":\"Home\",\"item\":\"https:\\\/\\\/www.smartsteuer.de\\\/online\\\/\"},{\"@type\":\"ListItem\",\"position\":2,\"name\":\"Einkommensteuer Rechner \\\/ Steuerrechner &#8211; gratis Steuer berechnen\",\"item\":\"https:\\\/\\\/www.smartsteuer.de\\\/online\\\/steuerrechner\\\/\"},{\"@type\":\"ListItem\",\"position\":3,\"name\":\"Au\u00dfergew\u00f6hnliche Belastungen Rechner\"}]},{\"@type\":\"WebSite\",\"@id\":\"https:\\\/\\\/www.smartsteuer.de\\\/online\\\/#website\",\"url\":\"https:\\\/\\\/www.smartsteuer.de\\\/online\\\/\",\"name\":\"smartsteuer\",\"description\":\"Steuererkl\u00e4rung 2024 online machen &amp; Steuern sparen\",\"publisher\":{\"@id\":\"https:\\\/\\\/www.smartsteuer.de\\\/online\\\/#organization\"},\"potentialAction\":[{\"@type\":\"SearchAction\",\"target\":{\"@type\":\"EntryPoint\",\"urlTemplate\":\"https:\\\/\\\/www.smartsteuer.de\\\/online\\\/?s={search_term_string}\"},\"query-input\":{\"@type\":\"PropertyValueSpecification\",\"valueRequired\":true,\"valueName\":\"search_term_string\"}}],\"inLanguage\":\"de\"},{\"@type\":\"Organization\",\"@id\":\"https:\\\/\\\/www.smartsteuer.de\\\/online\\\/#organization\",\"name\":\"smartsteuer GmbH\",\"url\":\"https:\\\/\\\/www.smartsteuer.de\\\/online\\\/\",\"logo\":{\"@type\":\"ImageObject\",\"inLanguage\":\"de\",\"@id\":\"https:\\\/\\\/www.smartsteuer.de\\\/online\\\/#\\\/schema\\\/logo\\\/image\\\/\",\"url\":\"https:\\\/\\\/www.smartsteuer.de\\\/online\\\/wp-content\\\/uploads\\\/2024\\\/11\\\/Favicon-smartsteuer.png\",\"contentUrl\":\"https:\\\/\\\/www.smartsteuer.de\\\/online\\\/wp-content\\\/uploads\\\/2024\\\/11\\\/Favicon-smartsteuer.png\",\"width\":512,\"height\":512,\"caption\":\"smartsteuer GmbH\"},\"image\":{\"@id\":\"https:\\\/\\\/www.smartsteuer.de\\\/online\\\/#\\\/schema\\\/logo\\\/image\\\/\"},\"sameAs\":[\"https:\\\/\\\/de-de.facebook.com\\\/smartsteuer\\\/\",\"https:\\\/\\\/x.com\\\/smartsteuer\",\"https:\\\/\\\/www.youtube.com\\\/channel\\\/UCu02GkFNrMRzwysT2SEmNrQ\"]}]}<\/script>\n<!-- \/ Yoast SEO Premium plugin. -->","yoast_head_json":{"title":"Au\u00dfergew\u00f6hnliche Belastungen Rechner","description":"Berechne au\u00dfergew\u00f6hnliche Belastungen mit unserem Rechner. Durch Spenden, Mitgliedsbeitr\u00e4ge oder Krankheitskosten Steuern verringern.","robots":{"index":"index","follow":"follow","max-snippet":"max-snippet:-1","max-image-preview":"max-image-preview:large","max-video-preview":"max-video-preview:-1"},"canonical":"https:\/\/www.smartsteuer.de\/online\/steuerrechner\/steuerrechner-aussergewoehnliche-belastung\/","og_locale":"de_DE","og_type":"article","og_title":"Au\u00dfergew\u00f6hnliche Belastungen Rechner","og_description":"Berechne au\u00dfergew\u00f6hnliche Belastungen mit unserem Rechner. Durch Spenden, Mitgliedsbeitr\u00e4ge oder Krankheitskosten Steuern verringern.","og_url":"https:\/\/www.smartsteuer.de\/online\/steuerrechner\/steuerrechner-aussergewoehnliche-belastung\/","og_site_name":"smartsteuer","article_publisher":"https:\/\/de-de.facebook.com\/smartsteuer\/","article_modified_time":"2026-04-29T13:30:53+00:00","twitter_card":"summary_large_image","twitter_site":"@smartsteuer","twitter_misc":{"Gesch\u00e4tzte Lesezeit":"4\u00a0Minuten"},"schema":{"@context":"https:\/\/schema.org","@graph":[{"@type":"WebPage","@id":"https:\/\/www.smartsteuer.de\/online\/steuerrechner\/steuerrechner-aussergewoehnliche-belastung\/","url":"https:\/\/www.smartsteuer.de\/online\/steuerrechner\/steuerrechner-aussergewoehnliche-belastung\/","name":"Au\u00dfergew\u00f6hnliche Belastungen Rechner","isPartOf":{"@id":"https:\/\/www.smartsteuer.de\/online\/#website"},"datePublished":"2025-10-30T09:20:52+00:00","dateModified":"2026-04-29T13:30:53+00:00","description":"Berechne au\u00dfergew\u00f6hnliche Belastungen mit unserem Rechner. Durch Spenden, Mitgliedsbeitr\u00e4ge oder Krankheitskosten Steuern verringern.","breadcrumb":{"@id":"https:\/\/www.smartsteuer.de\/online\/steuerrechner\/steuerrechner-aussergewoehnliche-belastung\/#breadcrumb"},"inLanguage":"de","potentialAction":[{"@type":"ReadAction","target":["https:\/\/www.smartsteuer.de\/online\/steuerrechner\/steuerrechner-aussergewoehnliche-belastung\/"]}]},{"@type":"BreadcrumbList","@id":"https:\/\/www.smartsteuer.de\/online\/steuerrechner\/steuerrechner-aussergewoehnliche-belastung\/#breadcrumb","itemListElement":[{"@type":"ListItem","position":1,"name":"Home","item":"https:\/\/www.smartsteuer.de\/online\/"},{"@type":"ListItem","position":2,"name":"Einkommensteuer Rechner \/ Steuerrechner &#8211; gratis Steuer berechnen","item":"https:\/\/www.smartsteuer.de\/online\/steuerrechner\/"},{"@type":"ListItem","position":3,"name":"Au\u00dfergew\u00f6hnliche Belastungen Rechner"}]},{"@type":"WebSite","@id":"https:\/\/www.smartsteuer.de\/online\/#website","url":"https:\/\/www.smartsteuer.de\/online\/","name":"smartsteuer","description":"Steuererkl\u00e4rung 2024 online machen &amp; Steuern sparen","publisher":{"@id":"https:\/\/www.smartsteuer.de\/online\/#organization"},"potentialAction":[{"@type":"SearchAction","target":{"@type":"EntryPoint","urlTemplate":"https:\/\/www.smartsteuer.de\/online\/?s={search_term_string}"},"query-input":{"@type":"PropertyValueSpecification","valueRequired":true,"valueName":"search_term_string"}}],"inLanguage":"de"},{"@type":"Organization","@id":"https:\/\/www.smartsteuer.de\/online\/#organization","name":"smartsteuer GmbH","url":"https:\/\/www.smartsteuer.de\/online\/","logo":{"@type":"ImageObject","inLanguage":"de","@id":"https:\/\/www.smartsteuer.de\/online\/#\/schema\/logo\/image\/","url":"https:\/\/www.smartsteuer.de\/online\/wp-content\/uploads\/2024\/11\/Favicon-smartsteuer.png","contentUrl":"https:\/\/www.smartsteuer.de\/online\/wp-content\/uploads\/2024\/11\/Favicon-smartsteuer.png","width":512,"height":512,"caption":"smartsteuer GmbH"},"image":{"@id":"https:\/\/www.smartsteuer.de\/online\/#\/schema\/logo\/image\/"},"sameAs":["https:\/\/de-de.facebook.com\/smartsteuer\/","https:\/\/x.com\/smartsteuer","https:\/\/www.youtube.com\/channel\/UCu02GkFNrMRzwysT2SEmNrQ"]}]}},"_links":{"self":[{"href":"https:\/\/www.smartsteuer.de\/online\/wp-json\/wp\/v2\/pages\/83413","targetHints":{"allow":["GET"]}}],"collection":[{"href":"https:\/\/www.smartsteuer.de\/online\/wp-json\/wp\/v2\/pages"}],"about":[{"href":"https:\/\/www.smartsteuer.de\/online\/wp-json\/wp\/v2\/types\/page"}],"author":[{"embeddable":true,"href":"https:\/\/www.smartsteuer.de\/online\/wp-json\/wp\/v2\/users\/47"}],"replies":[{"embeddable":true,"href":"https:\/\/www.smartsteuer.de\/online\/wp-json\/wp\/v2\/comments?post=83413"}],"version-history":[{"count":8,"href":"https:\/\/www.smartsteuer.de\/online\/wp-json\/wp\/v2\/pages\/83413\/revisions"}],"predecessor-version":[{"id":91039,"href":"https:\/\/www.smartsteuer.de\/online\/wp-json\/wp\/v2\/pages\/83413\/revisions\/91039"}],"up":[{"embeddable":true,"href":"https:\/\/www.smartsteuer.de\/online\/wp-json\/wp\/v2\/pages\/14863"}],"wp:attachment":[{"href":"https:\/\/www.smartsteuer.de\/online\/wp-json\/wp\/v2\/media?parent=83413"}],"curies":[{"name":"wp","href":"https:\/\/api.w.org\/{rel}","templated":true}]}}