{"id":83776,"date":"2025-11-03T14:09:47","date_gmt":"2025-11-03T12:09:47","guid":{"rendered":"https:\/\/www.smartsteuer.de\/online\/?page_id=83776"},"modified":"2025-11-19T09:39:08","modified_gmt":"2025-11-19T07:39:08","slug":"anlage-s-ausfuellhilfe","status":"publish","type":"page","link":"https:\/\/www.smartsteuer.de\/online\/ausfuellhilfen\/anlage-s-ausfuellhilfe\/","title":{"rendered":"Anlage S (Eink\u00fcnfte aus selbstst\u00e4ndiger Arbeit) \u2013 Ausf\u00fcllhilfe"},"content":{"rendered":"<p><div class=\"lb-inline-tipp p-4 my-4 my-sm-5\">\n\t<div class=\"lb-inline-tipp-title\">\n\t\t<i class=\"fa-solid fa-lightbulb\" aria-hidden=\"true\"><\/i>Hinweis:\n\t<\/div>\n\t<div class=\"lb-inline-tipp-content\">\n\t\tAlle Steuererkl\u00e4rungen m\u00fcssen ab 01.01.2025 digital eingereicht werden. Ausnahmen gelten f\u00fcr Rentner und Angestellte, die keine weiteren steuerpflichtigen Einnahmen neben Lohn oder Rente haben.<br \/>\n\n\t<\/div>\n<\/div>\t       <br \/>\nAuf dieser Seite finden Sie eine kostenlose Ausf\u00fcllhilfe zur Anlage S der Einkommensteuererkl\u00e4rung. In dieser zeigen wir Ihnen nachfolgend, wie Sie die Anlage S richtig ausf\u00fcllen, wann Sie die Anlage S \u00fcberhaupt ausf\u00fcllen m\u00fcssen und was es dabei alles zu beachten gibt.<\/p>\n<p>Konkret geht es um die folgenden Themen:<\/p>\n\n<h2>Wann muss oder sollte die Anlage S ausgef\u00fcllt werden?<\/h2>\n<p>Sie m\u00fcssen die Anlage S ausf\u00fcllen und zusammen mit Ihrer Einkommensteuererkl\u00e4rung abgeben, wenn mindestens einer der folgenden F\u00e4lle gegeben ist:<\/p>\n<ul>\n<li>Sie waren im Veranlagungsjahr freiberuflich t\u00e4tig<\/li>\n<li>Sie waren im Veranlagungsjahr an einer freiberuflich t\u00e4tigen Personengesellschaft beteiligt<\/li>\n<li>Sie haben als Freiberufler Ihren Betrieb ver\u00e4u\u00dfert oder aufgegeben<\/li>\n<li>Durch die Absicht sich freiberuflich selbstst\u00e4ndig zu machen, sind Ihnen Aufwendungen entstanden<\/li>\n<\/ul>\n<h2>Ausf\u00fcllhilfe zur Anlage &#8222;Eink\u00fcnfte aus selbstst\u00e4ndiger Arbeit&#8220;<\/h2>\n<h3>\u00dcberblick der Formularinhalte der Anlage S<\/h3>\n<table class=\"table\">\n<tbody>\n<tr>\n<td><strong>Seite 1<\/strong><\/td>\n<td><strong>Zeilen 4 bis 16 \u2013 Gewinn<\/strong><\/p>\n<p>Den im Rahmen der E\u00dcR ermittelten Gewinn erkl\u00e4ren Sie in den Zeilen 4 bis 16.<\/p>\n<p>Bei Beteiligung an einer freiberuflich t\u00e4tigen Personengesellschaft, ist Ihr Anteil an den Gewinnen anzugeben.<\/td>\n<\/tr>\n<tr>\n<td><strong>Seite 2<\/strong><\/td>\n<td><strong>Zeilen 31 bis 42 \u2013 Ver\u00e4u\u00dferungsgewinn<\/strong><\/p>\n<p>Wenn Sie als Freiberufler Ihren Betrieb aufgegeben oder ver\u00e4u\u00dfert haben und dabei Gewinne angefallen sind, machen Sie die entsprechenden Angaben in diesen Zeilen.<\/p>\n<p><strong>Zeilen 43 bis 47 &#8211; Sonstiges<\/strong><\/td>\n<\/tr>\n<\/tbody>\n<\/table>\n<div class=\"lb-inline-tipp p-4 my-4 my-sm-5\">\n\t<div class=\"lb-inline-tipp-title\">\n\t\t<i class=\"fa-solid fa-lightbulb\" aria-hidden=\"true\"><\/i>Unser Tipp:\n\t<\/div>\n\t<div class=\"lb-inline-tipp-content\">\n\t\t<\/p>\n<p>Wenn Sie \u00fcber das Buchhaltungsprogramm Lexware Office ihre E\u00dcR erstellen, dann k\u00f6nnen Sie die Daten direkt zur Online Steuererkl\u00e4rung smartsteuer senden.<\/p>\n<p>Profitieren Sie von unserem <strong><a href=\"https:\/\/www.smartsteuer.de\/online\/produkt-kombi-lexware-office-smartsteuer\/\">Lexware Office und smartsteuer Kombi-Angebot<\/a><\/strong> durch starke Rabatte!<\/p>\n<p>\n\t<\/div>\n<\/div>\t       \n<h3>Seite 1 (Zeilen 1 bis 3) \u2013 Grundangaben<\/h3>\n<p>Bei den Grundangaben tragen Sie Ihren Namen und Vornamen sowie Ihre Steuernummer ein.<\/p>\n<p>Ehegatten und Lebenspartner mit Eink\u00fcnften aus selbstst\u00e4ndiger Arbeit m\u00fcssen jeweils eine eigene Anlage S abgeben. Kreuzen Sie hier auch an, ob es sich um das Formular des Partners A oder B handelt.<\/p>\n<h3>Seite 1 (Zeilen 4 und 16) \u2013 Gewinn<\/h3>\n<p><strong>Zeilen 4 und 5 \u2013 Gewinn freiberuflicher T\u00e4tigkeit<\/strong><\/p>\n<p>Den mit Ihrer freiberuflichen T\u00e4tigkeit erzielten Gewinn oder Verlust tragen Sie in die Zeile 4 ein. Bei einer weiteren freiberuflichen T\u00e4tigkeit, nutzen Sie die Zeile 5.<\/p>\n<p>Wichtig ist, dass Sie Ihrer Steuererkl\u00e4rung f\u00fcr das Finanzamt auch die Unterlagen zur Gewinnermittlung beif\u00fcgen.<\/p>\n<p><strong>Zeile 6 \u2013 Gesonderte Feststellung<\/strong><\/p>\n<p>Sollte sich der Betriebssitz im Zust\u00e4ndigkeitsbereich eines anderen Finanzamts befinden, so m\u00fcssen alle Unterlagen f\u00fcr den Betrieb sowie eine \u201eErkl\u00e4rung zur gesonderten Feststellung der Eink\u00fcnfte\u201c beim Finanzamt des Betriebs abgegeben werden.<\/p>\n<p><strong>Zeilen 7 und 8 \u2013 Beteiligungen<\/strong><\/p>\n<p>Diese Zeilen sind f\u00fcr Sie relevant, wenn Sie oder Ihr Ehegatte Gesellschafter einer freiberuflichen Personengesellschaft sind. Der einheitlich und gesondert festgestellte Gewinn ist hier anzugeben.<\/p>\n<p>Dabei kommen Gewinne aus Ihrer 1. Beteiligung in die Zeile 7. Falls weitere Beteiligungen bestehen, sind die Gewinne in Zeile 8 anzugeben.<\/p>\n<p><strong>Zeile 9 \u2013 Verlustbeteiligungen<\/strong><\/p>\n<p>Wenn Sie an freiberuflichen Abschreibungs- bzw. Verlustzuweisungsgesellschaften oder Steuerstundungsmodellen beteiligt sind, nutzen Sie f\u00fcr Ihre Angaben die Zeile 9.<\/p>\n<p><strong>Zeilen 10 und 11 \u2013 Andere selbstst\u00e4ndige Arbeit<\/strong><\/p>\n<p>Eink\u00fcnfte aus anderen selbstst\u00e4ndigen T\u00e4tigkeiten sind in den Zeilen 10 und 11 anzugeben. Die Zeile 10 bezieht sich dabei auf die 1. Sonstige selbstst\u00e4ndige Arbeit, die Zeile 11 auf ggf. weitere selbstst\u00e4ndige T\u00e4tigkeiten.<\/p>\n<p>Relevant sind diese Zeilen zum Beispiel f\u00fcr Zwangs- und Insolvenzverwalter, Aufsichtsr\u00e4te und Lotterieeinnehmer.<\/p>\n<p><strong>Zeile 12 \u2013 Teileink\u00fcnfteverfahren<\/strong><\/p>\n<p>Diese Zeile ist f\u00fcr Sie nur dann von Wichtigkeit, wenn Sie in Ihrem Betriebsverm\u00f6gen als Freiberufler Anteile an Kapitalgesellschaften halten und entweder Gewinnanteile ausgesch\u00fcttet bekommen haben oder Sie eine verdeckte Gewinnaussch\u00fcttung vorgenommen haben.<\/p>\n<p>Der hier anzugebende steuerfreie Teil der Eink\u00fcnfte ist nicht in den Zeilen bis 8, 10 und 11 einzutragen und muss in einer gesonderten Aufstellung berechnet werden, die dem Steuerformular beizuf\u00fcgen ist.<\/p>\n<p><strong>Zeilen 13 \u2013 In den Zeilen 4 bis 8 enthaltene positive Eink\u00fcnfte i. S. d. \u00a7 2 Abs. 4 UmwStG<\/strong><\/p>\n<p><strong>Zeilen 14 und 15 &#8211; Steuerpflichtiger Teil der Leistungsverg\u00fctungen als Beteiligter einer Wagniskapitalgesellschaft<\/strong><\/p>\n<p><strong>Zeile 16 \u2013 Steuererm\u00e4\u00dfigung<\/strong><\/p>\n<p>Wenn Sie Ihren Gewinn durch Buchf\u00fchrung ermitteln, k\u00f6nnen Sie eine Steuererm\u00e4\u00dfigung f\u00fcr einen Teil des Gewinns beantragen, der im Betrieb verbleibt und <em>nicht<\/em> entnommen wird.<\/p>\n<p>Wenn Sie von dieser M\u00f6glichkeit Gebrauch machen m\u00f6chten, m\u00fcssen Sie zus\u00e4tzlich zu Ihrer Anlage S auch die Anlage(n) 34a einreichen.<\/p>\n<h3>Seite 2 (Zeilen 31 bis 42) \u2013 Ver\u00e4u\u00dferungsgewinn<\/h3>\n<p>Wenn Sie Ihren freiberuflichen Betrieb aufgegeben oder ver\u00e4u\u00dfert haben und dabei Gewinn entstanden ist, so muss dieser in den Zeilen 31 bis 42 steuerlich erfasst werden. Auch wenn bei der Ver\u00e4u\u00dferung ein Verlust angefallen ist kann dieser angegeben werden (Zeile 40).<\/p>\n<p>Beachten Sie, dass das Finanzamt bei einem Anteil von weniger als 1 Prozent an einer Gesellschaft bei der Ver\u00e4u\u00dferung, von Eink\u00fcnften aus Kapitalverm\u00f6gen ausgeht. In diesem Fall muss f\u00fcr die Angabe die Anlage KAP genutzt werden, nicht die Angabe S.<\/p>\n<h3>Seite 2 (Zeilen 43 bis 47) \u2013 Sonstiges<\/h3>\n<h4>\u00c4hnliche Beitr\u00e4ge:<\/h4>\n<ul>\n<li><a title=\"Anlage E\u00dcR \u2013 Ausf\u00fcllhilfe\" href=\"https:\/\/www.smartsteuer.de\/online\/ausfuellhilfen\/anlage-euer-ausfuellhilfe\/\" rel=\"bookmark\">Anlage E\u00dcR \u2013 Ausf\u00fcllhilfe<\/a><\/li>\n<li><a title=\"Anlage N (Eink\u00fcnfte aus nichtselbstst\u00e4ndiger Arbeit) \u2013 Ausf\u00fcllhilfe\" href=\"https:\/\/www.smartsteuer.de\/online\/ausfuellhilfen\/anlage-n-ausfuellhilfe\/\" rel=\"bookmark\">Anlage N (Eink\u00fcnfte aus nichtselbstst\u00e4ndiger Arbeit) \u2013 Ausf\u00fcllhilfe<\/a><\/li>\n<li><a title=\"Anlage V (Eink\u00fcnfte aus Vermietung und Verpachtung) \u2013 Ausf\u00fcllhilfe\" href=\"https:\/\/www.smartsteuer.de\/online\/ausfuellhilfen\/anlage-v-ausfuellhilfe\/\" rel=\"bookmark\">Anlage V (Eink\u00fcnfte aus Vermietung und Verpachtung) \u2013 Ausf\u00fcllhilfe<\/a><\/li>\n<li><a title=\"Hauptvordruck der Einkommensteuererkl\u00e4rung (ESt 1 A) \u2013 Ausf\u00fcllhilfe\" href=\"https:\/\/www.smartsteuer.de\/online\/ausfuellhilfen\/hauptvordruck-steuererklaerung-ausfuellhilfe\/\" rel=\"bookmark\">Hauptvordruck der Einkommensteuererkl\u00e4rung (ESt 1 A) \u2013 Ausf\u00fcllhilfe<\/a><\/li>\n<\/ul>\n","protected":false},"excerpt":{"rendered":"<p>Auf dieser Seite finden Sie eine kostenlose Ausf\u00fcllhilfe zur Anlage S der Einkommensteuererkl\u00e4rung. In dieser zeigen wir Ihnen nachfolgend, wie Sie die Anlage S richtig ausf\u00fcllen, wann Sie die Anlage S \u00fcberhaupt ausf\u00fcllen m\u00fcssen und was es dabei alles zu beachten gibt. Konkret geht es um die folgenden Themen: Wann muss oder sollte die Anlage [&hellip;]<\/p>\n","protected":false},"author":47,"featured_media":0,"parent":83992,"menu_order":0,"comment_status":"closed","ping_status":"closed","template":"","meta":{"_acf_changed":false,"footnotes":""},"class_list":["post-83776","page","type-page","status-publish","hentry"],"acf":[],"yoast_head":"<!-- This site is optimized with the Yoast SEO Premium plugin v27.5 (Yoast SEO v27.5) - https:\/\/yoast.com\/product\/yoast-seo-premium-wordpress\/ -->\n<title>Anlage S (Eink\u00fcnfte aus selbstst\u00e4ndiger Arbeit) \u2013 Ausf\u00fcllhilfe<\/title>\n<meta name=\"description\" content=\"Anlage S (Eink\u00fcnfte aus selbstst\u00e4ndiger Arbeit) \u2013 Ausf\u00fcllhilfe \ud83d\udca1 Hinweise und Tipps f\u00fcr Dich leicht erkl\u00e4rt!\" \/>\n<meta name=\"robots\" content=\"index, follow, max-snippet:-1, max-image-preview:large, max-video-preview:-1\" \/>\n<link rel=\"canonical\" href=\"https:\/\/www.smartsteuer.de\/online\/ausfuellhilfen\/anlage-s-ausfuellhilfe\/\" \/>\n<meta property=\"og:locale\" content=\"de_DE\" \/>\n<meta property=\"og:type\" content=\"article\" \/>\n<meta property=\"og:title\" content=\"Anlage S (Eink\u00fcnfte aus selbstst\u00e4ndiger Arbeit) \u2013 Ausf\u00fcllhilfe\" \/>\n<meta property=\"og:description\" content=\"Anlage S (Eink\u00fcnfte aus selbstst\u00e4ndiger Arbeit) \u2013 Ausf\u00fcllhilfe \ud83d\udca1 Hinweise und Tipps f\u00fcr Dich leicht erkl\u00e4rt!\" \/>\n<meta property=\"og:url\" content=\"https:\/\/www.smartsteuer.de\/online\/ausfuellhilfen\/anlage-s-ausfuellhilfe\/\" \/>\n<meta property=\"og:site_name\" content=\"smartsteuer\" \/>\n<meta property=\"article:publisher\" content=\"https:\/\/de-de.facebook.com\/smartsteuer\/\" \/>\n<meta property=\"article:modified_time\" content=\"2025-11-19T07:39:08+00:00\" \/>\n<meta name=\"twitter:card\" content=\"summary_large_image\" \/>\n<meta name=\"twitter:site\" content=\"@smartsteuer\" \/>\n<meta name=\"twitter:label1\" content=\"Gesch\u00e4tzte Lesezeit\" \/>\n\t<meta name=\"twitter:data1\" content=\"5\u00a0Minuten\" \/>\n<script type=\"application\/ld+json\" class=\"yoast-schema-graph\">{\"@context\":\"https:\\\/\\\/schema.org\",\"@graph\":[{\"@type\":\"WebPage\",\"@id\":\"https:\\\/\\\/www.smartsteuer.de\\\/online\\\/ausfuellhilfen\\\/anlage-s-ausfuellhilfe\\\/\",\"url\":\"https:\\\/\\\/www.smartsteuer.de\\\/online\\\/ausfuellhilfen\\\/anlage-s-ausfuellhilfe\\\/\",\"name\":\"Anlage S (Eink\u00fcnfte aus selbstst\u00e4ndiger Arbeit) \u2013 Ausf\u00fcllhilfe\",\"isPartOf\":{\"@id\":\"https:\\\/\\\/www.smartsteuer.de\\\/online\\\/#website\"},\"datePublished\":\"2025-11-03T12:09:47+00:00\",\"dateModified\":\"2025-11-19T07:39:08+00:00\",\"description\":\"Anlage S (Eink\u00fcnfte aus selbstst\u00e4ndiger Arbeit) \u2013 Ausf\u00fcllhilfe \ud83d\udca1 Hinweise und Tipps f\u00fcr Dich leicht erkl\u00e4rt!\",\"breadcrumb\":{\"@id\":\"https:\\\/\\\/www.smartsteuer.de\\\/online\\\/ausfuellhilfen\\\/anlage-s-ausfuellhilfe\\\/#breadcrumb\"},\"inLanguage\":\"de\",\"potentialAction\":[{\"@type\":\"ReadAction\",\"target\":[\"https:\\\/\\\/www.smartsteuer.de\\\/online\\\/ausfuellhilfen\\\/anlage-s-ausfuellhilfe\\\/\"]}]},{\"@type\":\"BreadcrumbList\",\"@id\":\"https:\\\/\\\/www.smartsteuer.de\\\/online\\\/ausfuellhilfen\\\/anlage-s-ausfuellhilfe\\\/#breadcrumb\",\"itemListElement\":[{\"@type\":\"ListItem\",\"position\":1,\"name\":\"Home\",\"item\":\"https:\\\/\\\/www.smartsteuer.de\\\/online\\\/\"},{\"@type\":\"ListItem\",\"position\":2,\"name\":\"ausfuellhilfen\",\"item\":\"https:\\\/\\\/www.smartsteuer.de\\\/online\\\/ausfuellhilfen\\\/\"},{\"@type\":\"ListItem\",\"position\":3,\"name\":\"Anlage S (Eink\u00fcnfte aus selbstst\u00e4ndiger Arbeit) \u2013 Ausf\u00fcllhilfe\"}]},{\"@type\":\"WebSite\",\"@id\":\"https:\\\/\\\/www.smartsteuer.de\\\/online\\\/#website\",\"url\":\"https:\\\/\\\/www.smartsteuer.de\\\/online\\\/\",\"name\":\"smartsteuer\",\"description\":\"Steuererkl\u00e4rung 2024 online machen &amp; Steuern sparen\",\"publisher\":{\"@id\":\"https:\\\/\\\/www.smartsteuer.de\\\/online\\\/#organization\"},\"potentialAction\":[{\"@type\":\"SearchAction\",\"target\":{\"@type\":\"EntryPoint\",\"urlTemplate\":\"https:\\\/\\\/www.smartsteuer.de\\\/online\\\/?s={search_term_string}\"},\"query-input\":{\"@type\":\"PropertyValueSpecification\",\"valueRequired\":true,\"valueName\":\"search_term_string\"}}],\"inLanguage\":\"de\"},{\"@type\":\"Organization\",\"@id\":\"https:\\\/\\\/www.smartsteuer.de\\\/online\\\/#organization\",\"name\":\"smartsteuer GmbH\",\"url\":\"https:\\\/\\\/www.smartsteuer.de\\\/online\\\/\",\"logo\":{\"@type\":\"ImageObject\",\"inLanguage\":\"de\",\"@id\":\"https:\\\/\\\/www.smartsteuer.de\\\/online\\\/#\\\/schema\\\/logo\\\/image\\\/\",\"url\":\"https:\\\/\\\/www.smartsteuer.de\\\/online\\\/wp-content\\\/uploads\\\/2024\\\/11\\\/Favicon-smartsteuer.png\",\"contentUrl\":\"https:\\\/\\\/www.smartsteuer.de\\\/online\\\/wp-content\\\/uploads\\\/2024\\\/11\\\/Favicon-smartsteuer.png\",\"width\":512,\"height\":512,\"caption\":\"smartsteuer GmbH\"},\"image\":{\"@id\":\"https:\\\/\\\/www.smartsteuer.de\\\/online\\\/#\\\/schema\\\/logo\\\/image\\\/\"},\"sameAs\":[\"https:\\\/\\\/de-de.facebook.com\\\/smartsteuer\\\/\",\"https:\\\/\\\/x.com\\\/smartsteuer\",\"https:\\\/\\\/www.youtube.com\\\/channel\\\/UCu02GkFNrMRzwysT2SEmNrQ\"]}]}<\/script>\n<!-- \/ Yoast SEO Premium plugin. -->","yoast_head_json":{"title":"Anlage S (Eink\u00fcnfte aus selbstst\u00e4ndiger Arbeit) \u2013 Ausf\u00fcllhilfe","description":"Anlage S (Eink\u00fcnfte aus selbstst\u00e4ndiger Arbeit) \u2013 Ausf\u00fcllhilfe \ud83d\udca1 Hinweise und Tipps f\u00fcr Dich leicht erkl\u00e4rt!","robots":{"index":"index","follow":"follow","max-snippet":"max-snippet:-1","max-image-preview":"max-image-preview:large","max-video-preview":"max-video-preview:-1"},"canonical":"https:\/\/www.smartsteuer.de\/online\/ausfuellhilfen\/anlage-s-ausfuellhilfe\/","og_locale":"de_DE","og_type":"article","og_title":"Anlage S (Eink\u00fcnfte aus selbstst\u00e4ndiger Arbeit) \u2013 Ausf\u00fcllhilfe","og_description":"Anlage S (Eink\u00fcnfte aus selbstst\u00e4ndiger Arbeit) \u2013 Ausf\u00fcllhilfe \ud83d\udca1 Hinweise und Tipps f\u00fcr Dich leicht erkl\u00e4rt!","og_url":"https:\/\/www.smartsteuer.de\/online\/ausfuellhilfen\/anlage-s-ausfuellhilfe\/","og_site_name":"smartsteuer","article_publisher":"https:\/\/de-de.facebook.com\/smartsteuer\/","article_modified_time":"2025-11-19T07:39:08+00:00","twitter_card":"summary_large_image","twitter_site":"@smartsteuer","twitter_misc":{"Gesch\u00e4tzte Lesezeit":"5\u00a0Minuten"},"schema":{"@context":"https:\/\/schema.org","@graph":[{"@type":"WebPage","@id":"https:\/\/www.smartsteuer.de\/online\/ausfuellhilfen\/anlage-s-ausfuellhilfe\/","url":"https:\/\/www.smartsteuer.de\/online\/ausfuellhilfen\/anlage-s-ausfuellhilfe\/","name":"Anlage S (Eink\u00fcnfte aus selbstst\u00e4ndiger Arbeit) \u2013 Ausf\u00fcllhilfe","isPartOf":{"@id":"https:\/\/www.smartsteuer.de\/online\/#website"},"datePublished":"2025-11-03T12:09:47+00:00","dateModified":"2025-11-19T07:39:08+00:00","description":"Anlage S (Eink\u00fcnfte aus selbstst\u00e4ndiger Arbeit) \u2013 Ausf\u00fcllhilfe \ud83d\udca1 Hinweise und Tipps f\u00fcr Dich leicht erkl\u00e4rt!","breadcrumb":{"@id":"https:\/\/www.smartsteuer.de\/online\/ausfuellhilfen\/anlage-s-ausfuellhilfe\/#breadcrumb"},"inLanguage":"de","potentialAction":[{"@type":"ReadAction","target":["https:\/\/www.smartsteuer.de\/online\/ausfuellhilfen\/anlage-s-ausfuellhilfe\/"]}]},{"@type":"BreadcrumbList","@id":"https:\/\/www.smartsteuer.de\/online\/ausfuellhilfen\/anlage-s-ausfuellhilfe\/#breadcrumb","itemListElement":[{"@type":"ListItem","position":1,"name":"Home","item":"https:\/\/www.smartsteuer.de\/online\/"},{"@type":"ListItem","position":2,"name":"ausfuellhilfen","item":"https:\/\/www.smartsteuer.de\/online\/ausfuellhilfen\/"},{"@type":"ListItem","position":3,"name":"Anlage S (Eink\u00fcnfte aus selbstst\u00e4ndiger Arbeit) \u2013 Ausf\u00fcllhilfe"}]},{"@type":"WebSite","@id":"https:\/\/www.smartsteuer.de\/online\/#website","url":"https:\/\/www.smartsteuer.de\/online\/","name":"smartsteuer","description":"Steuererkl\u00e4rung 2024 online machen &amp; Steuern sparen","publisher":{"@id":"https:\/\/www.smartsteuer.de\/online\/#organization"},"potentialAction":[{"@type":"SearchAction","target":{"@type":"EntryPoint","urlTemplate":"https:\/\/www.smartsteuer.de\/online\/?s={search_term_string}"},"query-input":{"@type":"PropertyValueSpecification","valueRequired":true,"valueName":"search_term_string"}}],"inLanguage":"de"},{"@type":"Organization","@id":"https:\/\/www.smartsteuer.de\/online\/#organization","name":"smartsteuer GmbH","url":"https:\/\/www.smartsteuer.de\/online\/","logo":{"@type":"ImageObject","inLanguage":"de","@id":"https:\/\/www.smartsteuer.de\/online\/#\/schema\/logo\/image\/","url":"https:\/\/www.smartsteuer.de\/online\/wp-content\/uploads\/2024\/11\/Favicon-smartsteuer.png","contentUrl":"https:\/\/www.smartsteuer.de\/online\/wp-content\/uploads\/2024\/11\/Favicon-smartsteuer.png","width":512,"height":512,"caption":"smartsteuer GmbH"},"image":{"@id":"https:\/\/www.smartsteuer.de\/online\/#\/schema\/logo\/image\/"},"sameAs":["https:\/\/de-de.facebook.com\/smartsteuer\/","https:\/\/x.com\/smartsteuer","https:\/\/www.youtube.com\/channel\/UCu02GkFNrMRzwysT2SEmNrQ"]}]}},"_links":{"self":[{"href":"https:\/\/www.smartsteuer.de\/online\/wp-json\/wp\/v2\/pages\/83776","targetHints":{"allow":["GET"]}}],"collection":[{"href":"https:\/\/www.smartsteuer.de\/online\/wp-json\/wp\/v2\/pages"}],"about":[{"href":"https:\/\/www.smartsteuer.de\/online\/wp-json\/wp\/v2\/types\/page"}],"author":[{"embeddable":true,"href":"https:\/\/www.smartsteuer.de\/online\/wp-json\/wp\/v2\/users\/47"}],"replies":[{"embeddable":true,"href":"https:\/\/www.smartsteuer.de\/online\/wp-json\/wp\/v2\/comments?post=83776"}],"version-history":[{"count":3,"href":"https:\/\/www.smartsteuer.de\/online\/wp-json\/wp\/v2\/pages\/83776\/revisions"}],"predecessor-version":[{"id":84527,"href":"https:\/\/www.smartsteuer.de\/online\/wp-json\/wp\/v2\/pages\/83776\/revisions\/84527"}],"up":[{"embeddable":true,"href":"https:\/\/www.smartsteuer.de\/online\/wp-json\/wp\/v2\/pages\/83992"}],"wp:attachment":[{"href":"https:\/\/www.smartsteuer.de\/online\/wp-json\/wp\/v2\/media?parent=83776"}],"curies":[{"name":"wp","href":"https:\/\/api.w.org\/{rel}","templated":true}]}}