{"id":83833,"date":"2025-11-03T14:12:48","date_gmt":"2025-11-03T12:12:48","guid":{"rendered":"https:\/\/www.smartsteuer.de\/online\/?page_id=83833"},"modified":"2025-11-19T09:37:05","modified_gmt":"2025-11-19T07:37:05","slug":"anlage-r-ausfuellhilfe","status":"publish","type":"page","link":"https:\/\/www.smartsteuer.de\/online\/ausfuellhilfen\/anlage-r-ausfuellhilfe\/","title":{"rendered":"Anlage R (Renten) \u2013 Ausf\u00fcllhilfe"},"content":{"rendered":"<p>Auf dieser Seite zeigen wir Ihnen, wie Sie die Anlage R (Renten) richtig ausf\u00fcllen, wann Sie die Anlage R ausf\u00fcllen m\u00fcssen und was Sie dabei unbedingt beachten sollten.<\/p>\n<p>Im Folgenden wird diesen Themen Beachtung geschenkt:<\/p>\n\n<h2>Wer muss die Anlage R ausf\u00fcllen?<\/h2>\n<p>Die Anlage R ist auszuf\u00fcllen, wenn Sie im Veranlagungsjahr mindestens eine Rente bezogen haben.<\/p>\n<p>Bei dieser Rente darf es sich jedoch <em>nicht<\/em> um eine Betriebsrente oder Pension handeln \u2013 in diesem Fall ist die Anlage N das passende Steuerformular. Auch bei \u00dcbertragung von Verm\u00f6gen bei vorweggenommener Erbfolge muss die Anlage R nicht ausgef\u00fcllt werden \u2013 in diesem Fall ben\u00f6tigen Sie die Anlage SO.<\/p>\n<h2>Ausf\u00fcllhilfe zur Anlage &#8222;Renten&#8220;<\/h2>\n<h3>\u00dcberblick der Formularinhalte der Anlage R<\/h3>\n<table class=\"table\">\n<tbody>\n<tr>\n<td><strong>Seite 1<\/strong><\/td>\n<td><strong>Zeilen 4 bis 13 \u2013 Leibrenten \/ Leistungen<\/strong><\/p>\n<p>Die Zeilen 4 bis 13 beziehen sich auf Renten der gesetzlichen Rentenversicherung, Altersrenten aus landwirtschaftlichen Altersklassen, Renten aus berufsst\u00e4ndischen Versorgungswerken und R\u00fcrup-Renten.<\/p>\n<p><strong>Zeilen 14 bis 20 \u2013 Private Leibrenten<\/strong><\/p>\n<p>In den Zeilen 14 bis 20 sind Eintragungen f\u00fcr private Leibrenten vorzunehmen.<\/p>\n<p>Dabei handelt es sich im Wesentlichen um lebenslange Altersrenten aus privaten Versicherungsvertr\u00e4gen, Renten aus privaten Versicherungen und lebenslange Renten, die in Zusammenhang mit Verm\u00f6gensver\u00e4u\u00dferungen stehen.<\/p>\n<p>Beachten Sie, dass Angaben zu R\u00fcrup-Renten in den Zeilen 4 bis 13 gemacht werden. Angaben zur Riester-Rente geh\u00f6ren auf die zweite Seite der Anlage R in die Zeilen 31 bis 51.<\/p>\n<p><strong>Zeilen 21 \u2013 Steuerstundungsmodelle<\/strong><\/td>\n<\/tr>\n<tr>\n<td><strong>Seite 2<\/strong><\/td>\n<td><strong>Zeilen 31 bis 51 \u2013 Leistungen aus Altersvorsorgevertr\u00e4gen und aus der betrieblichen Altersvorsorge<\/strong><\/p>\n<p>Hier sind Eintragungen vorzunehmen bei staatlich gef\u00f6rderten Riester-Renten, Renten aus Pensionsfonds, Pensionskassen und Direktversicherungen sowie Renten aus Zusatzversorgungseinrichtung von Bund, L\u00e4ndern, Kommunen und Kirchen \u2013 beispielsweise VBL- und ZVK-Renten.<\/p>\n<p><strong>Zeilen 52 bis 59 \u2013 Werbungskosten<\/strong><\/p>\n<p>Wenn Ihre Werbungskosten f\u00fcr alle Renten bei \u00fcber 102 Euro liegen, machen Sie hier eine entsprechende Angabe.<\/p>\n<p>Ansonsten wird Ihnen in jedem Fall der Werbekostenpauschbetrag in H\u00f6he von 102 Euro zugerechnet.<\/td>\n<\/tr>\n<\/tbody>\n<\/table>\n<h3>Seite 1 (Zeilen 1 bis 3) \u2013 Grundangaben<\/h3>\n<p>Machen Sie hier zun\u00e4chst Ihre Grundangaben. Tragen Sie Ihren Namen und Vornamen sowie Ihre Steuernummer ein. Beachten Sie, dass bei Ehegatten und Lebenspartnern mit Renten und Leistungen aus Altersvorsorgevertr\u00e4gen jeweils eine eigene Anlage R abzugeben ist.<\/p>\n<p>Geben Sie bei den Grundangaben an, um wessen Anlage R es sich in diesem Fall handelt.<\/p>\n<h3>Seite 1 (Zeilen 4 bis 13) \u2013 Leibrenten \/ Leistungen<\/h3>\n<p><strong>Zeilen 4 \u2013 Art der Rente<\/strong><\/p>\n<p>In Zeile 4 haben Sie die M\u00f6glichkeit, Angaben zu bis zu 3 verschiedenen gesetzlichen Renten zu machen, die Sie beziehen.<\/p>\n<p>Nutzen Sie jeweils die Ziffer 1, 2, 3, 4 oder 9, um die Art Ihrer Rente anzugeben. Dabei stehen die folgenden Ziffern jeweils f\u00fcr die nachfolgenden Arten von Rente:<\/p>\n<ul>\n<li>1 = Rente aus inl\u00e4ndischen <em>gesetzlichen Rentenversicherungen<\/em> (z.B. Alters-, gesetzliche Erwerbsminderungs-, und Hinterbliebenenrenten)<\/li>\n<li>2 = Rente aus inl\u00e4ndischer <em>landwirtschaftlicher Alterskasse<\/em><\/li>\n<li>3 = Rente aus inl\u00e4ndischen <em>berufsst\u00e4ndischen Versorgungseinrichtungen<\/em> (z.B. Pflichtversicherungen f\u00fcr \u00c4rzte, Anw\u00e4lte, Apotheker und Architekten)<\/li>\n<li>4 = Rente aus eigenen <em>zertifizierten Basisrentenvertr\u00e4gen<\/em><\/li>\n<li>9 = Rente aus <em>ausl\u00e4ndischen Versicherungen \/ Rentenvertr\u00e4gen<\/em><\/li>\n<\/ul>\n<p><strong>Hinweis:<\/strong> Beachten Sie, dass Angaben zu private Renten in den Zeilen 14 bis 20 gemacht werden m\u00fcssen.<\/p>\n<p><strong>Zeilen<\/strong> <strong>5 und 6 \u2013 Rentenbetrag<\/strong><\/p>\n<p>In Zeile 5 einzutragen ist zun\u00e4chst der Jahresbetrag der <em>Bruttorente<\/em>. Beachten Sie, dass es sich dabei <em>nicht<\/em> um den ausgezahlten Betrag handelt, sondern vielmehr um die <em>zugesagte Rente<\/em>:<\/p>\n<div class=\"container\">\n<div class=\"row\">\n<div class=\"col-xs-6 col-xs-offset-3 col1\">RENTENBETRAG<br \/>\n<em>EXKLUSIVE<\/em> des steuerfreien Zuschusses der Rentenversicherung zur Krankenversicherung vor Abzug der Kranken- und Pflichtversicherungsbeitr\u00e4ge<br \/>\n<em>INKLUSIVE<\/em>\u00a0Nachzahlungen f\u00fcr Vorjahre und Einmalzahlungen (z.B. Sterbegeld)<\/div>\n<\/div>\n<\/div>\n<p>Dieser Rentenbetrag in Zeile 5 wird, abh\u00e4ngig vom Jahr des Rentenbeginns, lediglich teilweise besteuert.<\/p>\n<p>In Zeile 6 tragen Sie den Rentenanpassungsbetrag ein, den Sie Ihrer Rentenbezugsmitteilung entnehmen k\u00f6nnen. Dieser Betrag stellt die Summe aller Rentenerh\u00f6hungen ab dem dritten Rentenjahr (fr\u00fchestens ab 2006) dar und muss in vollem Umfang versteuert werden.<\/p>\n<p><strong>Hinweis:<\/strong> Gezahlte Kranken- und Pflegeversicherungsbeitr\u00e4ge k\u00f6nnen Sie als Sonderausgaben in der Anlage Vorsorgeaufwand geltend machen.<\/p>\n<p><strong>Zeile 7 \u2013 Beginn der Rente<\/strong><\/p>\n<p>Tragen Sie in Zeile 7 der Anlage R den <em>versicherungsrechtlichen<\/em> Beginn der Rente ein.<\/p>\n<p>Der versicherungsrechtliche Beginn Ihrer Rente ist ma\u00dfgebend f\u00fcr die H\u00f6he des steuerpflichtigen Teils Ihrer Rente.<\/p>\n<p>Bei <em>Rentenbeginn vor 2006<\/em> gilt: 50% der Rente aus Zeile 5 sind steuerpflichtig<\/p>\n<p>Bei jedem neuen Rentnerjahrgang erh\u00f6ht sich dieser Prozentsatz um 2%. F\u00fcr nachfolgende Jahrg\u00e4nge sind also folgende Anteile des Rentenbetrags aus Zeile 5 steuerpflichtig:<\/p>\n<div class=\"container\">\n<div class=\"row\">\n<div class=\"col-xs-6 col-xs-offset-3 col1\">Rentenbeginn ab 2006: 52%<br \/>\nab 2007: 54%<br \/>\nab 2008: 56%<br \/>\nab 2009: 58%<br \/>\nab 2010: 60%<br \/>\nab 2011: 62%<br \/>\nab 2012: 64%<br \/>\nab 2013: 66%<br \/>\nab 2014: 68%<br \/>\nab 2015: 70%<br \/>\nab 2016: 72%<br \/>\nab 2017: 74%<br \/>\nab 2018: 76%<br \/>\nab 2019: 78%<br \/>\n[&#8230;]<\/div>\n<div><\/div>\n<\/div>\n<\/div>\n<p><strong>Zeilen 8 und 9 \u2013 Vorg\u00e4ngerrente<\/strong><\/p>\n<p>Wenn der in Zeile 4 eingetragenen Rente eine andere Rente aus der gleichen Versicherung vorausgegangen ist, so ist der ma\u00dfgebende Prozentsatz der Rentenversteuerung auch von der Dauer der Vorg\u00e4ngerrente abh\u00e4ngig und f\u00fchrt im Normalfall zu einer niedrigeren Besteuerung.<\/p>\n<p>Dieser Fall ist beispielsweise gegeben, wenn Sie eine Witwenrente erhalten, welcher die Altersrente der verstorbenen Ehegatten vorausgegangen ist.<\/p>\n<p>Machen Sie daher ggf. Angaben zum Beginn (Zeile 8) und Ende (Zeile 9) der Vorg\u00e4ngerrente.<\/p>\n<p><strong>Zeile 10 \u2013 Rentennachzahlung \/ Kapitalauszahlung<\/strong><\/p>\n<p>Beachten Sie, dass Rentennachzahlungen oder Teilkapitalauszahlungen in jedem Fall bereits in dem in Zeile 5 eingetragenen Betrag enthalten sein m\u00fcssen.<\/p>\n<p>Geben Sie die Nachzahlungen in Zeile 10 trotzdem noch einmal an, damit das Finanzamt pr\u00fcfen kann, ob eine erm\u00e4\u00dfigte Besteuerung der Nachzahlungen oder Kapitalauszahlungen nach der F\u00fcnftel-Regelung m\u00f6glich ist.<\/p>\n<p><strong>Zeilen 11 bis 13 \u2013 \u00d6ffnungsklausel<\/strong><\/p>\n<p>Die \u00d6ffnungsklausel bezieht sich auf die gesetzliche Rentenversicherung sowie auf berufsst\u00e4ndische Versorgungseinrichtungen. In beiden F\u00e4llen werden Beitr\u00e4ge nur bis hin zu einer bestimmten Beitragsbemessungsgrenze berechnet, Sie haben jedoch die M\u00f6glichkeit auf freiwilliger Basis h\u00f6here Beitr\u00e4ge einzuzahlen, um einen h\u00f6heren Rentenanspruch zu erwerben.<\/p>\n<p>Die <a href=\"https:\/\/www.smartsteuer.de\/online\/lexikon\/r\/renten\/#D063066500035\">Details zur \u00d6ffnungsklausel lesen Sie hier<\/a>.<\/p>\n<p>Den Prozentsatz, den Sie in der Anlage R anzugeben haben (Zeile 11), entnehmen Sie der entsprechenden Bescheinigung Ihres Versorgungstr\u00e4gers. Wenn Sie Einmalzahlungen erhalten haben, so sind diese ebenfalls in der Bescheinigung aufgef\u00fchrt. Der Teil der Einmalzahlung, der unter die \u00d6ffnungsklausel f\u00e4llt, unterliegt dabei keiner Besteuerung. Der Betrag ist ggf. in die Zeile 13 einzutragen.<\/p>\n<h3>Seite 1 (Zeilen 14 bis 20) \u2013 Andere Leibrenten<\/h3>\n<p><strong>Zeile 14 \u2013 Art der Rente<\/strong><\/p>\n<p>In Zeile 14 haben Sie die M\u00f6glichkeit, Angaben f\u00fcr bis zu 3 verschiedenen private Renten zu machen, die Sie beziehen.<\/p>\n<p>Nutzen Sie jeweils die Ziffern 6, 7, 8 oder 9 um die Art Ihrer Rente anzugeben. Dabei stehen die folgenden Ziffern jeweils f\u00fcr die nachfolgenden Arten von Rente:<\/p>\n<ul>\n<li>6 = Rente aus inl\u00e4ndischen <em>privaten Rentenversicherungen<\/em><\/li>\n<li>7 = Rente aus inl\u00e4ndischen <em>privaten Rentenversicherungen mit zeitlich befristeter Laufzeit<\/em><\/li>\n<li>8 = Rente aus <em>sonstigen Verpflichtungsgr\u00fcnden<\/em> (z. B. Renten aus Ver\u00e4u\u00dferungsgesch\u00e4ften)<\/li>\n<li>9 = Rente aus <em>ausl\u00e4ndischen Versicherungen<\/em><\/li>\n<\/ul>\n<p><strong>Hinweis:<\/strong> Beachten Sie, dass Angaben zu gesetzlichen Renten in den Zeilen 4 bis 13 gemacht werden m\u00fcssen.<\/p>\n<p><strong>Zeile 15 \u2013 Rentenbetrag<\/strong><\/p>\n<p>Tragen Sie in Zeile 15 den Rentenbetrag ein, den Sie der Rentenermittlung oder einem anderen Dokument entnehmen k\u00f6nnen, das Sie z.B. von Ihrem Versicherer erhalten haben. Anzugeben ist dabei der Jahresbetrag.<\/p>\n<p>Ihnen zugeflossene Rentennachzahlungen geh\u00f6ren ebenfalls in den Betrag in Zeile 15.<\/p>\n<p><strong>Zeilen 16 bis 19 \u2013 Angaben zwecks Ermittlung des Ertragsanteils<\/strong><\/p>\n<p>Die Angaben in den Zeile 16 bis 19 entscheiden dar\u00fcber, welcher Ertragsteil der Rente steuerpflichtig ist.<\/p>\n<p>Wenn es sich um eine Leibrente auf Lebenszeit handelt, so geben Sie in Zeile 16 den Beginn der Rente an. In Zeile 18 tragen Sie ein, mit wessen Tod die Rente erlischt.<\/p>\n<p>Bei H\u00f6chstzeitrenten tragen Sie in Zeile 19 an, wann die Rente voraussichtlich enden wird (beispielsweise Anfang des Pensionsalters bei Berufsunf\u00e4higkeitsrenten) und ob anschlie\u00dfend eine Umwandlung in eine andere Art von Rente stattfinden wird.<\/p>\n<p><strong>Zeile 20 \u2013 Rentennachzahlung<\/strong><\/p>\n<p>Rentennachzahlungen f\u00fcr mindestens 2 Vorjahre m\u00fcssen nicht nur in Zeile 15 miteingerechnet werden, sondern werden auch in Zeile 20 noch einmal separat aufgef\u00fchrt.<\/p>\n<p>Das Finanzamt \u00fcberpr\u00fcft, ob eine erm\u00e4\u00dfigte Besteuerung nach der F\u00fcnftel-Regelung m\u00f6glich ist.<\/p>\n<h3>Seite 1 (Zeile 21) \u2013 Steuerstundungsmodelle<\/h3>\n<p>Wenn Sie Eink\u00fcnfte aus Gesellschaften, Gemeinschaften oder \u00e4hnlichen Modellen im Sinne des \u00a7 15 EStG erhalten haben, so geben Sie diese in Zeile 21 an.<\/p>\n<p>Beachten Sie, dass hier eine gesonderte Aufstellung verlangt wird, die Sie Ihrer Anlage R beif\u00fcgen.<\/p>\n<h3>Seite 2 (Zeilen 31 bis 51) \u2013 Leistungen aus Altersvorsorgevertr\u00e4gen und aus der betrieblichen Altersvorsorge<\/h3>\n<p><strong>Zeilen 31 bis 45 \u2013 Riester-Renten und VBL\/ZVK-Renten<\/strong><\/p>\n<p>Hier sind Angaben zu machen, wenn bei Ihnen mindestens einer der folgenden F\u00e4lle vorliegt:<\/p>\n<ul>\n<li>Sie haben eine Rente aus einem <em>Altersvorsorgevertrag (\u201eRiester-Rente\u201c)<\/em> bezogen.<\/li>\n<li>Sie haben eine Rente aus <em>betrieblicher Altersversorgung<\/em> bezogen, jedoch nicht vom Arbeitgeber selbst gezahlte Betriebsrenten, die in der Anlage N zu erfassen sind.<\/li>\n<li>Sie haben Renten aus dem <em>umlagefinanzierten Teil einer Zusatzversorgung<\/em> bezogen, beispielsweise eine VBL- oder ZVK-Rente.<\/li>\n<\/ul>\n<p>Die richtige Zeile f\u00fcr Ihre Eintragung entnehmen Sie hier am besten der Rentenbezugsmitteilung Ihres Anlageinstituts.<\/p>\n<p>Bei staatlicher F\u00f6rderung der eingezahlten Riester-Beitr\u00e4ge mit Altersvorsorgezulage oder erh\u00f6hten Sonderausgabenabzug, muss der entsprechende Anteil der Rente voll versteuert werden.<\/p>\n<p><strong>Zeilen 46 bis 50 \u2013 Wohn-Riester<\/strong><\/p>\n<p>Den Zeilen 46 bis 50 m\u00fcssen Sie Beachtung schenken, wenn Sie eine zu eigenen Wohnzwecken genutzt Wohnung finanziert haben und dabei f\u00fcr das angesparte Kapital oder die Tilgung eine Altersvorsorgezulage oder einen Sonderausgabenabzug erhalten.<\/p>\n<p>In diesen F\u00e4llen m\u00fcssen Sie mit dem Beginn des Rentenalters im Rahmen der Eigenheimrente das aufgebaute Wohnf\u00f6rderkonto versteuern. Den f\u00fcr die Zeilen 46, 47 und 48 relevanten Aufl\u00f6sungsbetrag entnehmen Sie dem Bescheid der zentralen Zulagenstelle f\u00fcr Altersverm\u00f6gen.<\/p>\n<p>Auf Antrag kann das gesamte Guthaben \u2013 unter Ber\u00fccksichtigung eines Bonus (Zeile 45) auf einmal besteuert werden. Oder aber Sie entscheiden sich daf\u00fcr, j\u00e4hrlich nur einen Teil des Guthabens, ohne Bonus, daf\u00fcr aber mit einem niedrigen pers\u00f6nlichen Steuersatz (Zeile 47) zu versteuern.<\/p>\n<p>Sollte die Selbstnutzung der Wohnung entfallen oder in irgendeiner anderen Weise eine sch\u00e4dliche Verwendung vorliegen, wird der Bestand des Wohnf\u00f6rderkontos sofort und in voller H\u00f6he besteuert (Zeilen 46 und 48).<\/p>\n<p>Geben Sie au\u00dferdem in der Zeile 49 den Beginn der Auszahlungsphase an und in Zeile 50 ggf. den Zeitpunkt der Aufgabe der Selbstnutzung oder Reinvestitionsabsicht.<\/p>\n<p><strong>Zeile 51 \u2013 Nachzahlungen f\u00fcr Vorjahre<\/strong><\/p>\n<p>Bei Riester-Renten und VBL\/ZVK-Renten geben Sie f\u00fcr mindestens 2 Vorjahre erhaltene Nachzahlungen in der Zeile 51 gesondert hat. Hiermit beantragen Sie die erm\u00e4\u00dfigte Besteuerung dieser Beitr\u00e4ge nach der F\u00fcnftel-Reglung.<\/p>\n<h3>Seite 2 (Zeilen 52 bis 59) \u2013 Werbungskosten<\/h3>\n<p>Wenn Sie keine Nachweise f\u00fcr Einzelaufwendungen bringen, so ber\u00fccksichtigt das Finanzamt in jedem Fall bei allen Renten und Unterhaltsleistungen den gesetzlichen Pauschbetrag f\u00fcr Werbungskosten (Anlage SO). Dieser Betrag liegt bei 102 Euro (Stand: 2017) pro Ehegatte oder Lebenspartner mit Renteneink\u00fcnften.<\/p>\n<p>Falls in Ihrem Fall h\u00f6here Werbungskosten vorgelegen haben, k\u00f6nnen Sie diese Kosten bei den Werbungskosten in den Zeilen 52 bis 59 eintragen. Achten Sie dabei darauf, dass die Werbungskosten jeweils einer konkreten Rente zuzuordnen sind. Tragen Sie die Werbungskosten entsprechend in die richtige Zeile ein.<\/p>\n<p>Typischerweise anerkannte Aufwendungen sind beispielsweise Kosten f\u00fcr eine Rentenberatung, Rechtsstreitigkeiten in Verbindung mit Ihrer Rente oder auch Kosten f\u00fcr Steuerberatung.<\/p>\n<h4>\u00c4hnliche Beitr\u00e4ge:<\/h4>\n<ul>\n<li><a title=\"Anlage E\u00dcR \u2013 Ausf\u00fcllhilfe\" href=\"https:\/\/www.smartsteuer.de\/online\/ausfuellhilfen\/anlage-euer-ausfuellhilfe\/\" rel=\"bookmark\">Anlage E\u00dcR \u2013 Ausf\u00fcllhilfe<\/a><\/li>\n<li><a title=\"Anlage N (Eink\u00fcnfte aus nichtselbstst\u00e4ndiger Arbeit) \u2013 Ausf\u00fcllhilfe\" href=\"https:\/\/www.smartsteuer.de\/online\/ausfuellhilfen\/anlage-n-ausfuellhilfe\/\" rel=\"bookmark\">Anlage N (Eink\u00fcnfte aus nichtselbstst\u00e4ndiger Arbeit) \u2013 Ausf\u00fcllhilfe<\/a> (<\/li>\n<li><a title=\"Anlage V (Eink\u00fcnfte aus Vermietung und Verpachtung) \u2013 Ausf\u00fcllhilfe\" href=\"https:\/\/www.smartsteuer.de\/online\/ausfuellhilfen\/anlage-v-ausfuellhilfe\/\" rel=\"bookmark\">Anlage V (Eink\u00fcnfte aus Vermietung und Verpachtung) \u2013 Ausf\u00fcllhilfe<\/a><\/li>\n<li><a title=\"Hauptvordruck der Einkommensteuererkl\u00e4rung (ESt 1 A) \u2013 Ausf\u00fcllhilfe\" href=\"https:\/\/www.smartsteuer.de\/online\/ausfuellhilfen\/hauptvordruck-steuererklaerung-ausfuellhilfe\/\" rel=\"bookmark\">Hauptvordruck der Einkommensteuererkl\u00e4rung (ESt 1 A) \u2013 Ausf\u00fcllhilfe<\/a><\/li>\n<\/ul>\n<p>&nbsp;<\/p>\n","protected":false},"excerpt":{"rendered":"<p>Auf dieser Seite zeigen wir Ihnen, wie Sie die Anlage R (Renten) richtig ausf\u00fcllen, wann Sie die Anlage R ausf\u00fcllen m\u00fcssen und was Sie dabei unbedingt beachten sollten. Im Folgenden wird diesen Themen Beachtung geschenkt: Wer muss die Anlage R ausf\u00fcllen? Die Anlage R ist auszuf\u00fcllen, wenn Sie im Veranlagungsjahr mindestens eine Rente bezogen haben. [&hellip;]<\/p>\n","protected":false},"author":47,"featured_media":0,"parent":83992,"menu_order":0,"comment_status":"closed","ping_status":"closed","template":"","meta":{"_acf_changed":false,"footnotes":""},"class_list":["post-83833","page","type-page","status-publish","hentry"],"acf":[],"yoast_head":"<!-- This site is optimized with the Yoast SEO Premium plugin v27.5 (Yoast SEO v27.5) - https:\/\/yoast.com\/product\/yoast-seo-premium-wordpress\/ -->\n<title>Anlage R (Renten) \u2013 Ausf\u00fcllhilfe<\/title>\n<meta name=\"description\" content=\"Anlage R (Renten) \u2013 Ausf\u00fcllhilfe f\u00fcr Formulare\ud83d\udca1 Hinweise und Tipps f\u00fcr Dich leicht erkl\u00e4rt!\" \/>\n<meta name=\"robots\" content=\"index, follow, max-snippet:-1, max-image-preview:large, max-video-preview:-1\" \/>\n<link rel=\"canonical\" href=\"https:\/\/www.smartsteuer.de\/online\/ausfuellhilfen\/anlage-r-ausfuellhilfe\/\" \/>\n<meta property=\"og:locale\" content=\"de_DE\" \/>\n<meta property=\"og:type\" content=\"article\" \/>\n<meta property=\"og:title\" content=\"Anlage R (Renten) \u2013 Ausf\u00fcllhilfe\" \/>\n<meta property=\"og:description\" content=\"Anlage R (Renten) \u2013 Ausf\u00fcllhilfe f\u00fcr Formulare\ud83d\udca1 Hinweise und Tipps f\u00fcr Dich leicht erkl\u00e4rt!\" \/>\n<meta property=\"og:url\" content=\"https:\/\/www.smartsteuer.de\/online\/ausfuellhilfen\/anlage-r-ausfuellhilfe\/\" \/>\n<meta property=\"og:site_name\" content=\"smartsteuer\" \/>\n<meta property=\"article:publisher\" content=\"https:\/\/de-de.facebook.com\/smartsteuer\/\" \/>\n<meta property=\"article:modified_time\" content=\"2025-11-19T07:37:05+00:00\" \/>\n<meta name=\"twitter:card\" content=\"summary_large_image\" \/>\n<meta name=\"twitter:site\" content=\"@smartsteuer\" \/>\n<meta name=\"twitter:label1\" content=\"Gesch\u00e4tzte Lesezeit\" \/>\n\t<meta name=\"twitter:data1\" content=\"10\u00a0Minuten\" \/>\n<script type=\"application\/ld+json\" class=\"yoast-schema-graph\">{\"@context\":\"https:\\\/\\\/schema.org\",\"@graph\":[{\"@type\":\"WebPage\",\"@id\":\"https:\\\/\\\/www.smartsteuer.de\\\/online\\\/ausfuellhilfen\\\/anlage-r-ausfuellhilfe\\\/\",\"url\":\"https:\\\/\\\/www.smartsteuer.de\\\/online\\\/ausfuellhilfen\\\/anlage-r-ausfuellhilfe\\\/\",\"name\":\"Anlage R (Renten) \u2013 Ausf\u00fcllhilfe\",\"isPartOf\":{\"@id\":\"https:\\\/\\\/www.smartsteuer.de\\\/online\\\/#website\"},\"datePublished\":\"2025-11-03T12:12:48+00:00\",\"dateModified\":\"2025-11-19T07:37:05+00:00\",\"description\":\"Anlage R (Renten) \u2013 Ausf\u00fcllhilfe f\u00fcr Formulare\ud83d\udca1 Hinweise und Tipps f\u00fcr Dich leicht erkl\u00e4rt!\",\"breadcrumb\":{\"@id\":\"https:\\\/\\\/www.smartsteuer.de\\\/online\\\/ausfuellhilfen\\\/anlage-r-ausfuellhilfe\\\/#breadcrumb\"},\"inLanguage\":\"de\",\"potentialAction\":[{\"@type\":\"ReadAction\",\"target\":[\"https:\\\/\\\/www.smartsteuer.de\\\/online\\\/ausfuellhilfen\\\/anlage-r-ausfuellhilfe\\\/\"]}]},{\"@type\":\"BreadcrumbList\",\"@id\":\"https:\\\/\\\/www.smartsteuer.de\\\/online\\\/ausfuellhilfen\\\/anlage-r-ausfuellhilfe\\\/#breadcrumb\",\"itemListElement\":[{\"@type\":\"ListItem\",\"position\":1,\"name\":\"Home\",\"item\":\"https:\\\/\\\/www.smartsteuer.de\\\/online\\\/\"},{\"@type\":\"ListItem\",\"position\":2,\"name\":\"ausfuellhilfen\",\"item\":\"https:\\\/\\\/www.smartsteuer.de\\\/online\\\/ausfuellhilfen\\\/\"},{\"@type\":\"ListItem\",\"position\":3,\"name\":\"Anlage R (Renten) \u2013 Ausf\u00fcllhilfe\"}]},{\"@type\":\"WebSite\",\"@id\":\"https:\\\/\\\/www.smartsteuer.de\\\/online\\\/#website\",\"url\":\"https:\\\/\\\/www.smartsteuer.de\\\/online\\\/\",\"name\":\"smartsteuer\",\"description\":\"Steuererkl\u00e4rung 2024 online machen &amp; Steuern sparen\",\"publisher\":{\"@id\":\"https:\\\/\\\/www.smartsteuer.de\\\/online\\\/#organization\"},\"potentialAction\":[{\"@type\":\"SearchAction\",\"target\":{\"@type\":\"EntryPoint\",\"urlTemplate\":\"https:\\\/\\\/www.smartsteuer.de\\\/online\\\/?s={search_term_string}\"},\"query-input\":{\"@type\":\"PropertyValueSpecification\",\"valueRequired\":true,\"valueName\":\"search_term_string\"}}],\"inLanguage\":\"de\"},{\"@type\":\"Organization\",\"@id\":\"https:\\\/\\\/www.smartsteuer.de\\\/online\\\/#organization\",\"name\":\"smartsteuer GmbH\",\"url\":\"https:\\\/\\\/www.smartsteuer.de\\\/online\\\/\",\"logo\":{\"@type\":\"ImageObject\",\"inLanguage\":\"de\",\"@id\":\"https:\\\/\\\/www.smartsteuer.de\\\/online\\\/#\\\/schema\\\/logo\\\/image\\\/\",\"url\":\"https:\\\/\\\/www.smartsteuer.de\\\/online\\\/wp-content\\\/uploads\\\/2024\\\/11\\\/Favicon-smartsteuer.png\",\"contentUrl\":\"https:\\\/\\\/www.smartsteuer.de\\\/online\\\/wp-content\\\/uploads\\\/2024\\\/11\\\/Favicon-smartsteuer.png\",\"width\":512,\"height\":512,\"caption\":\"smartsteuer GmbH\"},\"image\":{\"@id\":\"https:\\\/\\\/www.smartsteuer.de\\\/online\\\/#\\\/schema\\\/logo\\\/image\\\/\"},\"sameAs\":[\"https:\\\/\\\/de-de.facebook.com\\\/smartsteuer\\\/\",\"https:\\\/\\\/x.com\\\/smartsteuer\",\"https:\\\/\\\/www.youtube.com\\\/channel\\\/UCu02GkFNrMRzwysT2SEmNrQ\"]}]}<\/script>\n<!-- \/ Yoast SEO Premium plugin. -->","yoast_head_json":{"title":"Anlage R (Renten) \u2013 Ausf\u00fcllhilfe","description":"Anlage R (Renten) \u2013 Ausf\u00fcllhilfe f\u00fcr Formulare\ud83d\udca1 Hinweise und Tipps f\u00fcr Dich leicht erkl\u00e4rt!","robots":{"index":"index","follow":"follow","max-snippet":"max-snippet:-1","max-image-preview":"max-image-preview:large","max-video-preview":"max-video-preview:-1"},"canonical":"https:\/\/www.smartsteuer.de\/online\/ausfuellhilfen\/anlage-r-ausfuellhilfe\/","og_locale":"de_DE","og_type":"article","og_title":"Anlage R (Renten) \u2013 Ausf\u00fcllhilfe","og_description":"Anlage R (Renten) \u2013 Ausf\u00fcllhilfe f\u00fcr Formulare\ud83d\udca1 Hinweise und Tipps f\u00fcr Dich leicht erkl\u00e4rt!","og_url":"https:\/\/www.smartsteuer.de\/online\/ausfuellhilfen\/anlage-r-ausfuellhilfe\/","og_site_name":"smartsteuer","article_publisher":"https:\/\/de-de.facebook.com\/smartsteuer\/","article_modified_time":"2025-11-19T07:37:05+00:00","twitter_card":"summary_large_image","twitter_site":"@smartsteuer","twitter_misc":{"Gesch\u00e4tzte Lesezeit":"10\u00a0Minuten"},"schema":{"@context":"https:\/\/schema.org","@graph":[{"@type":"WebPage","@id":"https:\/\/www.smartsteuer.de\/online\/ausfuellhilfen\/anlage-r-ausfuellhilfe\/","url":"https:\/\/www.smartsteuer.de\/online\/ausfuellhilfen\/anlage-r-ausfuellhilfe\/","name":"Anlage R (Renten) \u2013 Ausf\u00fcllhilfe","isPartOf":{"@id":"https:\/\/www.smartsteuer.de\/online\/#website"},"datePublished":"2025-11-03T12:12:48+00:00","dateModified":"2025-11-19T07:37:05+00:00","description":"Anlage R (Renten) \u2013 Ausf\u00fcllhilfe f\u00fcr Formulare\ud83d\udca1 Hinweise und Tipps f\u00fcr Dich leicht erkl\u00e4rt!","breadcrumb":{"@id":"https:\/\/www.smartsteuer.de\/online\/ausfuellhilfen\/anlage-r-ausfuellhilfe\/#breadcrumb"},"inLanguage":"de","potentialAction":[{"@type":"ReadAction","target":["https:\/\/www.smartsteuer.de\/online\/ausfuellhilfen\/anlage-r-ausfuellhilfe\/"]}]},{"@type":"BreadcrumbList","@id":"https:\/\/www.smartsteuer.de\/online\/ausfuellhilfen\/anlage-r-ausfuellhilfe\/#breadcrumb","itemListElement":[{"@type":"ListItem","position":1,"name":"Home","item":"https:\/\/www.smartsteuer.de\/online\/"},{"@type":"ListItem","position":2,"name":"ausfuellhilfen","item":"https:\/\/www.smartsteuer.de\/online\/ausfuellhilfen\/"},{"@type":"ListItem","position":3,"name":"Anlage R (Renten) \u2013 Ausf\u00fcllhilfe"}]},{"@type":"WebSite","@id":"https:\/\/www.smartsteuer.de\/online\/#website","url":"https:\/\/www.smartsteuer.de\/online\/","name":"smartsteuer","description":"Steuererkl\u00e4rung 2024 online machen &amp; Steuern sparen","publisher":{"@id":"https:\/\/www.smartsteuer.de\/online\/#organization"},"potentialAction":[{"@type":"SearchAction","target":{"@type":"EntryPoint","urlTemplate":"https:\/\/www.smartsteuer.de\/online\/?s={search_term_string}"},"query-input":{"@type":"PropertyValueSpecification","valueRequired":true,"valueName":"search_term_string"}}],"inLanguage":"de"},{"@type":"Organization","@id":"https:\/\/www.smartsteuer.de\/online\/#organization","name":"smartsteuer GmbH","url":"https:\/\/www.smartsteuer.de\/online\/","logo":{"@type":"ImageObject","inLanguage":"de","@id":"https:\/\/www.smartsteuer.de\/online\/#\/schema\/logo\/image\/","url":"https:\/\/www.smartsteuer.de\/online\/wp-content\/uploads\/2024\/11\/Favicon-smartsteuer.png","contentUrl":"https:\/\/www.smartsteuer.de\/online\/wp-content\/uploads\/2024\/11\/Favicon-smartsteuer.png","width":512,"height":512,"caption":"smartsteuer GmbH"},"image":{"@id":"https:\/\/www.smartsteuer.de\/online\/#\/schema\/logo\/image\/"},"sameAs":["https:\/\/de-de.facebook.com\/smartsteuer\/","https:\/\/x.com\/smartsteuer","https:\/\/www.youtube.com\/channel\/UCu02GkFNrMRzwysT2SEmNrQ"]}]}},"_links":{"self":[{"href":"https:\/\/www.smartsteuer.de\/online\/wp-json\/wp\/v2\/pages\/83833","targetHints":{"allow":["GET"]}}],"collection":[{"href":"https:\/\/www.smartsteuer.de\/online\/wp-json\/wp\/v2\/pages"}],"about":[{"href":"https:\/\/www.smartsteuer.de\/online\/wp-json\/wp\/v2\/types\/page"}],"author":[{"embeddable":true,"href":"https:\/\/www.smartsteuer.de\/online\/wp-json\/wp\/v2\/users\/47"}],"replies":[{"embeddable":true,"href":"https:\/\/www.smartsteuer.de\/online\/wp-json\/wp\/v2\/comments?post=83833"}],"version-history":[{"count":4,"href":"https:\/\/www.smartsteuer.de\/online\/wp-json\/wp\/v2\/pages\/83833\/revisions"}],"predecessor-version":[{"id":84521,"href":"https:\/\/www.smartsteuer.de\/online\/wp-json\/wp\/v2\/pages\/83833\/revisions\/84521"}],"up":[{"embeddable":true,"href":"https:\/\/www.smartsteuer.de\/online\/wp-json\/wp\/v2\/pages\/83992"}],"wp:attachment":[{"href":"https:\/\/www.smartsteuer.de\/online\/wp-json\/wp\/v2\/media?parent=83833"}],"curies":[{"name":"wp","href":"https:\/\/api.w.org\/{rel}","templated":true}]}}