{"id":83860,"date":"2025-11-03T14:03:03","date_gmt":"2025-11-03T12:03:03","guid":{"rendered":"https:\/\/www.smartsteuer.de\/online\/?page_id=83860"},"modified":"2025-11-19T09:42:19","modified_gmt":"2025-11-19T07:42:19","slug":"anlage-so-ausfuellhilfe","status":"publish","type":"page","link":"https:\/\/www.smartsteuer.de\/online\/ausfuellhilfen\/anlage-so-ausfuellhilfe\/","title":{"rendered":"Anlage SO \u2013 Ausf\u00fcllhilfe"},"content":{"rendered":"<div class=\"lb-inline-tipp p-4 my-4 my-sm-5\">\n\t<div class=\"lb-inline-tipp-title\">\n\t\t<i class=\"fa-solid fa-lightbulb\" aria-hidden=\"true\"><\/i>Hinweis:\n\t<\/div>\n\t<div class=\"lb-inline-tipp-content\">\n\t\tAlle Steuererkl\u00e4rungen m\u00fcssen ab 01.01.2025 digital eingereicht werden. Ausnahmen gelten f\u00fcr Rentner und Angestellte, die keine weiteren steuerpflichtigen Einnahmen neben Lohn oder Rente haben\n\t<\/div>\n<\/div>\t       \n<p>Die Anlage SO (\u201eSonstige Eink\u00fcnfte\u201c) der Einkommensteuer m\u00fcssen Sie ausf\u00fcllen, wenn Sie Unterhaltszahlungen von einem geschiedenen oder dauerhaft getrenntlebenden Ehegatten oder Lebenspartner erhalten haben oder Sie sonstige Eink\u00fcnfte, beispielsweise aus gelegentlichen Ver\u00e4u\u00dferungsgesch\u00e4ften oder dem Verkauf von privaten Wirtschaftsg\u00fctern erzielt haben, die nur kurzzeitig in Ihrem Besitz waren.<\/p>\n<p>Im Folgenden zeigen wir Ihnen, wie Sie die Anlage SO richtig ausf\u00fcllen. Beachten Sie, dass Ver\u00e4u\u00dferungserl\u00f6se aus dem Verkauf von Wertpapieren in der Anlage KAP anzugeben sind, nicht in der Anlage SO.<\/p>\n\n<h2>Ausf\u00fcllhilfe zur Anlage SO<\/h2>\n<h3>\u00dcberblick der Formularinhalte der Anlage SO<\/h3>\n<table class=\"table\">\n<tbody>\n<tr>\n<td><strong>Seite 1<\/strong><\/td>\n<td><strong>Zeilen 4 bis 6 \u2013 Wiederkehrende Bez\u00fcge und Unterhaltsleistungen<\/strong><\/p>\n<p>Diese Zeile beziehen sich vorrangig auf Personen, die vom geschiedenen oder dauernd getrennt lebenden Ehegatten Unterhaltsleistungen erhalten haben.<\/p>\n<p><strong>Zeilen 7 bis 13 \u2013 Leistungen<\/strong><\/p>\n<p>Wenn Sie Eink\u00fcnfte aus gelegentlichen Gesch\u00e4ften, beispielsweise der Vermittlung von Kauf- und Tauschgesch\u00e4ften oder aus Fahrgemeinschaften erzielt haben, sind die Angaben in diesen Zeilen zu machen.<\/p>\n<p>Eine Besteuerung erfolgt erst, wenn die Freigrenze von 255 Euro (Stand: 2017) \u00fcberschritten wird.<\/p>\n<p>Auch Verluste k\u00f6nnen steuerlich ber\u00fccksichtigt werden.<\/p>\n<p><strong>Zeilen 14 bis 22 \u2013 Abgeordnetenbez\u00fcge<\/strong><\/td>\n<\/tr>\n<tr>\n<td><strong>Seite 2<\/strong><\/td>\n<td><strong>Zeilen 31 bis 51 \u2013 Private Ver\u00e4u\u00dferungsgesch\u00e4fte<\/strong><\/p>\n<p>Hier sind Verk\u00e4ufe von privaten Wirtschaftsg\u00fctern zu erfassen, wenn diese sich nur kurze Zeit in Ihrem Besitz befunden haben und der j\u00e4hrliche Gewinn aus diesen Verk\u00e4ufen bei mehr als 599 Euro pro Jahr lag.<\/p>\n<p>Relevant sind hier beispielsweise Grundst\u00fccke, Schmuck und Kunstgegenst\u00e4nde.<\/p>\n<p>Auch Verluste k\u00f6nnen steuerlich ber\u00fccksichtigt werden.<\/td>\n<\/tr>\n<\/tbody>\n<\/table>\n<h3>Seite 1 \u2013 Wiederkehrende Bez\u00fcge, Unterhaltsleistungen, Leistungen, Abgeordnetenbez\u00fcge<\/h3>\n<p><strong>Zeilen 4 bis 6 \u2013 Wiederkehrende Bez\u00fcge<\/strong><\/p>\n<p>In Zeile 4 tragen Sie die wesentlichen Versorgungsleistungen aufgrund von Verm\u00f6gens\u00fcbertragungen ein. Auch Altenleistungen in der Land- und Forstwirtschaft sind hier einzutragen. Ferner kommen in die Zeile 4 auch Leistungen eines schuldrechtlichen Versorgungsausgleichs, insofern relevant.<\/p>\n<p>Zeile 5 bezieht sich hingegen auf Unterhaltszahlungen und Kranken- sowie Pflegeversicherungsbeitr\u00e4ge, welche vom geschiedenen oder dauerhaft getrenntlebenden Ehepartner bezogen werden.<\/p>\n<p><strong>Zeilen 7 bis 13 \u2013 Werbungskosten und Leistungen<\/strong><\/p>\n<p>Sonstige Einnahmen, die unter sonstige Eink\u00fcnfte fallen geh\u00f6ren in die Zeilen 7 bis 10. Hierzu z\u00e4hlen unter anderem Eink\u00fcnfte aus:<\/p>\n<ul>\n<li>Gelegentlicher Vermittlung von Kauf- und Tauschgesch\u00e4ften<\/li>\n<li>Gelegentliche Vermietung beweglicher Gegenst\u00e4nde (Kraftfahrzeuge, Boote, Maschinen, Haushaltsinventar, \u2026)<\/li>\n<li>Fahrtgeldern (beispielsweise bei Fahrgemeinschaften)<\/li>\n<\/ul>\n<p>Analog tragen Sie in Zeile 11 abzugsf\u00e4hige Werbekosten ein. Zu diesen z\u00e4hlen unter anderem:<\/p>\n<ul>\n<li>Kosten f\u00fcr Zeitungsanzeigen und andere Werbung<\/li>\n<li>Fahrtkosten<\/li>\n<li>Abschreibungen<\/li>\n<\/ul>\n<p>Sollten die dadurch letztlich in Zeile 12 ermittelten Einnahmen geringer sein als 255 Euro, sind keinerlei Steuern zu bezahlen. Sollten Sie jedoch oberhalb dieser Grenze liegen, dann sind die Eink\u00fcnfte in vollem Umfang zu versteuern.<\/p>\n<p><strong>Hinweis:<\/strong> Sollten Sie bei dieser Art von Gesch\u00e4ften Verluste gemacht haben, dann k\u00f6nnen diese nur mit Gewinnen im selben Jahr, im Vorjahr oder in darauffolgenden Jahren verrechnet werden. Man spricht dann von Verlustr\u00fccktrag bzw. Verlustvortrag.<\/p>\n<p><strong>Zeilen 14 bis 22 \u2013 Abgeordnetenbez\u00fcge<\/strong><\/p>\n<p>Die Zeilen 14 bis 22 beziehen sich auf Abgeordnetenbez\u00fcge. In Zeile 14 tragen Sie die steuerpflichtigen Einnahmen ohne Verg\u00fctung f\u00fcr mehrere Jahre ein und erg\u00e4nzen diese in Zeile 15 durch die enthaltenen Versorgungsbez\u00fcge.<\/p>\n<p>Nicht enthaltene Versorgungsbez\u00fcge kommen hingegen in Zeile 20 und werden in Zeile 21 noch genauer aufgeschl\u00fcsselt.<\/p>\n<h3>Seite 2 \u2013 Private Ver\u00e4u\u00dferungsgesch\u00e4fte<\/h3>\n<p><strong>Zeilen 31 bis 40 \u2013 Grundst\u00fccke und grundst\u00fccksgleiche Rechte (z.B. Erbbaurecht)<\/strong><\/p>\n<p>Relevant sind hier Grundst\u00fccke, welche innerhalb der letzten 10 Jahren durch Sie angeschafft oder ver\u00e4u\u00dfert wurden. Ma\u00dfgeblich ist hierbei das Datum der Kaufvertr\u00e4ge. Auch geerbte oder geschenkte Grundst\u00fccke m\u00fcssen angegeben werden.<\/p>\n<p>Wenn Sie das Grundst\u00fcck entweder bis zur Ver\u00e4u\u00dferung oder im Jahr der Ver\u00e4u\u00dferung und in den beiden zur\u00fcckliegenden Jahren ausschlie\u00dflich selbst genutzt haben, dann besteht keine Steuerpflicht. Diese Regelung gilt jedoch ausdr\u00fccklich nicht, wenn sich im Haus beispielsweise ein Arbeitszimmer befunden hat oder ein Teil des Geb\u00e4udes vermietet wurde. In diesen F\u00e4llen besteht eine anteilige Steuerpflicht, genau wie auch beim Verkauf von zuvor vermieteten Immobilien.<\/p>\n<p>Falls Steuerpflicht besteht, machen Sie die Angaben in den Zeilen 34 bis 40. Bei gemischt genutzten Geb\u00e4uden sind nur Angaben f\u00fcr die steuerlich relevanten Geb\u00e4udeteile n\u00f6tig.<\/p>\n<p><strong>Zeilen 45 bis 56 \u2013 Sonstige Zeilen<\/strong><\/p>\n<p>Sollten Ihre Privatentnahmen gr\u00f6\u00dfer sein als der Betriebsgewinn und die Privateinlagen, k\u00f6nnen betriebliche Schuldzinsen ggf. nicht in voller H\u00f6he abgezogen werden. Zur Pr\u00fcfung ben\u00f6tigt das Finanzamt die Summe aller Entnahmen und Einlagen. Relevant sind hierf\u00fcr die Zeilen 47 und 48.<\/p>\n<p>Die Zeilen 50 bis 55 befassen sich mit Eink\u00fcnften aus der gewerblichen Eink\u00fcnfte sowie mit gewerblichen Termingesch\u00e4ften und Verlusten aus Beteiligungen und sind auch nur in diesen F\u00e4llen f\u00fcr Ihre Einkommensteuererkl\u00e4rung relevant.<\/p>\n<h4>\u00c4hnliche Beitr\u00e4ge:<\/h4>\n<ul>\n<li><a title=\"Anlage E\u00dcR \u2013 Ausf\u00fcllhilfe\" href=\"https:\/\/www.smartsteuer.de\/online\/ausfuellhilfen\/anlage-euer-ausfuellhilfe\/\" rel=\"bookmark\">Anlage E\u00dcR \u2013 Ausf\u00fcllhilfe<\/a><\/li>\n<li><a title=\"Anlage N (Eink\u00fcnfte aus nichtselbstst\u00e4ndiger Arbeit) \u2013 Ausf\u00fcllhilfe\" href=\"https:\/\/www.smartsteuer.de\/online\/ausfuellhilfen\/anlage-n-ausfuellhilfe\/\" rel=\"bookmark\">Anlage N (Eink\u00fcnfte aus nichtselbstst\u00e4ndiger Arbeit) \u2013 Ausf\u00fcllhilfe<\/a><\/li>\n<li><a title=\"Anlage V (Eink\u00fcnfte aus Vermietung und Verpachtung) \u2013 Ausf\u00fcllhilfe\" href=\"https:\/\/www.smartsteuer.de\/online\/ausfuellhilfen\/anlage-v-ausfuellhilfe\/\" rel=\"bookmark\">Anlage V (Eink\u00fcnfte aus Vermietung und Verpachtung) \u2013 Ausf\u00fcllhilfe<\/a><\/li>\n<li><a title=\"Hauptvordruck der Einkommensteuererkl\u00e4rung (ESt 1 A) \u2013 Ausf\u00fcllhilfe\" href=\"https:\/\/www.smartsteuer.de\/online\/ausfuellhilfen\/hauptvordruck-steuererklaerung-ausfuellhilfe\/\" rel=\"bookmark\">Hauptvordruck der Einkommensteuererkl\u00e4rung (ESt 1 A) \u2013 Ausf\u00fcllhilfe<\/a><\/li>\n<\/ul>\n","protected":false},"excerpt":{"rendered":"<p>Die Anlage SO (\u201eSonstige Eink\u00fcnfte\u201c) der Einkommensteuer m\u00fcssen Sie ausf\u00fcllen, wenn Sie Unterhaltszahlungen von einem geschiedenen oder dauerhaft getrenntlebenden Ehegatten oder Lebenspartner erhalten haben oder Sie sonstige Eink\u00fcnfte, beispielsweise aus gelegentlichen Ver\u00e4u\u00dferungsgesch\u00e4ften oder dem Verkauf von privaten Wirtschaftsg\u00fctern erzielt haben, die nur kurzzeitig in Ihrem Besitz waren. Im Folgenden zeigen wir Ihnen, wie Sie die [&hellip;]<\/p>\n","protected":false},"author":47,"featured_media":0,"parent":83992,"menu_order":0,"comment_status":"closed","ping_status":"closed","template":"","meta":{"_acf_changed":false,"footnotes":""},"class_list":["post-83860","page","type-page","status-publish","hentry"],"acf":[],"yoast_head":"<!-- This site is optimized with the Yoast SEO Premium plugin v27.5 (Yoast SEO v27.5) - https:\/\/yoast.com\/product\/yoast-seo-premium-wordpress\/ -->\n<title>Anlage SO \u2013 Ausf\u00fcllhilfe - Sonstige Eink\u00fcnfte<\/title>\n<meta name=\"description\" content=\"Anlage SO (Sonstige Eink\u00fcnfte) - Ausf\u00fcllhilfe f\u00fcr Formulare\ud83d\udca1 Hinweise und Tipps f\u00fcr Dich leicht erkl\u00e4rt!\" \/>\n<meta name=\"robots\" content=\"index, follow, max-snippet:-1, max-image-preview:large, max-video-preview:-1\" \/>\n<link rel=\"canonical\" href=\"https:\/\/www.smartsteuer.de\/online\/ausfuellhilfen\/anlage-so-ausfuellhilfe\/\" \/>\n<meta property=\"og:locale\" content=\"de_DE\" \/>\n<meta property=\"og:type\" content=\"article\" \/>\n<meta property=\"og:title\" content=\"Anlage SO \u2013 Ausf\u00fcllhilfe\" \/>\n<meta property=\"og:description\" content=\"Anlage SO (Sonstige Eink\u00fcnfte) - Ausf\u00fcllhilfe f\u00fcr Formulare\ud83d\udca1 Hinweise und Tipps f\u00fcr Dich leicht erkl\u00e4rt!\" \/>\n<meta property=\"og:url\" content=\"https:\/\/www.smartsteuer.de\/online\/ausfuellhilfen\/anlage-so-ausfuellhilfe\/\" \/>\n<meta property=\"og:site_name\" content=\"smartsteuer\" \/>\n<meta property=\"article:publisher\" content=\"https:\/\/de-de.facebook.com\/smartsteuer\/\" \/>\n<meta property=\"article:modified_time\" content=\"2025-11-19T07:42:19+00:00\" \/>\n<meta name=\"twitter:card\" content=\"summary_large_image\" \/>\n<meta name=\"twitter:site\" content=\"@smartsteuer\" \/>\n<meta name=\"twitter:label1\" content=\"Gesch\u00e4tzte Lesezeit\" \/>\n\t<meta name=\"twitter:data1\" content=\"5\u00a0Minuten\" \/>\n<script type=\"application\/ld+json\" class=\"yoast-schema-graph\">{\"@context\":\"https:\\\/\\\/schema.org\",\"@graph\":[{\"@type\":\"WebPage\",\"@id\":\"https:\\\/\\\/www.smartsteuer.de\\\/online\\\/ausfuellhilfen\\\/anlage-so-ausfuellhilfe\\\/\",\"url\":\"https:\\\/\\\/www.smartsteuer.de\\\/online\\\/ausfuellhilfen\\\/anlage-so-ausfuellhilfe\\\/\",\"name\":\"Anlage SO \u2013 Ausf\u00fcllhilfe - Sonstige Eink\u00fcnfte\",\"isPartOf\":{\"@id\":\"https:\\\/\\\/www.smartsteuer.de\\\/online\\\/#website\"},\"datePublished\":\"2025-11-03T12:03:03+00:00\",\"dateModified\":\"2025-11-19T07:42:19+00:00\",\"description\":\"Anlage SO (Sonstige Eink\u00fcnfte) - Ausf\u00fcllhilfe f\u00fcr Formulare\ud83d\udca1 Hinweise und Tipps f\u00fcr Dich leicht erkl\u00e4rt!\",\"breadcrumb\":{\"@id\":\"https:\\\/\\\/www.smartsteuer.de\\\/online\\\/ausfuellhilfen\\\/anlage-so-ausfuellhilfe\\\/#breadcrumb\"},\"inLanguage\":\"de\",\"potentialAction\":[{\"@type\":\"ReadAction\",\"target\":[\"https:\\\/\\\/www.smartsteuer.de\\\/online\\\/ausfuellhilfen\\\/anlage-so-ausfuellhilfe\\\/\"]}]},{\"@type\":\"BreadcrumbList\",\"@id\":\"https:\\\/\\\/www.smartsteuer.de\\\/online\\\/ausfuellhilfen\\\/anlage-so-ausfuellhilfe\\\/#breadcrumb\",\"itemListElement\":[{\"@type\":\"ListItem\",\"position\":1,\"name\":\"Home\",\"item\":\"https:\\\/\\\/www.smartsteuer.de\\\/online\\\/\"},{\"@type\":\"ListItem\",\"position\":2,\"name\":\"ausfuellhilfen\",\"item\":\"https:\\\/\\\/www.smartsteuer.de\\\/online\\\/ausfuellhilfen\\\/\"},{\"@type\":\"ListItem\",\"position\":3,\"name\":\"Anlage SO \u2013 Ausf\u00fcllhilfe\"}]},{\"@type\":\"WebSite\",\"@id\":\"https:\\\/\\\/www.smartsteuer.de\\\/online\\\/#website\",\"url\":\"https:\\\/\\\/www.smartsteuer.de\\\/online\\\/\",\"name\":\"smartsteuer\",\"description\":\"Steuererkl\u00e4rung 2024 online machen &amp; Steuern sparen\",\"publisher\":{\"@id\":\"https:\\\/\\\/www.smartsteuer.de\\\/online\\\/#organization\"},\"potentialAction\":[{\"@type\":\"SearchAction\",\"target\":{\"@type\":\"EntryPoint\",\"urlTemplate\":\"https:\\\/\\\/www.smartsteuer.de\\\/online\\\/?s={search_term_string}\"},\"query-input\":{\"@type\":\"PropertyValueSpecification\",\"valueRequired\":true,\"valueName\":\"search_term_string\"}}],\"inLanguage\":\"de\"},{\"@type\":\"Organization\",\"@id\":\"https:\\\/\\\/www.smartsteuer.de\\\/online\\\/#organization\",\"name\":\"smartsteuer GmbH\",\"url\":\"https:\\\/\\\/www.smartsteuer.de\\\/online\\\/\",\"logo\":{\"@type\":\"ImageObject\",\"inLanguage\":\"de\",\"@id\":\"https:\\\/\\\/www.smartsteuer.de\\\/online\\\/#\\\/schema\\\/logo\\\/image\\\/\",\"url\":\"https:\\\/\\\/www.smartsteuer.de\\\/online\\\/wp-content\\\/uploads\\\/2024\\\/11\\\/Favicon-smartsteuer.png\",\"contentUrl\":\"https:\\\/\\\/www.smartsteuer.de\\\/online\\\/wp-content\\\/uploads\\\/2024\\\/11\\\/Favicon-smartsteuer.png\",\"width\":512,\"height\":512,\"caption\":\"smartsteuer GmbH\"},\"image\":{\"@id\":\"https:\\\/\\\/www.smartsteuer.de\\\/online\\\/#\\\/schema\\\/logo\\\/image\\\/\"},\"sameAs\":[\"https:\\\/\\\/de-de.facebook.com\\\/smartsteuer\\\/\",\"https:\\\/\\\/x.com\\\/smartsteuer\",\"https:\\\/\\\/www.youtube.com\\\/channel\\\/UCu02GkFNrMRzwysT2SEmNrQ\"]}]}<\/script>\n<!-- \/ Yoast SEO Premium plugin. -->","yoast_head_json":{"title":"Anlage SO \u2013 Ausf\u00fcllhilfe - Sonstige Eink\u00fcnfte","description":"Anlage SO (Sonstige Eink\u00fcnfte) - Ausf\u00fcllhilfe f\u00fcr Formulare\ud83d\udca1 Hinweise und Tipps f\u00fcr Dich leicht erkl\u00e4rt!","robots":{"index":"index","follow":"follow","max-snippet":"max-snippet:-1","max-image-preview":"max-image-preview:large","max-video-preview":"max-video-preview:-1"},"canonical":"https:\/\/www.smartsteuer.de\/online\/ausfuellhilfen\/anlage-so-ausfuellhilfe\/","og_locale":"de_DE","og_type":"article","og_title":"Anlage SO \u2013 Ausf\u00fcllhilfe","og_description":"Anlage SO (Sonstige Eink\u00fcnfte) - Ausf\u00fcllhilfe f\u00fcr Formulare\ud83d\udca1 Hinweise und Tipps f\u00fcr Dich leicht erkl\u00e4rt!","og_url":"https:\/\/www.smartsteuer.de\/online\/ausfuellhilfen\/anlage-so-ausfuellhilfe\/","og_site_name":"smartsteuer","article_publisher":"https:\/\/de-de.facebook.com\/smartsteuer\/","article_modified_time":"2025-11-19T07:42:19+00:00","twitter_card":"summary_large_image","twitter_site":"@smartsteuer","twitter_misc":{"Gesch\u00e4tzte Lesezeit":"5\u00a0Minuten"},"schema":{"@context":"https:\/\/schema.org","@graph":[{"@type":"WebPage","@id":"https:\/\/www.smartsteuer.de\/online\/ausfuellhilfen\/anlage-so-ausfuellhilfe\/","url":"https:\/\/www.smartsteuer.de\/online\/ausfuellhilfen\/anlage-so-ausfuellhilfe\/","name":"Anlage SO \u2013 Ausf\u00fcllhilfe - Sonstige Eink\u00fcnfte","isPartOf":{"@id":"https:\/\/www.smartsteuer.de\/online\/#website"},"datePublished":"2025-11-03T12:03:03+00:00","dateModified":"2025-11-19T07:42:19+00:00","description":"Anlage SO (Sonstige Eink\u00fcnfte) - Ausf\u00fcllhilfe f\u00fcr Formulare\ud83d\udca1 Hinweise und Tipps f\u00fcr Dich leicht erkl\u00e4rt!","breadcrumb":{"@id":"https:\/\/www.smartsteuer.de\/online\/ausfuellhilfen\/anlage-so-ausfuellhilfe\/#breadcrumb"},"inLanguage":"de","potentialAction":[{"@type":"ReadAction","target":["https:\/\/www.smartsteuer.de\/online\/ausfuellhilfen\/anlage-so-ausfuellhilfe\/"]}]},{"@type":"BreadcrumbList","@id":"https:\/\/www.smartsteuer.de\/online\/ausfuellhilfen\/anlage-so-ausfuellhilfe\/#breadcrumb","itemListElement":[{"@type":"ListItem","position":1,"name":"Home","item":"https:\/\/www.smartsteuer.de\/online\/"},{"@type":"ListItem","position":2,"name":"ausfuellhilfen","item":"https:\/\/www.smartsteuer.de\/online\/ausfuellhilfen\/"},{"@type":"ListItem","position":3,"name":"Anlage SO \u2013 Ausf\u00fcllhilfe"}]},{"@type":"WebSite","@id":"https:\/\/www.smartsteuer.de\/online\/#website","url":"https:\/\/www.smartsteuer.de\/online\/","name":"smartsteuer","description":"Steuererkl\u00e4rung 2024 online machen &amp; Steuern sparen","publisher":{"@id":"https:\/\/www.smartsteuer.de\/online\/#organization"},"potentialAction":[{"@type":"SearchAction","target":{"@type":"EntryPoint","urlTemplate":"https:\/\/www.smartsteuer.de\/online\/?s={search_term_string}"},"query-input":{"@type":"PropertyValueSpecification","valueRequired":true,"valueName":"search_term_string"}}],"inLanguage":"de"},{"@type":"Organization","@id":"https:\/\/www.smartsteuer.de\/online\/#organization","name":"smartsteuer GmbH","url":"https:\/\/www.smartsteuer.de\/online\/","logo":{"@type":"ImageObject","inLanguage":"de","@id":"https:\/\/www.smartsteuer.de\/online\/#\/schema\/logo\/image\/","url":"https:\/\/www.smartsteuer.de\/online\/wp-content\/uploads\/2024\/11\/Favicon-smartsteuer.png","contentUrl":"https:\/\/www.smartsteuer.de\/online\/wp-content\/uploads\/2024\/11\/Favicon-smartsteuer.png","width":512,"height":512,"caption":"smartsteuer GmbH"},"image":{"@id":"https:\/\/www.smartsteuer.de\/online\/#\/schema\/logo\/image\/"},"sameAs":["https:\/\/de-de.facebook.com\/smartsteuer\/","https:\/\/x.com\/smartsteuer","https:\/\/www.youtube.com\/channel\/UCu02GkFNrMRzwysT2SEmNrQ"]}]}},"_links":{"self":[{"href":"https:\/\/www.smartsteuer.de\/online\/wp-json\/wp\/v2\/pages\/83860","targetHints":{"allow":["GET"]}}],"collection":[{"href":"https:\/\/www.smartsteuer.de\/online\/wp-json\/wp\/v2\/pages"}],"about":[{"href":"https:\/\/www.smartsteuer.de\/online\/wp-json\/wp\/v2\/types\/page"}],"author":[{"embeddable":true,"href":"https:\/\/www.smartsteuer.de\/online\/wp-json\/wp\/v2\/users\/47"}],"replies":[{"embeddable":true,"href":"https:\/\/www.smartsteuer.de\/online\/wp-json\/wp\/v2\/comments?post=83860"}],"version-history":[{"count":3,"href":"https:\/\/www.smartsteuer.de\/online\/wp-json\/wp\/v2\/pages\/83860\/revisions"}],"predecessor-version":[{"id":84533,"href":"https:\/\/www.smartsteuer.de\/online\/wp-json\/wp\/v2\/pages\/83860\/revisions\/84533"}],"up":[{"embeddable":true,"href":"https:\/\/www.smartsteuer.de\/online\/wp-json\/wp\/v2\/pages\/83992"}],"wp:attachment":[{"href":"https:\/\/www.smartsteuer.de\/online\/wp-json\/wp\/v2\/media?parent=83860"}],"curies":[{"name":"wp","href":"https:\/\/api.w.org\/{rel}","templated":true}]}}